000
CDUS43 KDLH 170632
CLIBRD


CLIMATE REPORT
NATIONAL WEATHER SERVICE DULUTH MN
131 AM CDT MON JUN 17 2019


...................................

...THE BRAINERD CLIMATE SUMMARY FOR JUNE 16 2019...

CLIMATE NORMAL PERIOD 1981 TO 2010
CLIMATE RECORD PERIOD 1899 TO 2019


WEATHER ITEM   OBSERVED TIME   RECORD YEAR NORMAL DEPARTURE LAST
                VALUE   (LST)  VALUE       VALUE  FROM      YEAR
                                                  NORMAL
..................................................................
TEMPERATURE (F)
 YESTERDAY
  MAXIMUM         74    455 PM  91    1995  77     -3       85
                                      1933
  MINIMUM         54    250 AM  37    1917  53      1       64
  AVERAGE         64                        65     -1       75

PRECIPITATION (IN)
  YESTERDAY        T             2.05 1901   0.15  -0.15     0.67
  MONTH TO DATE    0.80                      2.25  -1.45     2.19
  SINCE JUN 1      0.80                      2.25  -1.45     2.19
  SINCE JAN 1     10.63                     10.93  -0.30     8.32

SNOWFALL (IN)
  YESTERDAY        0.0           0.0  2017   0.0    0.0      0.0
                                      2016
                                      2015
  MONTH TO DATE    0.0                       0.0    0.0      0.0
  SINCE JUN 1      0.0                       0.0    0.0      0.0
  SINCE JUL 1     71.9                      46.8   25.1     73.5
  SNOW DEPTH       0

DEGREE DAYS
 HEATING
  YESTERDAY        1                         2     -1        0
  MONTH TO DATE   49                        62    -13       32
  SINCE JUN 1     49                        62    -13       32
  SINCE JUL 1   9388                      8629    759     9064

 COOLING
  YESTERDAY        0                         3     -3       10
  MONTH TO DATE   48                        31     17       28
  SINCE JUN 1     48                        31     17       28
  SINCE JAN 1     58                        52      6      115
..................................................................


WIND (MPH)
  HIGHEST WIND SPEED    13   HIGHEST WIND DIRECTION     S (190)
  HIGHEST GUST SPEED    17   HIGHEST GUST DIRECTION    SE (140)
  AVERAGE WIND SPEED     5.5


SKY COVER
  AVERAGE SKY COVER 0.8


WEATHER CONDITIONS
 THE FOLLOWING WEATHER WAS RECORDED YESTERDAY.
  LIGHT RAIN


RELATIVE HUMIDITY (PERCENT)
 HIGHEST    78          1100 PM
 LOWEST     53           500 PM
 AVERAGE    66

..........................................................


THE BRAINERD CLIMATE NORMALS FOR TODAY
                         NORMAL    RECORD    YEAR
 MAXIMUM TEMPERATURE (F)   77        96      1995
 MINIMUM TEMPERATURE (F)   53        37      2000
                                             1983
                                             1950


SUNRISE AND SUNSET
JUNE 17 2019..........SUNRISE   523 AM CDT   SUNSET   912 PM CDT
JUNE 18 2019..........SUNRISE   524 AM CDT   SUNSET   912 PM CDT


-  INDICATES NEGATIVE NUMBERS.
R  INDICATES RECORD WAS SET OR TIED.
MM INDICATES DATA IS MISSING.
T  INDICATES TRACE AMOUNT.




$$
