000
CDUS43 KDLH 190800
CLIBRD


CLIMATE REPORT
NATIONAL WEATHER SERVICE DULUTH MN
259 AM CDT FRI APR 19 2019


...................................

...THE BRAINERD CLIMATE SUMMARY FOR APRIL 18 2019...

CLIMATE NORMAL PERIOD 1981 TO 2010
CLIMATE RECORD PERIOD 1899 TO 2019


WEATHER ITEM   OBSERVED TIME   RECORD YEAR NORMAL DEPARTURE LAST
                VALUE   (LST)  VALUE       VALUE  FROM      YEAR
                                                  NORMAL
..................................................................
TEMPERATURE (F)
 YESTERDAY
  MAXIMUM         57    429 PM  84    2005  56      1       50
                                      1987
  MINIMUM         32   1154 PM  17    1926  33     -1       26
  AVERAGE         45                        45      0       38

PRECIPITATION (IN)
  YESTERDAY       MM             1.29 2017   0.08  MM        0.00
  MONTH TO DATE    1.79                      1.28   0.51     0.47
  SINCE MAR 1      3.64                      2.80   0.84     2.74
  SINCE JAN 1      5.57                      4.24   1.33     4.19

SNOWFALL (IN)
  YESTERDAY       MM             2.0  2013   0.1   MM        0.0
  MONTH TO DATE    9.4                       2.7    6.7      6.5
  SINCE MAR 1     18.7                      11.1    7.6     31.1
  SINCE JUL 1     71.9                      46.1   25.8     73.5
  SNOW DEPTH      MM

DEGREE DAYS
 HEATING
  YESTERDAY       20                        20      0       27
  MONTH TO DATE  421                       441    -20      713
  SINCE MAR 1   1697                      1555    142     1885
  SINCE JUL 1   8736                      8067    669     8626

 COOLING
  YESTERDAY        0                         0      0        0
  MONTH TO DATE    0                         0      0        0
  SINCE MAR 1      0                         0      0        0
  SINCE JAN 1      0                         0      0        0
..................................................................


WIND (MPH)
  HIGHEST WIND SPEED    18   HIGHEST WIND DIRECTION     N (340)
  HIGHEST GUST SPEED    22   HIGHEST GUST DIRECTION     N (350)
  AVERAGE WIND SPEED     7.4


SKY COVER
  AVERAGE SKY COVER 0.7


WEATHER CONDITIONS
 THE FOLLOWING WEATHER WAS RECORDED YESTERDAY.
  LIGHT RAIN


RELATIVE HUMIDITY (PERCENT)
 HIGHEST    92           100 AM
 LOWEST     38           500 PM
 AVERAGE    65

..........................................................


THE BRAINERD CLIMATE NORMALS FOR TODAY
                         NORMAL    RECORD    YEAR
 MAXIMUM TEMPERATURE (F)   57        88      1987
 MINIMUM TEMPERATURE (F)   33        15      1928


SUNRISE AND SUNSET
APRIL 19 2019.........SUNRISE   623 AM CDT   SUNSET   809 PM CDT
APRIL 20 2019.........SUNRISE   621 AM CDT   SUNSET   811 PM CDT


-  INDICATES NEGATIVE NUMBERS.
R  INDICATES RECORD WAS SET OR TIED.
MM INDICATES DATA IS MISSING.
T  INDICATES TRACE AMOUNT.




$$
