000
CDUS43 KDVN 192138
CLIBRL


CLIMATE REPORT
NATIONAL WEATHER SERVICE QUAD CITIES IA IL
436 PM CDT WED JUN 19 2019


...................................

...THE BURLINGTON IA CLIMATE SUMMARY FOR JUNE 19 2019...
VALID TODAY AS OF 0400 PM LOCAL TIME.

CLIMATE NORMAL PERIOD 1981 TO 2010
CLIMATE RECORD PERIOD 1897 TO 2019


WEATHER ITEM   OBSERVED TIME   RECORD YEAR NORMAL DEPARTURE LAST
                VALUE   (LST)  VALUE       VALUE  FROM      YEAR
                                                  NORMAL
..................................................................
TEMPERATURE (F)
 TODAY
  MAXIMUM         71    845 AM 102    1936  85    -14       89
  MINIMUM         66   1120 AM  47    1976  64      2       71
  AVERAGE         69                        74     -5       80

PRECIPITATION (IN)
  TODAY            0.59         MM      MM   0.15   0.44     0.35
  MONTH TO DATE    1.77                      2.87  -1.10     1.45
  SINCE JUN 1      1.77                      2.87  -1.10     1.45
  SINCE JAN 1     24.26                     17.13   7.13    12.19

DEGREE DAYS
 HEATING
  TODAY            0                         0      0        0
  MONTH TO DATE    4                         9     -5        0
  SINCE JUN 1      4                         9     -5        0
  SINCE JUL 1   6246                      5596    650     5937

 COOLING
  TODAY            4                        10     -6       15
  MONTH TO DATE  118                       141    -23      224
  SINCE JUN 1    118                       141    -23      224
  SINCE JAN 1    192                       244    -52      436
..................................................................


WIND (MPH)
  HIGHEST WIND SPEED    16   HIGHEST WIND DIRECTION    NE (40)
  HIGHEST GUST SPEED    22   HIGHEST GUST DIRECTION    NE (30)
  AVERAGE WIND SPEED     5.8


SKY COVER
  POSSIBLE SUNSHINE  MM
  AVERAGE SKY COVER 0.6


WEATHER CONDITIONS
 THE FOLLOWING WEATHER WAS RECORDED TODAY.
  HEAVY RAIN
  RAIN
  LIGHT RAIN
  FOG
  HAZE


RELATIVE HUMIDITY (PERCENT)
 HIGHEST    93          1000 AM
 LOWEST     73           600 AM
 AVERAGE    83

..........................................................


THE BURLINGTON IA CLIMATE NORMALS FOR TOMORROW
                         NORMAL    RECORD    YEAR
 MAXIMUM TEMPERATURE (F)   85       100      1988
 MINIMUM TEMPERATURE (F)   64        45      1914


SUNRISE AND SUNSET
JUNE 19 2019..........SUNRISE   533 AM CDT   SUNSET   839 PM CDT
JUNE 20 2019..........SUNRISE   533 AM CDT   SUNSET   839 PM CDT


-  INDICATES NEGATIVE NUMBERS.
R  INDICATES RECORD WAS SET OR TIED.
MM INDICATES DATA IS MISSING.
T  INDICATES TRACE AMOUNT.




$$
