000
CDUS43 KDVN 182142
CLIBRL


CLIMATE REPORT
NATIONAL WEATHER SERVICE QUAD CITIES IA IL
439 PM CDT THU APR 18 2019


...................................

...THE BURLINGTON IA CLIMATE SUMMARY FOR APRIL 18 2019...
VALID TODAY AS OF 0400 PM LOCAL TIME.

CLIMATE NORMAL PERIOD 1981 TO 2010
CLIMATE RECORD PERIOD 1897 TO 2019


WEATHER ITEM   OBSERVED TIME   RECORD YEAR NORMAL DEPARTURE LAST
                VALUE   (LST)  VALUE       VALUE  FROM      YEAR
                                                  NORMAL
..................................................................
TEMPERATURE (F)
 TODAY
  MAXIMUM         55   1250 AM  89    2002  66    -11       38
  MINIMUM         46    955 AM  24    1983  44      2       33
  AVERAGE         51                        55     -4       36

PRECIPITATION (IN)
  TODAY            0.54         MM      MM   0.12   0.42      T
  MONTH TO DATE    0.95                      2.03  -1.08     0.59
  SINCE MAR 1      4.32                      4.82  -0.50     3.49
  SINCE JAN 1      8.73                      7.68   1.05     7.58

DEGREE DAYS
 HEATING
  TODAY           14                        11      3       29
  MONTH TO DATE  254                       249      5      492
  SINCE MAR 1   1108                       977    131     1312
  SINCE JUL 1   5940                      5355    585     5805

 COOLING
  TODAY            0                         1     -1        0
  MONTH TO DATE    2                         8     -6        0
  SINCE MAR 1      2                        10     -8        0
  SINCE JAN 1      2                        10     -8        0
..................................................................


WIND (MPH)
  HIGHEST WIND SPEED    23   HIGHEST WIND DIRECTION     N (340)
  HIGHEST GUST SPEED    34   HIGHEST GUST DIRECTION     N (340)
  AVERAGE WIND SPEED    14.7


SKY COVER
  POSSIBLE SUNSHINE  MM
  AVERAGE SKY COVER 0.9


WEATHER CONDITIONS
 THE FOLLOWING WEATHER WAS RECORDED TODAY.
  THUNDERSTORM
  HEAVY RAIN
  RAIN
  LIGHT RAIN
  FOG


RELATIVE HUMIDITY (PERCENT)
 HIGHEST    86           200 AM
 LOWEST     54           300 PM
 AVERAGE    70

..........................................................


THE BURLINGTON IA CLIMATE NORMALS FOR TOMORROW
                         NORMAL    RECORD    YEAR
 MAXIMUM TEMPERATURE (F)   66        85      1915
 MINIMUM TEMPERATURE (F)   44        26      1988


SUNRISE AND SUNSET
APRIL 18 2019.........SUNRISE   621 AM CDT   SUNSET   747 PM CDT
APRIL 19 2019.........SUNRISE   620 AM CDT   SUNSET   748 PM CDT


-  INDICATES NEGATIVE NUMBERS.
R  INDICATES RECORD WAS SET OR TIED.
MM INDICATES DATA IS MISSING.
T  INDICATES TRACE AMOUNT.




$$
