000
CDUS44 KBRO 160633
CLIBRO


CLIMATE REPORT
NATIONAL WEATHER SERVICE BROWNSVILLE TX
132 AM CDT SUN JUN 16 2019


...................................

...THE BROWNSVILLE CLIMATE SUMMARY FOR JUNE 15 2019...

CLIMATE NORMAL PERIOD 1981 TO 2010
CLIMATE RECORD PERIOD 1878 TO 2019


WEATHER ITEM   OBSERVED TIME   RECORD YEAR NORMAL DEPARTURE LAST
                VALUE   (LST)  VALUE       VALUE  FROM      YEAR
                                                  NORMAL
..................................................................
TEMPERATURE (F)
 YESTERDAY
  MAXIMUM         96   1248 PM 101    1998  92      4       96
  MINIMUM         82    600 AM  64    1903  76      6       78
  AVERAGE         89                        84      5       87

PRECIPITATION (IN)
  YESTERDAY        0.00          2.10 1887   0.07  -0.07      T
  MONTH TO DATE    0.95                      1.16  -0.21      T
  SINCE JUN 1      0.95                      1.16  -0.21      T
  SINCE JAN 1      6.63                      8.92  -2.29     5.30

SNOWFALL (IN)
  YESTERDAY        0.0
  MONTH TO DATE    0.0
  SINCE JUN 1      0.0
  SINCE JUL 1      0.0
  SNOW DEPTH       0

DEGREE DAYS
 HEATING
  YESTERDAY        0                         0      0        0
  MONTH TO DATE    0                         0      0        0
  SINCE JUN 1      0                         0      0        0
  SINCE JUL 1    512                       554    -42      485

 COOLING
  YESTERDAY       24                        19      5       22
  MONTH TO DATE  335                       278     57      346
  SINCE JUN 1    335                       278     57      346
  SINCE JAN 1   1704                      1371    333     1794
..................................................................


WIND (MPH)
  HIGHEST WIND SPEED    30   HIGHEST WIND DIRECTION     S (160)
  HIGHEST GUST SPEED    36   HIGHEST GUST DIRECTION     S (160)
  AVERAGE WIND SPEED    17.3


SKY COVER
  POSSIBLE SUNSHINE  MM
  AVERAGE SKY COVER 0.2


WEATHER CONDITIONS
 THE FOLLOWING WEATHER WAS RECORDED YESTERDAY.
  NO SIGNIFICANT WEATHER WAS OBSERVED.


RELATIVE HUMIDITY (PERCENT)
 HIGHEST    88          1200 AM
 LOWEST     49           200 PM
 AVERAGE    69

..........................................................


THE BROWNSVILLE CLIMATE NORMALS FOR TODAY
                         NORMAL    RECORD    YEAR
 MAXIMUM TEMPERATURE (F)   92        99      1916
                                             1900
 MINIMUM TEMPERATURE (F)   76        62      1917


SUNRISE AND SUNSET
JUNE 16 2019..........SUNRISE   638 AM CDT   SUNSET   823 PM CDT
JUNE 17 2019..........SUNRISE   638 AM CDT   SUNSET   823 PM CDT


-  INDICATES NEGATIVE NUMBERS.
R  INDICATES RECORD WAS SET OR TIED.
MM INDICATES DATA IS MISSING.
T  INDICATES TRACE AMOUNT.

$$
