000
CDUS44 KBRO 210626
CLIBRO


CLIMATE REPORT
NATIONAL WEATHER SERVICE BROWNSVILLE TX
126 AM CDT SUN APR 21 2019


...................................

...THE BROWNSVILLE CLIMATE SUMMARY FOR APRIL 20 2019...

CLIMATE NORMAL PERIOD 1981 TO 2010
CLIMATE RECORD PERIOD 1878 TO 2019


WEATHER ITEM   OBSERVED TIME   RECORD YEAR NORMAL DEPARTURE LAST
                VALUE   (LST)  VALUE       VALUE  FROM      YEAR
                                                  NORMAL
..................................................................
TEMPERATURE (F)
 YESTERDAY
  MAXIMUM         84    252 PM  95    1916  84      0       85
  MINIMUM         59    515 AM  48    2013  67     -8       66
                                      1884
  AVERAGE         72                        76     -4       76

PRECIPITATION (IN)
  YESTERDAY        0.00          1.84 1888   0.04  -0.04     0.00
  MONTH TO DATE    0.38                      1.05  -0.67     0.94
  SINCE MAR 1      2.60                      2.28   0.32     1.43
  SINCE JAN 1      4.50                      4.63  -0.13     3.66

SNOWFALL (IN)
  YESTERDAY        0.0
  MONTH TO DATE    0.0
  SINCE MAR 1      0.0
  SINCE JUL 1      0.0
  SNOW DEPTH       0

DEGREE DAYS
 HEATING
  YESTERDAY        0                         0      0        0
  MONTH TO DATE   12                         6      6        3
  SINCE MAR 1     95                        49     46        3
  SINCE JUL 1    512                       552    -40      485

 COOLING
  YESTERDAY        7                        11     -4       11
  MONTH TO DATE  210                       185     25      198
  SINCE MAR 1    423                       359     64      505
  SINCE JAN 1    630                       500    130      770
..................................................................


WIND (MPH)
  HIGHEST WIND SPEED    22   HIGHEST WIND DIRECTION    SE (130)
  HIGHEST GUST SPEED    28   HIGHEST GUST DIRECTION    SE (120)
  AVERAGE WIND SPEED    11.3


SKY COVER
  POSSIBLE SUNSHINE  MM
  AVERAGE SKY COVER 0.0


WEATHER CONDITIONS
 THE FOLLOWING WEATHER WAS RECORDED YESTERDAY.
  NO SIGNIFICANT WEATHER WAS OBSERVED.


RELATIVE HUMIDITY (PERCENT)
 HIGHEST    90           100 AM
 LOWEST     37           200 PM
 AVERAGE    64

..........................................................


THE BROWNSVILLE CLIMATE NORMALS FOR TODAY
                         NORMAL    RECORD    YEAR
 MAXIMUM TEMPERATURE (F)   84        99      1921
 MINIMUM TEMPERATURE (F)   67        50      1884


SUNRISE AND SUNSET
APRIL 21 2019.........SUNRISE   701 AM CDT   SUNSET   756 PM CDT
APRIL 22 2019.........SUNRISE   700 AM CDT   SUNSET   756 PM CDT


-  INDICATES NEGATIVE NUMBERS.
R  INDICATES RECORD WAS SET OR TIED.
MM INDICATES DATA IS MISSING.
T  INDICATES TRACE AMOUNT.




$$
