000
CDUS44 KBRO 210637
CLIBRO


CLIMATE REPORT
NATIONAL WEATHER SERVICE BROWNSVILLE TX
135 AM CDT SAT APR 21 2018


...................................

...THE BROWNSVILLE CLIMATE SUMMARY FOR APRIL 20 2018...

CLIMATE NORMAL PERIOD 1981 TO 2010
CLIMATE RECORD PERIOD 1878 TO 2018


WEATHER ITEM   OBSERVED TIME   RECORD YEAR NORMAL DEPARTURE LAST
                VALUE   (LST)  VALUE       VALUE  FROM      YEAR
                                                  NORMAL
..................................................................
TEMPERATURE (F)
 YESTERDAY
  MAXIMUM         85    133 PM  95    1916  84      1       89
  MINIMUM         66    544 AM  48    2013  67     -1       72
                                      1884
  AVERAGE         76                        76      0       81

PRECIPITATION (IN)
  YESTERDAY        0.00          1.84 1888   0.04  -0.04     0.00
  MONTH TO DATE    0.94                      1.05  -0.11     0.49
  SINCE MAR 1      1.43                      2.28  -0.85     2.33
  SINCE JAN 1      3.66                      4.63  -0.97     3.87

SNOWFALL (IN)
  YESTERDAY        0.0
  MONTH TO DATE    0.0
  SINCE MAR 1      0.0
  SINCE JUL 1      0.3
  SNOW DEPTH       0

DEGREE DAYS
 HEATING
  YESTERDAY        0                         0      0        0
  MONTH TO DATE    3                         6     -3        0
  SINCE MAR 1      3                        49    -46        2
  SINCE JUL 1    485                       552    -67      201

 COOLING
  YESTERDAY       11                        11      0       16
  MONTH TO DATE  198                       185     13      260
  SINCE MAR 1    505                       359    146      554
  SINCE JAN 1    770                       500    270      941
..................................................................


WIND (MPH)
  HIGHEST WIND SPEED    22   HIGHEST WIND DIRECTION    SE (120)
  HIGHEST GUST SPEED    27   HIGHEST GUST DIRECTION    SE (140)
  AVERAGE WIND SPEED    11.3


SKY COVER
  POSSIBLE SUNSHINE  MM
  AVERAGE SKY COVER 0.4


WEATHER CONDITIONS
 THE FOLLOWING WEATHER WAS RECORDED YESTERDAY.
  NO SIGNIFICANT WEATHER WAS OBSERVED.


RELATIVE HUMIDITY (PERCENT)
 HIGHEST   100           400 AM
 LOWEST     58          1200 PM
 AVERAGE    79

..........................................................


THE BROWNSVILLE CLIMATE NORMALS FOR TODAY
                         NORMAL    RECORD    YEAR
 MAXIMUM TEMPERATURE (F)   84        99      1921
 MINIMUM TEMPERATURE (F)   67        50      1884


SUNRISE AND SUNSET
APRIL 21 2018.........SUNRISE   701 AM CDT   SUNSET   756 PM CDT
APRIL 22 2018.........SUNRISE   700 AM CDT   SUNSET   757 PM CDT


-  INDICATES NEGATIVE NUMBERS.
R  INDICATES RECORD WAS SET OR TIED.
MM INDICATES DATA IS MISSING.
T  INDICATES TRACE AMOUNT.

$$
