000
CDAK49 PAFG 200939
CLIBRW

CLIMATE REPORT
NATIONAL WEATHER SERVICE FAIRBANKS AK
139 AM AKDT SAT JUL 20 2019


...................................

...THE UTQIAGVIK (BARROW) AK CLIMATE SUMMARY FOR JULY 19 2019...

CLIMATE NORMAL PERIOD 1981 TO 2010
CLIMATE RECORD PERIOD 1920 TO 2019


WEATHER ITEM   OBSERVED TIME   RECORD YEAR NORMAL DEPARTURE LAST
                VALUE   (LST)  VALUE       VALUE  FROM      YEAR
                                                  NORMAL
..................................................................
TEMPERATURE (F)
 YESTERDAY
  MAXIMUM         50    110 PM  67    1953  47      3       42
  MINIMUM         43    445 AM  26    1956  35      8       37
  AVERAGE         47                        41      6       40

PRECIPITATION (IN)
  YESTERDAY        T             0.76 2010   0.04  -0.04      T
  MONTH TO DATE    1.05                      0.57   0.48     0.96
  SINCE JUN 1      1.99                      0.89   1.10     1.05
  SINCE JAN 1      3.56                      1.59   1.97     2.17

SNOWFALL (IN)
  YESTERDAY        0.0           0.3  1955   0.0    0.0      0.0
  MONTH TO DATE    0.0                       0.1   -0.1      2.0
  SINCE JUN 1      0.2                       0.8   -0.6      2.3
  SINCE JUL 1      0.0                       0.1   -0.1      2.0
  SNOW DEPTH       0

DEGREE DAYS
 HEATING
  YESTERDAY       18                        24     -6       25
  MONTH TO DATE  308                       459   -151      453
  SINCE JUN 1   1140                      1340   -200     1393
  SINCE JUL 1    308                       459   -151      453

 COOLING
  YESTERDAY        0                         0      0        0
  MONTH TO DATE    0                         0      0        0
  SINCE JUN 1      0                         0      0        0
  SINCE JAN 1      0                         0      0        0
..................................................................


WIND (MPH)
  HIGHEST GUST SPEED    30   HIGHEST GUST DIRECTION    SW (240)


SKY COVER
  AVERAGE SKY COVER 0.8


WEATHER CONDITIONS
 THE FOLLOWING WEATHER WAS RECORDED YESTERDAY.
  LIGHT RAIN
  FOG
  HAZE


RELATIVE HUMIDITY (PERCENT)
 HIGHEST    86
 LOWEST     65
 AVERAGE    76

..........................................................


THE UTQIAGVIK (BARROW) AK CLIMATE NORMALS FOR TODAY
                         NORMAL    RECORD    YEAR
 MAXIMUM TEMPERATURE (F)   47        68      1993
 MINIMUM TEMPERATURE (F)   35        26      1956
                                             1931
                                             1922


SUNRISE AND SUNSET
JULY 20 2019..........SUN ABOVE VISIBLE HORIZON.
JULY 21 2019..........SUN ABOVE VISIBLE HORIZON.

-  INDICATES NEGATIVE NUMBERS.
R  INDICATES RECORD WAS SET OR TIED.
MM INDICATES DATA IS MISSING.
T  INDICATES TRACE AMOUNT.

&&

SNOW DEPTH IS MEASURED AT 3AM AKST/4AM AKDT.

----------------------------
AVAILABLE DAYLIGHT

AMOUNT OF DAYLIGHT TODAY  (HOUR:MIN)........24:00
GAIN/LOSS SINCE YESTERDAY (HOUR:MIN:SEC)....+0:00:00

$$
JUL 19
