000
CDAK49 PAFG 220942
CLIBRW

CLIMATE REPORT
NATIONAL WEATHER SERVICE FAIRBANKS AK
142 AM AKDT MON APR 22 2019


...................................

...THE UTQIAGVIK (BARROW) AK CLIMATE SUMMARY FOR APRIL 21 2019...

CLIMATE NORMAL PERIOD 1981 TO 2010
CLIMATE RECORD PERIOD 1920 TO 2019


WEATHER ITEM   OBSERVED TIME   RECORD YEAR NORMAL DEPARTURE LAST
                VALUE   (LST)  VALUE       VALUE  FROM      YEAR
                                                  NORMAL
..................................................................
TEMPERATURE (F)
 YESTERDAY
  MAXIMUM         14    226 PM  35    1931  12      2       11
  MINIMUM         -1    240 AM -25    1969  -1      0      -13
                                      1961
  AVERAGE          7                         6      1       -1

PRECIPITATION (IN)
  YESTERDAY        0.00          0.28 2010   0.00   0.00      T
  MONTH TO DATE    0.18                      0.11   0.07     0.02
  SINCE MAR 1      0.80                      0.20   0.60     0.60
  SINCE JAN 1      1.21                      0.47   0.74     1.00

SNOWFALL (IN)
  YESTERDAY        0.0           5.4  2010   0.1   -0.1      0.3
  MONTH TO DATE    0.2                       2.2   -2.0      0.5
  SINCE MAR 1      8.0                       4.3    3.7      6.4
  SINCE JUL 1     42.1                      33.3    8.8     33.6
  SNOW DEPTH      MM

DEGREE DAYS
 HEATING
  YESTERDAY       58                        59     -1       66
  MONTH TO DATE 1296                      1391    -95     1290
  SINCE MAR 1   3121                      3798   -677     3317
  SINCE JUL 1  14603                     16655  -2052    13920

 COOLING
  YESTERDAY        0                         0      0        0
  MONTH TO DATE    0                         0      0        0
  SINCE MAR 1      0                         0      0        0
  SINCE JAN 1      0                         0      0        0
..................................................................


WIND (MPH)
  HIGHEST GUST SPEED    16   HIGHEST GUST DIRECTION    NE (40)


SKY COVER
  AVERAGE SKY COVER 0.3


WEATHER CONDITIONS
 THE FOLLOWING WEATHER WAS RECORDED YESTERDAY.
  FOG
  FOG W/VISIBILITY <= 1/4 MILE


RELATIVE HUMIDITY (PERCENT)
 HIGHEST   100
 LOWEST     76
 AVERAGE    88

..........................................................


THE UTQIAGVIK (BARROW) AK CLIMATE NORMALS FOR TODAY
                         NORMAL    RECORD    YEAR
 MAXIMUM TEMPERATURE (F)   13        36      1931
 MINIMUM TEMPERATURE (F)    0       -30      1924


SUNRISE AND SUNSET
APRIL 22 2019.........SUNRISE   533 AM AKDT  SUNSET  1123 PM AKDT
APRIL 23 2019.........SUNRISE   527 AM AKDT  SUNSET  1129 PM AKDT

-  INDICATES NEGATIVE NUMBERS.
R  INDICATES RECORD WAS SET OR TIED.
MM INDICATES DATA IS MISSING.
T  INDICATES TRACE AMOUNT.

&&

SNOW DEPTH IS MEASURED AT 3AM AKST/4AM AKDT.

----------------------------
AVAILABLE DAYLIGHT

AMOUNT OF DAYLIGHT TODAY  (HOUR:MIN)........17:50
GAIN/LOSS SINCE YESTERDAY (HOUR:MIN:SEC)....+0:11:25

$$
APR 19
