000
CDUS43 KGRR 182134
CLIBTL


CLIMATE REPORT
NATIONAL WEATHER SERVICE GRAND RAPIDS, MI
533 PM EDT THU APR 18 2019


...................................

...THE BATTLE CREEK MI CLIMATE SUMMARY FOR APRIL 18 2019...
VALID TODAY AS OF 0500 PM LOCAL TIME.

CLIMATE NORMAL PERIOD 1981 TO 2010
CLIMATE RECORD PERIOD 1998 TO 2019


WEATHER ITEM   OBSERVED TIME   NORMAL DEPARTURE LAST
                VALUE   (LST)  VALUE  FROM      YEAR
                                      NORMAL
......................................................
TEMPERATURE (F)
 TODAY
  MAXIMUM         65   1013 AM  61      4       45
  MINIMUM         50    359 PM  37     13       25
  AVERAGE         58            49      9       35

PRECIPITATION (IN)
  TODAY            0.54          0.11   0.43     0.07
  MONTH TO DATE    1.62          1.66  -0.04     2.41
  SINCE MAR 1      3.86          3.57   0.29     3.99
  SINCE JAN 1      5.94          6.57  -0.63    10.34

DEGREE DAYS
 HEATING
  TODAY            7            16     -9       30
  MONTH TO DATE  309           347    -38      530
  SINCE MAR 1   1300          1257     43     1475
  SINCE JUL 1   6014          6222   -208     6136

 COOLING
  TODAY            0             0      0        0
  MONTH TO DATE    0             0      0        0
  SINCE MAR 1      0             0      0        0
  SINCE JAN 1      0             0      0        0
......................................................


WIND (MPH)
  RESULTANT WIND SPEED  14   RESULTANT WIND DIRECTION   S (200)
  HIGHEST WIND SPEED    31   HIGHEST WIND DIRECTION     S (200)
  HIGHEST GUST SPEED    41   HIGHEST GUST DIRECTION     S (200)
  AVERAGE WIND SPEED    16.0


SKY COVER
  AVERAGE SKY COVER 0.9


WEATHER CONDITIONS
 THE FOLLOWING WEATHER WAS RECORDED TODAY.
  THUNDERSTORM
  RAIN
  LIGHT RAIN
  FOG


RELATIVE HUMIDITY (PERCENT)
 HIGHEST    93           100 PM
 LOWEST     72           200 AM
 AVERAGE    83

..........................................................


THE BATTLE CREEK MI CLIMATE NORMALS FOR TOMORROW
                         NORMAL
 MAXIMUM TEMPERATURE (F)   62
 MINIMUM TEMPERATURE (F)   37


SUNRISE AND SUNSET
APRIL 18 2019.........SUNRISE   656 AM EDT   SUNSET   826 PM EDT
APRIL 19 2019.........SUNRISE   654 AM EDT   SUNSET   827 PM EDT


-  INDICATES NEGATIVE NUMBERS.
R  INDICATES RECORD WAS SET OR TIED.
MM INDICATES DATA IS MISSING.
T  INDICATES TRACE AMOUNT.




$$
