000
CDUS43 KGRR 180521
CLIBTL


CLIMATE REPORT
NATIONAL WEATHER SERVICE GRAND RAPIDS, MI
121 AM EDT TUE JUN 18 2019


...................................

...THE BATTLE CREEK MI CLIMATE SUMMARY FOR JUNE 17 2019...

CLIMATE NORMAL PERIOD 1981 TO 2010
CLIMATE RECORD PERIOD 1998 TO 2019


WEATHER ITEM   OBSERVED TIME   NORMAL DEPARTURE LAST
                VALUE   (LST)  VALUE  FROM      YEAR
                                      NORMAL
......................................................
TEMPERATURE (F)
 YESTERDAY
  MAXIMUM         69    545 PM  80    -11       93
  MINIMUM         59    931 AM  56      3       69
  AVERAGE         64            68     -4       81

PRECIPITATION (IN)
  YESTERDAY        0.00          0.10  -0.10     0.00
  MONTH TO DATE    3.82          1.88   1.94     1.76
  SINCE JUN 1      3.82          1.88   1.94     1.76
  SINCE JAN 1     16.31         13.36   2.95    19.70

DEGREE DAYS
 HEATING
  YESTERDAY        1             1      0        0
  MONTH TO DATE   43            45     -2        8
  SINCE JUN 1     43            45     -2        8
  SINCE JUL 1   6471          6679   -208     6420

 COOLING
  YESTERDAY        0             4     -4       16
  MONTH TO DATE   31            54    -23       70
  SINCE JUN 1     31            54    -23       70
  SINCE JAN 1     47            92    -45      184
......................................................


WIND (MPH)
  RESULTANT WIND SPEED   4   RESULTANT WIND DIRECTION  NE (60)
  HIGHEST WIND SPEED     9   HIGHEST WIND DIRECTION    NE (50)
  HIGHEST GUST SPEED    13   HIGHEST GUST DIRECTION     E (80)
  AVERAGE WIND SPEED     3.6


SKY COVER
  AVERAGE SKY COVER 1.0


WEATHER CONDITIONS
 THE FOLLOWING WEATHER WAS RECORDED YESTERDAY.
  FOG


RELATIVE HUMIDITY (PERCENT)
 HIGHEST   100          1200 AM
 LOWEST     78           300 PM
 AVERAGE    89

..........................................................


THE BATTLE CREEK MI CLIMATE NORMALS FOR TODAY
                         NORMAL
 MAXIMUM TEMPERATURE (F)   80
 MINIMUM TEMPERATURE (F)   56


SUNRISE AND SUNSET
JUNE 18 2019..........SUNRISE   604 AM EDT   SUNSET   920 PM EDT
JUNE 19 2019..........SUNRISE   604 AM EDT   SUNSET   921 PM EDT


-  INDICATES NEGATIVE NUMBERS.
R  INDICATES RECORD WAS SET OR TIED.
MM INDICATES DATA IS MISSING.
T  INDICATES TRACE AMOUNT.




$$
