000
CDUS45 KMSO 200739
CLIBTM


CLIMATE REPORT
NATIONAL WEATHER SERVICE MISSOULA, MT
138 AM MDT SAT APR 20 2019


...................................

...THE BUTTE MT CLIMATE SUMMARY FOR APRIL 19 2019...

CLIMATE NORMAL PERIOD 1981 TO 2010
CLIMATE RECORD PERIOD 1895 TO 2019


WEATHER ITEM   OBSERVED TIME   RECORD YEAR NORMAL DEPARTURE LAST
                VALUE   (LST)  VALUE       VALUE  FROM      YEAR
                                                  NORMAL
..................................................................
TEMPERATURE (F)
 YESTERDAY
  MAXIMUM         72    356 PM  78    1962  53     19       56
  MINIMUM         37    611 AM  -3    1941  27     10       26
  AVERAGE         55                        40     15       41

PRECIPITATION (IN)
  YESTERDAY        0.00          0.45 1929   0.04  -0.04     0.00
  MONTH TO DATE    1.32                      0.70   0.62     1.09
  SINCE OCT 1      4.84                      4.25   0.59     4.22
  SINCE JAN 1      3.22                      2.36   0.86     2.78

SNOWFALL (IN)
  YESTERDAY       MM
  MONTH TO DATE   MM
  SINCE JAN 1     MM
  SINCE JUL 1     MM
  SNOW DEPTH      MM

DEGREE DAYS
 HEATING
  YESTERDAY       10                        25    -15       24
  MONTH TO DATE  474                       520    -46      547
  SINCE MAR 1   1844                      1562    282     1624
  SINCE JUL 1   8601                      8131    470     8112

 COOLING
  YESTERDAY        0                         0      0        0
  MONTH TO DATE    0                         0      0        0
  SINCE MAR 1      0                         0      0        0
  SINCE JAN 1      0                         0      0        0
..................................................................


WIND (MPH)
  HIGHEST WIND SPEED    22   HIGHEST WIND DIRECTION     W (260)
  HIGHEST GUST SPEED    28   HIGHEST GUST DIRECTION     W (270)
  AVERAGE WIND SPEED     6.7


SKY COVER
  POSSIBLE SUNSHINE  MM
  AVERAGE SKY COVER 0.2


WEATHER CONDITIONS
 THE FOLLOWING WEATHER WAS RECORDED YESTERDAY.
  NO SIGNIFICANT WEATHER WAS OBSERVED.


RELATIVE HUMIDITY (PERCENT)
 HIGHEST    76           500 AM
 LOWEST     20           400 PM
 AVERAGE    48

..........................................................


THE BUTTE MT CLIMATE NORMALS FOR TODAY
                         NORMAL    RECORD    YEAR
 MAXIMUM TEMPERATURE (F)   53        77      1989
 MINIMUM TEMPERATURE (F)   27         1      2008


SUNRISE AND SUNSET
APRIL 20 2019.........SUNRISE   635 AM MDT   SUNSET   823 PM MDT
APRIL 21 2019.........SUNRISE   634 AM MDT   SUNSET   825 PM MDT


-  INDICATES NEGATIVE NUMBERS.
R  INDICATES RECORD WAS SET OR TIED.
MM INDICATES DATA IS MISSING.
T  INDICATES TRACE AMOUNT.




$$
