000
CDUS44 KLIX 232117
CLIBTR


CLIMATE REPORT
NATIONAL WEATHER SERVICE NEW ORLEANS
NATIONAL WEATHER SERVICE NEW ORL
416 PM CDT WED MAY 23 2018


...................................

...THE BATON ROUGE  ASOS CLIMATE SUMMARY FOR MAY 23 2018...
VALID TODAY AS OF 0400 PM LOCAL TIME.

CLIMATE NORMAL PERIOD 1981 TO 2010
CLIMATE RECORD PERIOD 1894 TO 2018


WEATHER ITEM   OBSERVED TIME   RECORD YEAR NORMAL DEPARTURE LAST
                VALUE   (LST)  VALUE       VALUE  FROM      YEAR
                                                  NORMAL
..................................................................
TEMPERATURE (F)
 TODAY
  MAXIMUM         93    252 PM  94    2005  88      5       81
                                      1918
                                      1915
  MINIMUM         70    542 AM  49    2002  67      3       68
                                      2001
  AVERAGE         82

PRECIPITATION (IN)
  TODAY            0.00          2.94 1927   0.16  -0.16     0.19
  MONTH TO DATE    2.06                      3.53  -1.47     6.70
  SINCE MAR 1     12.59                     12.40   0.19    17.84
  SINCE JAN 1     23.78                     23.16   0.62    29.27

SNOWFALL (IN)
  TODAY            0.0
  MONTH TO DATE    0.0
  SINCE MAR 1      0.0
  SINCE JUL 1      4.0
  SNOW DEPTH       0

DEGREE DAYS
 HEATING
  TODAY            0                         0      0        0
  MONTH TO DATE    0                         0      0       10
  SINCE MAR 1    206                       218    -12      105
  SINCE JUL 1   1491                      1553    -62      809

 COOLING
  TODAY           17                        12      5       10
  MONTH TO DATE  311                       227     84      173
  SINCE MAR 1    444                       427     17      511
  SINCE JAN 1    563                       458    105      654
..................................................................


WIND (MPH)
  HIGHEST WIND SPEED     8   HIGHEST WIND DIRECTION     E (100)
  HIGHEST GUST SPEED    13   HIGHEST GUST DIRECTION     E (80)
  AVERAGE WIND SPEED     3.6


SKY COVER
  POSSIBLE SUNSHINE  MM
  AVERAGE SKY COVER 0.1


WEATHER CONDITIONS
 THE FOLLOWING WEATHER WAS RECORDED TODAY.
  FOG


RELATIVE HUMIDITY (PERCENT)
 HIGHEST    97           400 AM
 LOWEST     41           200 PM
 AVERAGE    69

..........................................................


THE BATON ROUGE  ASOS CLIMATE NORMALS FOR TOMORROW
                         NORMAL    RECORD    YEAR
 MAXIMUM TEMPERATURE (F)   88        95      2010
                                             1941
                                             1915
 MINIMUM TEMPERATURE (F)   67        54      1913


SUNRISE AND SUNSET
MAY 23 2018...........SUNRISE   606 AM CDT   SUNSET   757 PM CDT
MAY 24 2018...........SUNRISE   605 AM CDT   SUNSET   758 PM CDT


-  INDICATES NEGATIVE NUMBERS.
R  INDICATES RECORD WAS SET OR TIED.
MM INDICATES DATA IS MISSING.
T  INDICATES TRACE AMOUNT.




$$
