430
CDUS44 KLIX 242127
CLIBTR


CLIMATE REPORT
NATIONAL WEATHER SERVICE NEW ORLEANS
NATIONAL WEATHER SERVICE NEW ORL
427 PM CDT WED APR 24 2019


...................................

...THE BATON ROUGE  ASOS CLIMATE SUMMARY FOR APRIL 24 2019...
VALID TODAY AS OF 0400 PM LOCAL TIME.

CLIMATE NORMAL PERIOD 1981 TO 2010
CLIMATE RECORD PERIOD 1894 TO 2019


WEATHER ITEM   OBSERVED TIME   RECORD YEAR NORMAL DEPARTURE LAST
                VALUE   (LST)  VALUE       VALUE  FROM      YEAR
                                                  NORMAL
..................................................................
TEMPERATURE (F)
 TODAY
  MAXIMUM         83    208 PM  91    1999  81      2       79
                                      1958
  MINIMUM         64    621 AM  44    2012  59      5       54
  AVERAGE         74

PRECIPITATION (IN)
  TODAY            T             4.10 1953   0.14  -0.14     0.00
  MONTH TO DATE    9.73                      3.63   6.10     5.16
  SINCE MAR 1     10.90                      8.04   2.86    10.24
  SINCE JAN 1     16.98                     18.80  -1.82    21.43

SNOWFALL (IN)
  TODAY            0.0
  MONTH TO DATE    0.0
  SINCE MAR 1      0.0
  SINCE JUL 1      0.0
  SNOW DEPTH       0

DEGREE DAYS
 HEATING
  TODAY            0                         1     -1        0
  MONTH TO DATE   53                        48      5       73
  SINCE MAR 1    243                       215     28      203
  SINCE JUL 1   1391                      1550   -159     1488

 COOLING
  TODAY            9                         6      3        2
  MONTH TO DATE   94                       103     -9       35
  SINCE MAR 1    159                       161     -2      116
  SINCE JAN 1    226                       192     34      235
..................................................................


WIND (MPH)
  HIGHEST WIND SPEED    20   HIGHEST WIND DIRECTION     S (180)
  HIGHEST GUST SPEED    25   HIGHEST GUST DIRECTION     S (190)
  AVERAGE WIND SPEED     8.1


SKY COVER
  POSSIBLE SUNSHINE  MM
  AVERAGE SKY COVER 0.5


WEATHER CONDITIONS
 THE FOLLOWING WEATHER WAS RECORDED TODAY.
  NO SIGNIFICANT WEATHER WAS OBSERVED.


RELATIVE HUMIDITY (PERCENT)
 HIGHEST    93          1200 AM
 LOWEST     54           300 PM
 AVERAGE    74

..........................................................


THE BATON ROUGE  ASOS CLIMATE NORMALS FOR TOMORROW
                         NORMAL    RECORD    YEAR
 MAXIMUM TEMPERATURE (F)   81        89      2011
                                             1967
                                             1925
 MINIMUM TEMPERATURE (F)   59        42      1910


SUNRISE AND SUNSET
APRIL 24 2019.........SUNRISE   628 AM CDT   SUNSET   738 PM CDT
APRIL 25 2019.........SUNRISE   627 AM CDT   SUNSET   739 PM CDT


-  INDICATES NEGATIVE NUMBERS.
R  INDICATES RECORD WAS SET OR TIED.
MM INDICATES DATA IS MISSING.
T  INDICATES TRACE AMOUNT.




$$
