827
CDUS41 KBTV 240539
CLIBTV


CLIMATE REPORT
NATIONAL WEATHER SERVICE BURLINGTON VT
138 AM EDT WED APR 24 2019


...................................

...THE BURLINGTON VT CLIMATE SUMMARY FOR APRIL 23 2019...

CLIMATE NORMAL PERIOD 1981 TO 2010
CLIMATE RECORD PERIOD 1884 TO 2019


WEATHER ITEM   OBSERVED TIME   RECORD YEAR NORMAL DEPARTURE LAST
                VALUE   (LST)  VALUE       VALUE  FROM      YEAR
                                                  NORMAL
..................................................................
TEMPERATURE (F)
 YESTERDAY
  MAXIMUM         69    426 PM  85    1885  59     10       67
  MINIMUM         46    648 AM  23    1930  38      8       30
  AVERAGE         58                        48     10       49

PRECIPITATION (IN)
  YESTERDAY        0.21          1.08 2012   0.09   0.12     0.00
  MONTH TO DATE    2.52                      2.12   0.40     2.74
  SINCE MAR 1      4.83                      4.34   0.49     5.37
  SINCE JAN 1     10.46                      8.16   2.30     9.31

SNOWFALL (IN)
  YESTERDAY        0.0           4.9  1993   0.1   -0.1      0.0
  MONTH TO DATE    1.2                       4.1   -2.9      4.2
  SINCE MAR 1     16.4                      19.9   -3.5     34.3
  SINCE JUL 1    103.6                      80.7   22.9     88.7
  SNOW DEPTH       0

DEGREE DAYS
 HEATING
  YESTERDAY        7                        17    -10       16
  MONTH TO DATE  453                       503    -50      623
  SINCE MAR 1   1519                      1557    -38     1662
  SINCE JUL 1   6907                      6967    -60     6459

 COOLING
  YESTERDAY        0                         0      0        0
  MONTH TO DATE    0                         0      0        0
  SINCE MAR 1      0                         0      0        0
  SINCE JAN 1      0                         0      0        0
..................................................................


WIND (MPH)
  HIGHEST WIND SPEED    20   HIGHEST WIND DIRECTION     S (180)
  HIGHEST GUST SPEED    29   HIGHEST GUST DIRECTION     S (170)
  AVERAGE WIND SPEED     7.0


SKY COVER
  POSSIBLE SUNSHINE  MM
  AVERAGE SKY COVER 0.6


WEATHER CONDITIONS
 THE FOLLOWING WEATHER WAS RECORDED YESTERDAY.
  RAIN
  LIGHT RAIN
  FOG


RELATIVE HUMIDITY (PERCENT)
 HIGHEST    86          1000 PM
 LOWEST     37           200 PM
 AVERAGE    62

..........................................................


THE BURLINGTON VT CLIMATE NORMALS FOR TODAY
                         NORMAL    RECORD    YEAR
 MAXIMUM TEMPERATURE (F)   59        80      2001
 MINIMUM TEMPERATURE (F)   38        23      1930


SUNRISE AND SUNSET
APRIL 24 2019.........SUNRISE   554 AM EDT   SUNSET   748 PM EDT
APRIL 25 2019.........SUNRISE   553 AM EDT   SUNSET   749 PM EDT


-  INDICATES NEGATIVE NUMBERS.
R  INDICATES RECORD WAS SET OR TIED.
MM INDICATES DATA IS MISSING.
T  INDICATES TRACE AMOUNT.




&&

LAKE CHAMPLAIN DATA:
LEVEL...............100.60 FEET
TEMPERATURE.........40 DEGREES

MOUNT MANSFIELD DATA:
HIGH................61 DEGREES
LOW.................43 DEGREES
PRECIPITATION.......0.00 INCHES
SNOW AT STAKE.......78 INCHES

$$
