000
CDUS41 KBTV 162116
CLIBTV


CLIMATE REPORT
NATIONAL WEATHER SERVICE BURLINGTON VT
516 PM EDT TUE JUL 16 2019


...................................

...THE BURLINGTON VT CLIMATE SUMMARY FOR JULY 16 2019...
VALID TODAY AS OF 0500 PM LOCAL TIME.

CLIMATE NORMAL PERIOD 1981 TO 2010
CLIMATE RECORD PERIOD 1884 TO 2019


WEATHER ITEM   OBSERVED TIME   RECORD YEAR NORMAL DEPARTURE LAST
                VALUE   (LST)  VALUE       VALUE  FROM      YEAR
                                                  NORMAL
..................................................................
TEMPERATURE (F)
 TODAY
  MAXIMUM         81    400 PM  96    2018  81      0       96
  MINIMUM         60        MM  44    1946  61     -1       62
  AVERAGE         71                        71      0       79

PRECIPITATION (IN)
  TODAY            T             1.73 1998   0.14  -0.14     0.00
  MONTH TO DATE    1.11                      2.13  -1.02     0.87
  SINCE JUN 1      6.10                      5.82   0.28     4.97
  SINCE JAN 1     22.72                     18.13   4.59    18.35

SNOWFALL (IN)
  TODAY            0.0           0.0  2002   0.0    0.0      0.0
                                      2001
  MONTH TO DATE    0.0                       0.0    0.0      0.0
  SINCE JUN 1      0.0                       0.0    0.0      0.0
  SINCE JUL 1      0.0                       0.0    0.0      0.0
  SNOW DEPTH       0

DEGREE DAYS
 HEATING
  TODAY            0                         0      0        0
  MONTH TO DATE    0                         8     -8        0
  SINCE JUN 1     50                        81    -31       50
  SINCE JUL 1      0                         8     -8        0

 COOLING
  TODAY            6                         6      0       14
  MONTH TO DATE  141                        96     45      188
  SINCE JUN 1    229                       193     36      270
  SINCE JAN 1    234                       212     22      315
..................................................................


WIND (MPH)
  HIGHEST WIND SPEED    16   HIGHEST WIND DIRECTION     S (180)
  HIGHEST GUST SPEED    23   HIGHEST GUST DIRECTION     S (180)
  AVERAGE WIND SPEED     7.1


SKY COVER
  POSSIBLE SUNSHINE  MM
  AVERAGE SKY COVER 0.5


WEATHER CONDITIONS
 THE FOLLOWING WEATHER WAS RECORDED TODAY.
  LIGHT RAIN


RELATIVE HUMIDITY (PERCENT)
 HIGHEST    84           100 AM
 LOWEST     50          1000 AM
 AVERAGE    67

..........................................................


THE BURLINGTON VT CLIMATE NORMALS FOR TOMORROW
                         NORMAL    RECORD    YEAR
 MAXIMUM TEMPERATURE (F)   81        97      1999
 MINIMUM TEMPERATURE (F)   61        47      1908


SUNRISE AND SUNSET
JULY 16 2019..........SUNRISE   523 AM EDT   SUNSET   834 PM EDT
JULY 17 2019..........SUNRISE   524 AM EDT   SUNSET   833 PM EDT


-  INDICATES NEGATIVE NUMBERS.
R  INDICATES RECORD WAS SET OR TIED.
MM INDICATES DATA IS MISSING.
T  INDICATES TRACE AMOUNT.




$$
