000
CDUS41 KBTV 270541
CLIBTV

CLIMATE REPORT
NATIONAL WEATHER SERVICE BURLINGTON VT
140 AM EDT FRI APR 27 2018

...................................

...THE BURLINGTON VT CLIMATE SUMMARY FOR APRIL 26 2018...

CLIMATE NORMAL PERIOD 1981 TO 2010
CLIMATE RECORD PERIOD 1884 TO 2018


WEATHER ITEM   OBSERVED TIME   RECORD YEAR NORMAL DEPARTURE LAST
                VALUE   (LST)  VALUE       VALUE  FROM      YEAR
                                                  NORMAL
..................................................................
TEMPERATURE (F)
 YESTERDAY
  MAXIMUM         59    158 PM  84    1913  60     -1       73
  MINIMUM         50   1159 PM  20    1919  39     11       50
  AVERAGE         55                        49      6       62

PRECIPITATION (IN)
  YESTERDAY        0.44          2.74 2011   0.10   0.34     0.16
  MONTH TO DATE    3.76                      2.41   1.35     3.81
  SINCE MAR 1      6.39                      4.63   1.76     7.08
  SINCE JAN 1     10.33                      8.45   1.88    11.75

SNOWFALL (IN)
  YESTERDAY        0.0           2.1  2016   0.0    0.0      0.0
  MONTH TO DATE    4.2                       4.3   -0.1      4.4
  SINCE MAR 1     34.3                      20.1   14.2     41.2
  SINCE JUL 1     88.7                      80.9    7.8    100.4
  SNOW DEPTH       0

DEGREE DAYS
 HEATING
  YESTERDAY       10                        16     -6        3
  MONTH TO DATE  644                       552     92      440
  SINCE MAR 1   1683                      1606     77     1597
  SINCE JUL 1   6480                      7016   -536     5975

 COOLING
  YESTERDAY        0                         0      0        0
  MONTH TO DATE    0                         0      0        6
  SINCE MAR 1      0                         0      0        6
  SINCE JAN 1      0                         0      0        6
..................................................................


WIND (MPH)
  HIGHEST WIND SPEED    18   HIGHEST WIND DIRECTION    NW (320)
  HIGHEST GUST SPEED    25   HIGHEST GUST DIRECTION    NW (310)
  AVERAGE WIND SPEED     5.9


SKY COVER
  POSSIBLE SUNSHINE  MM
  AVERAGE SKY COVER 0.9


WEATHER CONDITIONS
 THE FOLLOWING WEATHER WAS RECORDED YESTERDAY.
  RAIN
  LIGHT RAIN
  FOG


RELATIVE HUMIDITY (PERCENT)
 HIGHEST    96           100 AM
 LOWEST     53           200 PM
 AVERAGE    75

..........................................................


THE BURLINGTON VT CLIMATE NORMALS FOR TODAY
                         NORMAL    RECORD    YEAR
 MAXIMUM TEMPERATURE (F)   60        90      1990
 MINIMUM TEMPERATURE (F)   39        22      1972


SUNRISE AND SUNSET
APRIL 27 2018.........SUNRISE   549 AM EDT   SUNSET   752 PM EDT
APRIL 28 2018.........SUNRISE   548 AM EDT   SUNSET   753 PM EDT


-  INDICATES NEGATIVE NUMBERS.
R  INDICATES RECORD WAS SET OR TIED.
MM INDICATES DATA IS MISSING.
T  INDICATES TRACE AMOUNT.

&&

LAKE CHAMPLAIN DATA:
LEVEL...............98.24 FEET
TEMPERATURE.........38 DEGREES

MOUNT MANSFIELD DATA:
HIGH................46 DEGREES
LOW.................37 DEGREES
PRECIPITATION.......0.62 INCHES
SNOW AT STAKE.......86 INCHES

$$
