000
CDUS41 KBUF 230748
CLIBUF


CLIMATE REPORT
NATIONAL WEATHER SERVICE BUFFALO NY
347 AM EDT TUE APR 23 2019


...................................

...THE BUFFALO NY CLIMATE SUMMARY FOR APRIL 22 2019...

CLIMATE NORMAL PERIOD 1981 TO 2010
CLIMATE RECORD PERIOD 1871 TO 2019


WEATHER ITEM   OBSERVED TIME   RECORD YEAR NORMAL DEPARTURE LAST
                VALUE   (LST)  VALUE       VALUE  FROM      YEAR
                                                  NORMAL
..................................................................
TEMPERATURE (F)
 YESTERDAY
  MAXIMUM         65    532 PM  77    2008  58      7       62
                                      1985
  MINIMUM         41    211 AM  24    1930  39      2       31
  AVERAGE         53                        49      4       47

PRECIPITATION (IN)
  YESTERDAY        0.00          1.14 1991   0.09  -0.09     0.00
  MONTH TO DATE    2.24                      2.24   0.00     3.51
  SINCE MAR 1      4.97                      5.11  -0.14     6.44
  SINCE JAN 1     13.96                     10.78   3.18    13.78

SNOWFALL (IN)
  YESTERDAY        0.0           0.2  1986   0.0    0.0      0.0
  MONTH TO DATE    0.4                       2.5   -2.1      6.9
  SINCE MAR 1     10.9                      15.4   -4.5     29.1
  SINCE JUL 1    118.7                      94.2   24.5    112.3
  SNOW DEPTH       0

DEGREE DAYS
 HEATING
  YESTERDAY       12                        17     -5       18
  MONTH TO DATE  445                       456    -11      633
  SINCE MAR 1   1480                      1417     63     1667
  SINCE JUL 1   6225                      6161     64     6177

 COOLING
  YESTERDAY        0                         0      0        0
  MONTH TO DATE    0                         0      0        0
  SINCE MAR 1      0                         0      0        0
  SINCE JAN 1      0                         0      0        0
..................................................................


WIND (MPH)
  HIGHEST WIND SPEED     9   HIGHEST WIND DIRECTION     E (70)
  HIGHEST GUST SPEED    11   HIGHEST GUST DIRECTION    NE (40)
  AVERAGE WIND SPEED     3.6


SKY COVER
  AVERAGE SKY COVER 0.6


WEATHER CONDITIONS
 THE FOLLOWING WEATHER WAS RECORDED YESTERDAY.
  NO SIGNIFICANT WEATHER WAS OBSERVED.


RELATIVE HUMIDITY (PERCENT)
 HIGHEST    96           300 AM
 LOWEST     52           400 PM
 AVERAGE    74

..........................................................


THE BUFFALO NY CLIMATE NORMALS FOR TODAY
                         NORMAL    RECORD    YEAR
 MAXIMUM TEMPERATURE (F)   58        88      1985
 MINIMUM TEMPERATURE (F)   40        23      1930


SUNRISE AND SUNSET
APRIL 23 2019.........SUNRISE   621 AM EDT   SUNSET   806 PM EDT
APRIL 24 2019.........SUNRISE   619 AM EDT   SUNSET   808 PM EDT


-  INDICATES NEGATIVE NUMBERS.
R  INDICATES RECORD WAS SET OR TIED.
MM INDICATES DATA IS MISSING.
T  INDICATES TRACE AMOUNT.




$$
