489
CDUS41 KBUF 170607
CLIBUF


CLIMATE REPORT
NATIONAL WEATHER SERVICE BUFFALO NY
206 AM EDT WED JUL 17 2019


...................................

...THE BUFFALO NY CLIMATE SUMMARY FOR JULY 16 2019...

CLIMATE NORMAL PERIOD 1981 TO 2010
CLIMATE RECORD PERIOD 1871 TO 2019


WEATHER ITEM   OBSERVED TIME   RECORD YEAR NORMAL DEPARTURE LAST
                VALUE   (LST)  VALUE       VALUE  FROM      YEAR
                                                  NORMAL
..................................................................
TEMPERATURE (F)
 YESTERDAY
  MAXIMUM         86    200 PM  93    1988  80      6       89
                                      1982
  MINIMUM         69    134 AM  50    1946  63      6       69
                                      1884
  AVERAGE         78                        71      7       79

PRECIPITATION (IN)
  YESTERDAY        T             1.28 1924   0.11  -0.11      T
  MONTH TO DATE    0.62                      1.58  -0.96     0.32
  SINCE JUN 1      5.22                      5.24  -0.02     3.14
  SINCE JAN 1     23.54                     20.25   3.29    20.12

SNOWFALL (IN)
  YESTERDAY        0.0           0.0    MM   0.0    0.0      0.0
  MONTH TO DATE    0.0                       0.0    0.0      0.0
  SINCE JUN 1      0.0                       0.0    0.0      0.0
  SINCE JUL 1      0.0                       0.0    0.0      0.0
  SNOW DEPTH       0

DEGREE DAYS
 HEATING
  YESTERDAY        0                         0      0        0
  MONTH TO DATE    0                         2     -2        0
  SINCE JUN 1     62                        66     -4       26
  SINCE JUL 1      0                         2     -2        0

 COOLING
  YESTERDAY       13                         7      6       14
  MONTH TO DATE  134                       101     33      179
  SINCE JUN 1    209                       204      5      278
  SINCE JAN 1    217                       230    -13      366
..................................................................


WIND (MPH)
  HIGHEST WIND SPEED    26   HIGHEST WIND DIRECTION    SW (220)
  HIGHEST GUST SPEED    33   HIGHEST GUST DIRECTION    SW (220)
  AVERAGE WIND SPEED    11.9


SKY COVER
  AVERAGE SKY COVER 0.7


WEATHER CONDITIONS
 THE FOLLOWING WEATHER WAS RECORDED YESTERDAY.
  LIGHT RAIN


RELATIVE HUMIDITY (PERCENT)
 HIGHEST    87          1100 PM
 LOWEST     45           200 PM
 AVERAGE    66

..........................................................


THE BUFFALO NY CLIMATE NORMALS FOR TODAY
                         NORMAL    RECORD    YEAR
 MAXIMUM TEMPERATURE (F)   80        94      1953
 MINIMUM TEMPERATURE (F)   63        52      1985
                                             1962
                                             1945


SUNRISE AND SUNSET
JULY 17 2019..........SUNRISE   551 AM EDT   SUNSET   851 PM EDT
JULY 18 2019..........SUNRISE   552 AM EDT   SUNSET   850 PM EDT


-  INDICATES NEGATIVE NUMBERS.
R  INDICATES RECORD WAS SET OR TIED.
MM INDICATES DATA IS MISSING.
T  INDICATES TRACE AMOUNT.




$$
