000
CDUS46 KLOX 250913
CLIBUR


CLIMATE REPORT
NATIONAL WEATHER SERVICE LOS ANGELES/OXNARD CA
213 AM PDT THU APR 25 2019


...................................

...THE BOB HOPE AIRPORT (BURBANK) CA CLIMATE SUMMARY FOR APRIL 24 2019...

CLIMATE NORMAL PERIOD 1981 TO 2010
CLIMATE RECORD PERIOD 1939 TO 2019


WEATHER ITEM   OBSERVED TIME   RECORD YEAR NORMAL DEPARTURE LAST
                VALUE   (LST)  VALUE       VALUE  FROM      YEAR
                                                  NORMAL
..................................................................
TEMPERATURE (F)
 YESTERDAY
  MAXIMUM         81    245 PM  93    1965  74      7       78
  MINIMUM         57    548 AM  39    1978  51      6       54
  AVERAGE         69                        63      6       66

PRECIPITATION (IN)
  YESTERDAY        0.00          0.33 1967   0.03  -0.03     0.00
  MONTH TO DATE    T                         0.95  -0.95      T
  SINCE OCT 1     17.89                     16.37   1.52     6.23
  SINCE JAN 1     13.91                     11.93   1.98     6.15

SNOWFALL (IN)
  YESTERDAY        0.0
  MONTH TO DATE    0.0
  SINCE MAR 1      0.0
  SINCE JUL 1      0.0

DEGREE DAYS
 HEATING
  YESTERDAY        0                         4     -4        0
  MONTH TO DATE   46                       119    -73       47
  SINCE MAR 1    246                       337    -91      245
  SINCE JUL 1   1278                      1478   -200      751

 COOLING
  YESTERDAY        4                         2      2        1
  MONTH TO DATE   45                        27     18       53
  SINCE MAR 1     54                        37     17       60
  SINCE JAN 1     54                        43     11       94
..................................................................


WIND (MPH)
  HIGHEST WIND SPEED    15   HIGHEST WIND DIRECTION     S (180)
  HIGHEST GUST SPEED    17   HIGHEST GUST DIRECTION    SE (150)
  AVERAGE WIND SPEED     6.3


SKY COVER
  POSSIBLE SUNSHINE  MM
  AVERAGE SKY COVER 0.0


WEATHER CONDITIONS
 THE FOLLOWING WEATHER WAS RECORDED YESTERDAY.
  NO SIGNIFICANT WEATHER WAS OBSERVED.


RELATIVE HUMIDITY (PERCENT)
 HIGHEST    86           300 AM
 LOWEST     39           100 PM
 AVERAGE    63

..........................................................


THE BOB HOPE AIRPORT (BURBANK) CA CLIMATE NORMALS FOR TODAY
                         NORMAL    RECORD    YEAR
 MAXIMUM TEMPERATURE (F)   74        94      2004
 MINIMUM TEMPERATURE (F)   52        37      1974


SUNRISE AND SUNSET
APRIL 25 2019.........SUNRISE   611 AM PDT   SUNSET   733 PM PDT
APRIL 26 2019.........SUNRISE   609 AM PDT   SUNSET   734 PM PDT


-  INDICATES NEGATIVE NUMBERS.
R  INDICATES RECORD WAS SET OR TIED.
MM INDICATES DATA IS MISSING.
T  INDICATES TRACE AMOUNT.




$$
