000
CDUS43 KLMK 180632
CLIBWG


CLIMATE REPORT
NATIONAL WEATHER SERVICE LOUISVILLE KY
229 AM EDT THU APR 18 2019


...................................

...THE BOWLING GREEN KY CLIMATE SUMMARY FOR APRIL 17 2019...

CLIMATE NORMAL PERIOD 1981 TO 2010
CLIMATE RECORD PERIOD 1870 TO 2019


WEATHER ITEM   OBSERVED TIME   RECORD YEAR NORMAL DEPARTURE LAST
                VALUE   (LST)  VALUE       VALUE  FROM      YEAR
                                                  NORMAL
..................................................................
TEMPERATURE (F)
 YESTERDAY
  MAXIMUM         79    205 PM  90    1955  70      9       70
                                      1914
                                      1909
  MINIMUM         53    457 AM  18    1875  46      7       29
  AVERAGE         66                        58      8       50

PRECIPITATION (IN)
  YESTERDAY        0.00          1.20 1982   0.14  -0.14     0.00
  MONTH TO DATE    2.40                      2.30   0.10     2.52
  SINCE MAR 1      4.92                      6.71  -1.79     6.78
  SINCE JAN 1     19.35                     14.28   5.07    17.65

SNOWFALL (IN)
  YESTERDAY        0.0           0.0    MM   0.0    0.0      0.0
  MONTH TO DATE    0.0                       0.2   -0.2      0.3
  SINCE MAR 1      T                         1.3   -1.3      2.6
  SINCE JUL 1      5.1                       9.1   -4.0     11.0
  SNOW DEPTH       0

DEGREE DAYS
 HEATING
  YESTERDAY        0                         8     -8       15
  MONTH TO DATE  109                       171    -62      263
  SINCE MAR 1    702                       691     11      806
  SINCE JUL 1   3650                      3889   -239     3820

 COOLING
  YESTERDAY        1                         1      0        0
  MONTH TO DATE    9                        16     -7       11
  SINCE MAR 1     11                        21    -10       11
  SINCE JAN 1     11                        21    -10       26
..................................................................


WIND (MPH)
  HIGHEST WIND SPEED    20   HIGHEST WIND DIRECTION     S (190)
  HIGHEST GUST SPEED    27   HIGHEST GUST DIRECTION     S (200)
  AVERAGE WIND SPEED     9.1


SKY COVER
  POSSIBLE SUNSHINE  MM
  AVERAGE SKY COVER 0.1


WEATHER CONDITIONS
 THE FOLLOWING WEATHER WAS RECORDED YESTERDAY.
  NO SIGNIFICANT WEATHER WAS OBSERVED.


RELATIVE HUMIDITY (PERCENT)
 HIGHEST    83           500 AM
 LOWEST     35           200 PM
 AVERAGE    59

..........................................................


THE BOWLING GREEN KY CLIMATE NORMALS FOR TODAY
                         NORMAL    RECORD    YEAR
 MAXIMUM TEMPERATURE (F)   71        90      1917
                                             1909
 MINIMUM TEMPERATURE (F)   46        20      1875


SUNRISE AND SUNSET
APRIL 18 2019.........SUNRISE   608 AM CDT   SUNSET   723 PM CDT
APRIL 19 2019.........SUNRISE   607 AM CDT   SUNSET   724 PM CDT


-  INDICATES NEGATIVE NUMBERS.
R  INDICATES RECORD WAS SET OR TIED.
MM INDICATES DATA IS MISSING.
T  INDICATES TRACE AMOUNT.




$$
