000
CDUS43 KLMK 200636
CLIBWG


CLIMATE REPORT
NATIONAL WEATHER SERVICE LOUISVILLE KY
235 AM EDT THU JUN 20 2019


...................................

...THE BOWLING GREEN KY CLIMATE SUMMARY FOR JUNE 19 2019...

CLIMATE NORMAL PERIOD 1981 TO 2010
CLIMATE RECORD PERIOD 1870 TO 2019


WEATHER ITEM   OBSERVED TIME   RECORD YEAR NORMAL DEPARTURE LAST
                VALUE   (LST)  VALUE       VALUE  FROM      YEAR
                                                  NORMAL
..................................................................
TEMPERATURE (F)
 YESTERDAY
  MAXIMUM         87    350 PM 105    1931  87      0       94
  MINIMUM         69   1159 PM  49    1903  65      4       77
  AVERAGE         78                        76      2       86

PRECIPITATION (IN)
  YESTERDAY        0.66          1.25 1932   0.14   0.52     0.00
  MONTH TO DATE    4.60                      2.72   1.88     0.47
  SINCE JUN 1      4.60                      2.72   1.88     0.47
  SINCE JAN 1     29.49                     24.65   4.84    23.81

SNOWFALL (IN)
  YESTERDAY        0.0           0.0    MM   0.0    0.0      0.0
  MONTH TO DATE    0.0                       0.0    0.0      0.0
  SINCE JUN 1      0.0                       0.0    0.0      0.0
  SINCE JUL 1      5.1                       9.1   -4.0     11.0
  SNOW DEPTH       0

DEGREE DAYS
 HEATING
  YESTERDAY        0                         0      0        0
  MONTH TO DATE    0                         3     -3        0
  SINCE JUN 1      0                         3     -3        0
  SINCE JUL 1   3752                      4046   -294     3926

 COOLING
  YESTERDAY       13                        11      2       21
  MONTH TO DATE  164                       170     -6      271
  SINCE JUN 1    164                       170     -6      271
  SINCE JAN 1    430                       323    107      604
..................................................................


WIND (MPH)
  HIGHEST WIND SPEED    26   HIGHEST WIND DIRECTION     W (280)
  HIGHEST GUST SPEED    36   HIGHEST GUST DIRECTION     W (270)
  AVERAGE WIND SPEED     6.4


SKY COVER
  POSSIBLE SUNSHINE  MM
  AVERAGE SKY COVER 0.5


WEATHER CONDITIONS
 THE FOLLOWING WEATHER WAS RECORDED YESTERDAY.
  THUNDERSTORM
  HEAVY RAIN
  RAIN
  LIGHT RAIN
  FOG


RELATIVE HUMIDITY (PERCENT)
 HIGHEST    93           200 AM
 LOWEST     57           400 PM
 AVERAGE    75

..........................................................


THE BOWLING GREEN KY CLIMATE NORMALS FOR TODAY
                         NORMAL    RECORD    YEAR
 MAXIMUM TEMPERATURE (F)   87       102      1936
 MINIMUM TEMPERATURE (F)   65        49      1982


SUNRISE AND SUNSET
JUNE 20 2019..........SUNRISE   526 AM CDT   SUNSET   808 PM CDT
JUNE 21 2019..........SUNRISE   526 AM CDT   SUNSET   809 PM CDT


-  INDICATES NEGATIVE NUMBERS.
R  INDICATES RECORD WAS SET OR TIED.
MM INDICATES DATA IS MISSING.
T  INDICATES TRACE AMOUNT.




$$
