000
CDUS43 KLMK 220627
CLIBWG


CLIMATE REPORT
NATIONAL WEATHER SERVICE LOUISVILLE KY
226 AM EDT TUE MAY 22 2018


...................................

...THE BOWLING GREEN KY CLIMATE SUMMARY FOR MAY 21 2018...

CLIMATE NORMAL PERIOD 1981 TO 2010
CLIMATE RECORD PERIOD 1870 TO 2018


WEATHER ITEM   OBSERVED TIME   RECORD YEAR NORMAL DEPARTURE LAST
                VALUE   (LST)  VALUE       VALUE  FROM      YEAR
                                                  NORMAL
..................................................................
TEMPERATURE (F)
 YESTERDAY
  MAXIMUM         86    234 PM  96    1941  79      7       83
  MINIMUM         67    453 AM  38    1954  57     10       65
  AVERAGE         77                        68      9       74

PRECIPITATION (IN)
  YESTERDAY        0.52          1.99 1987   0.18   0.34     0.07
  MONTH TO DATE    3.29                      3.88  -0.59     4.40
  SINCE MAR 1     11.38                     12.63  -1.25    12.77
  SINCE JAN 1     22.25                     20.20   2.05    19.35

SNOWFALL (IN)
  YESTERDAY        0.0           0.0    MM   0.0    0.0      0.0
  MONTH TO DATE    0.0                       0.0    0.0      0.0
  SINCE MAR 1      2.6                       1.3    1.3       T
  SINCE JUL 1     11.0                       9.1    1.9      0.7
  SNOW DEPTH       0

DEGREE DAYS
 HEATING
  YESTERDAY        0                         2     -2        0
  MONTH TO DATE    2                        63    -61       56
  SINCE MAR 1    912                       834     78      604
  SINCE JUL 1   3926                      4032   -106     2985

 COOLING
  YESTERDAY       12                         5      7        9
  MONTH TO DATE  182                        62    120      100
  SINCE MAR 1    193                        98     95      190
  SINCE JAN 1    208                        98    110      194
..................................................................


WIND (MPH)
  HIGHEST WIND SPEED    23   HIGHEST WIND DIRECTION    SW (210)
  HIGHEST GUST SPEED    32   HIGHEST GUST DIRECTION    SW (220)
  AVERAGE WIND SPEED     3.6


SKY COVER
  POSSIBLE SUNSHINE  MM
  AVERAGE SKY COVER 0.3


WEATHER CONDITIONS
 THE FOLLOWING WEATHER WAS RECORDED YESTERDAY.
  THUNDERSTORM
  HEAVY RAIN
  LIGHT RAIN
  FOG
  HAZE


RELATIVE HUMIDITY (PERCENT)
 HIGHEST   100           400 AM
 LOWEST     59           300 PM
 AVERAGE    80

..........................................................


THE BOWLING GREEN KY CLIMATE NORMALS FOR TODAY
                         NORMAL    RECORD    YEAR
 MAXIMUM TEMPERATURE (F)   79        96      1925
 MINIMUM TEMPERATURE (F)   57        35      2002


SUNRISE AND SUNSET
MAY 22 2018...........SUNRISE   533 AM CDT   SUNSET   753 PM CDT
MAY 23 2018...........SUNRISE   532 AM CDT   SUNSET   753 PM CDT


-  INDICATES NEGATIVE NUMBERS.
R  INDICATES RECORD WAS SET OR TIED.
MM INDICATES DATA IS MISSING.
T  INDICATES TRACE AMOUNT.




$$
