000
CDUS45 KRIW 170102
CLIBYG


CLIMATE REPORT
NATIONAL WEATHER SERVICE RIVERTON WY
702 PM MDT TUE JUL 16 2019


...................................

...THE BUFFALO WY CLIMATE SUMMARY FOR JULY 16 2019...
VALID TODAY AS OF 0500 PM LOCAL TIME.

CLIMATE NORMAL PERIOD 1981 TO 2010
CLIMATE RECORD PERIOD 1998 TO 2019


WEATHER ITEM   OBSERVED TIME   RECORD YEAR NORMAL DEPARTURE LAST
                VALUE   (LST)  VALUE       VALUE  FROM      YEAR
                                                  NORMAL
..................................................................
TEMPERATURE (F)
 TODAY
  MAXIMUM         76        MM 101    2003  85     -9       83
  MINIMUM         59        MM  42    1999  57      2       59
  AVERAGE         68

PRECIPITATION (IN)
  TODAY            0.00          1.00 2012   0.06  -0.06     0.05
  MONTH TO DATE    2.28                      0.88   1.40     0.32
  SINCE JUN 1      4.30                      3.16   1.14     1.98
  SINCE JAN 1     12.10                      8.68   3.42     7.00

DEGREE DAYS
 HEATING
  TODAY            0                         1     -1        0
  MONTH TO DATE   19                        19      0        4
  SINCE JUN 1    183                       182      1      116
  SINCE JUL 1     19                        19      0        4

 COOLING
  TODAY            3                         7     -4        6
  MONTH TO DATE   55                        90    -35      132
  SINCE JUN 1     85                       141    -56      187
  SINCE JAN 1     85                       148    -63      198
..................................................................


WIND (MPH)
  HIGHEST WIND SPEED    16   HIGHEST WIND DIRECTION    SE (150)
  HIGHEST GUST SPEED    MM   HIGHEST GUST DIRECTION    MM
  AVERAGE WIND SPEED    10.0


SKY COVER
  POSSIBLE SUNSHINE  MM
  AVERAGE SKY COVER 0.1


WEATHER CONDITIONS
 THE FOLLOWING WEATHER WAS RECORDED TODAY.
  NO SIGNIFICANT WEATHER WAS OBSERVED.


RELATIVE HUMIDITY (PERCENT)
 HIGHEST    93          1200 AM
 LOWEST     58           400 PM
 AVERAGE    76

..........................................................


THE BUFFALO WY CLIMATE NORMALS FOR TOMORROW
                         NORMAL    RECORD    YEAR
 MAXIMUM TEMPERATURE (F)   86        95      2011
                                             2004
 MINIMUM TEMPERATURE (F)   58        52      1999


SUNRISE AND SUNSET
JULY 16 2019..........SUNRISE   537 AM MDT   SUNSET   848 PM MDT
JULY 17 2019..........SUNRISE   538 AM MDT   SUNSET   847 PM MDT


-  INDICATES NEGATIVE NUMBERS.
R  INDICATES RECORD WAS SET OR TIED.
MM INDICATES DATA IS MISSING.
T  INDICATES TRACE AMOUNT.




$$
