000
CDUS45 KRIW 240733
CLIBYG


CLIMATE REPORT
NATIONAL WEATHER SERVICE RIVERTON WY
128 AM MDT WED APR 24 2019


...................................

...THE BUFFALO WY CLIMATE SUMMARY FOR APRIL 23 2019...

CLIMATE NORMAL PERIOD 1981 TO 2010
CLIMATE RECORD PERIOD 1998 TO 2019


WEATHER ITEM   OBSERVED TIME   RECORD YEAR NORMAL DEPARTURE LAST
                VALUE   (LST)  VALUE       VALUE  FROM      YEAR
                                                  NORMAL
..................................................................
TEMPERATURE (F)
 YESTERDAY
  MAXIMUM         68    113 PM  82    2012  56     12       49
  MINIMUM         37    403 AM   8    2013  35      2       32
  AVERAGE         53                        46      7       41

PRECIPITATION (IN)
  YESTERDAY        0.00          0.53 2010   0.05  -0.05     0.06
  MONTH TO DATE    1.20                      0.79   0.41     0.47
  SINCE MAR 1      1.27                      1.71  -0.44     1.40
  SINCE JAN 1      1.40                      2.48  -1.08     1.74

DEGREE DAYS
 HEATING
  YESTERDAY       12                        19     -7       24
  MONTH TO DATE  474                       527    -53      585
  SINCE MAR 1   1532                      1477     55     1511
  SINCE JUL 1   6886                      6717    169     6655

 COOLING
  YESTERDAY        0                         0      0        0
  MONTH TO DATE    0                         0      0        0
  SINCE MAR 1      0                         0      0        0
  SINCE JAN 1      0                         0      0        0
..................................................................


WIND (MPH)
  HIGHEST WIND SPEED    14   HIGHEST WIND DIRECTION     N (350)
  HIGHEST GUST SPEED    19   HIGHEST GUST DIRECTION     N (10)
  AVERAGE WIND SPEED     5.8


SKY COVER
  POSSIBLE SUNSHINE  MM
  AVERAGE SKY COVER 0.3


WEATHER CONDITIONS
 THE FOLLOWING WEATHER WAS RECORDED YESTERDAY.
  NO SIGNIFICANT WEATHER WAS OBSERVED.


RELATIVE HUMIDITY (PERCENT)
 HIGHEST    79          1200 AM
 LOWEST     31          1100 AM
 AVERAGE    55

..........................................................


THE BUFFALO WY CLIMATE NORMALS FOR TODAY
                         NORMAL    RECORD    YEAR
 MAXIMUM TEMPERATURE (F)   57        80      2012
 MINIMUM TEMPERATURE (F)   35        23      2002


SUNRISE AND SUNSET
APRIL 24 2019.........SUNRISE   609 AM MDT   SUNSET   802 PM MDT
APRIL 25 2019.........SUNRISE   607 AM MDT   SUNSET   804 PM MDT


-  INDICATES NEGATIVE NUMBERS.
R  INDICATES RECORD WAS SET OR TIED.
MM INDICATES DATA IS MISSING.
T  INDICATES TRACE AMOUNT.




$$
