000
CDUS45 KPIH 250754
CLIBYI


CLIMATE REPORT
NATIONAL WEATHER SERVICE POCATELLO ID
145 AM MDT TUE JUN 25 2019


...................................

...THE BURLEY ID CLIMATE SUMMARY FOR JUNE 24 2019...

CLIMATE NORMAL PERIOD 1981 TO 2010
CLIMATE RECORD PERIOD 1948 TO 2019


WEATHER ITEM   OBSERVED TIME   RECORD YEAR NORMAL DEPARTURE LAST
                VALUE   (LST)  VALUE       VALUE  FROM      YEAR
                                                  NORMAL
..................................................................
TEMPERATURE (F)
 YESTERDAY
  MAXIMUM         75    517 PM  99    1990  79     -4       81
                                      1988
  MINIMUM         47    353 AM  36    1920  50     -3       49
  AVERAGE         61                        64     -3       65

PRECIPITATION (IN)
  YESTERDAY        0.00          0.47 1921   0.02  -0.02     0.00
  MONTH TO DATE    0.12                      0.78  -0.66     0.31
  SINCE OCT 1     11.41                      8.80   2.61     8.08
  SINCE JAN 1      7.51                      5.97   1.54     6.46

SNOWFALL (IN)
  YESTERDAY       MM
  MONTH TO DATE   MM
  SINCE JUN 1     MM
  SINCE JUL 1     MM
  SNOW DEPTH      MM

DEGREE DAYS
 HEATING
  YESTERDAY        4                         3      1        0
  MONTH TO DATE  115                       122     -7       59
  SINCE JUN 1    115                       122     -7       59
  SINCE JUL 1   6033                      6853   -820     5858

 COOLING
  YESTERDAY        0                         2     -2        0
  MONTH TO DATE   24                        32     -8       45
  SINCE JUN 1     24                        32     -8       45
  SINCE JAN 1     24                        38    -14       60
..................................................................


WIND (MPH)
  HIGHEST WIND SPEED    15   HIGHEST WIND DIRECTION     W (250)
  HIGHEST GUST SPEED    21   HIGHEST GUST DIRECTION     W (290)
  AVERAGE WIND SPEED     7.6


SKY COVER
  POSSIBLE SUNSHINE  MM
  AVERAGE SKY COVER 0.0


WEATHER CONDITIONS
 THE FOLLOWING WEATHER WAS RECORDED YESTERDAY.
  NO SIGNIFICANT WEATHER WAS OBSERVED.


RELATIVE HUMIDITY (PERCENT)
 HIGHEST    71           400 AM
 LOWEST     23           500 PM
 AVERAGE    47

..........................................................


THE BURLEY ID CLIMATE NORMALS FOR TODAY
                         NORMAL    RECORD    YEAR
 MAXIMUM TEMPERATURE (F)   80       101      1988
 MINIMUM TEMPERATURE (F)   50        31      1966


SUNRISE AND SUNSET
JUNE 25 2019..........SUNRISE   559 AM MDT   SUNSET   917 PM MDT
JUNE 26 2019..........SUNRISE   559 AM MDT   SUNSET   917 PM MDT


-  INDICATES NEGATIVE NUMBERS.
R  INDICATES RECORD WAS SET OR TIED.
MM INDICATES DATA IS MISSING.
T  INDICATES TRACE AMOUNT.




$$
