000
CDUS45 KTFX 252240
CLIBZN


CLIMATE REPORT
NATIONAL WEATHER SERVICE GREAT FALLS MT
440 PM MDT THU APR 25 2019


...................................

...THE BOZEMAN/GALLATIN FIELD MT CLIMATE SUMMARY FOR APRIL 25 2019...
VALID TODAY AS OF 0400 PM LOCAL TIME.

CLIMATE NORMAL PERIOD 1981 TO 2010
CLIMATE RECORD PERIOD 1935 TO 2019


WEATHER ITEM   OBSERVED TIME   RECORD YEAR NORMAL DEPARTURE LAST
                VALUE   (LST)  VALUE       VALUE  FROM      YEAR
                                                  NORMAL
..................................................................
TEMPERATURE (F)
 TODAY
  MAXIMUM         61    253 PM  83    1946  62     -1       66
  MINIMUM         28    551 AM  16    2002  33     -5       27
  AVERAGE         45                        48     -3       47

PRECIPITATION (IN)
  TODAY            0.00          0.59 1973   0.06  -0.06     0.00
  MONTH TO DATE    2.32                      1.29   1.03     3.10
  SINCE OCT 1      6.37                      5.52   0.85     8.79
  SINCE JAN 1      4.12                      3.14   0.98     5.81

DEGREE DAYS
 HEATING
  TODAY           20                        17      3       18
  MONTH TO DATE  515                       515      0      657
  SINCE MAR 1   1979                      1399    580     1701
  SINCE JUL 1   8270                      6979   1291     8021

 COOLING
  TODAY            0                         0      0        0
  MONTH TO DATE    0                         0      0        0
  SINCE MAR 1      0                         0      0        0
  SINCE JAN 1      0                         0      0        0
..................................................................


WIND (MPH)
  HIGHEST WIND SPEED    12   HIGHEST WIND DIRECTION    SE (150)
  HIGHEST GUST SPEED    14   HIGHEST GUST DIRECTION     N (360)
  AVERAGE WIND SPEED     5.4


SKY COVER
  AVERAGE SKY COVER 0.0


WEATHER CONDITIONS
 THE FOLLOWING WEATHER WAS RECORDED TODAY.
  NO SIGNIFICANT WEATHER WAS OBSERVED.


RELATIVE HUMIDITY (PERCENT)
 HIGHEST    78           600 AM
 LOWEST     27           300 PM
 AVERAGE    53

..........................................................


THE BOZEMAN/GALLATIN FIELD MT CLIMATE NORMALS FOR TOMORROW
                         NORMAL    RECORD    YEAR
 MAXIMUM TEMPERATURE (F)   62        81      1946
 MINIMUM TEMPERATURE (F)   33        21      1998


SUNRISE AND SUNSET
APRIL 25 2019.........SUNRISE   622 AM MDT   SUNSET   824 PM MDT
APRIL 26 2019.........SUNRISE   620 AM MDT   SUNSET   825 PM MDT


-  INDICATES NEGATIVE NUMBERS.
R  INDICATES RECORD WAS SET OR TIED.
MM INDICATES DATA IS MISSING.
T  INDICATES TRACE AMOUNT.




$$
