000
CDUS45 KTFX 160732
CLIBZN


CLIMATE REPORT
NATIONAL WEATHER SERVICE GREAT FALLS MT
132 AM MDT WED OCT 16 2019

...................................

...THE BOZEMAN/GALLATIN FIELD MT CLIMATE SUMMARY FOR OCTOBER 15 2019...

CLIMATE NORMAL PERIOD 1981 TO 2010
CLIMATE RECORD PERIOD 1935 TO 2019


WEATHER ITEM   OBSERVED TIME   RECORD YEAR NORMAL DEPARTURE LAST
                VALUE   (LST)  VALUE       VALUE  FROM      YEAR
                                                  NORMAL
...................................................................
TEMPERATURE (F)
 YESTERDAY
  MAXIMUM         58    432 PM  82    1991  62     -4       50
  MINIMUM         21    634 AM  18    1960  31    -10       20
                                      2002
  AVERAGE         40                        46     -6       35

PRECIPITATION (IN)
  YESTERDAY        0.00          1.24 1935   0.04  -0.04     0.00
  MONTH TO DATE    0.08                      0.60  -0.52     0.83
  SINCE OCT 1      0.08                      0.60  -0.52     0.83
  SINCE JAN 1     13.45                     12.21   1.24    14.18

SNOWFALL (IN)
  YESTERDAY        0.0           3.3  1994   0.0    0.0      0.0
  MONTH TO DATE    2.7                       0.7    2.0      2.0
  SINCE SEP 1      4.2                       1.0    3.2      2.5
  SINCE JUL 1      4.2                       1.0    3.2      2.5
  SNOW DEPTH       0

DEGREE DAYS
 HEATING
  YESTERDAY       25                        19      6       30
  MONTH TO DATE  399                       243    156      355
  SINCE SEP 1    678                       481    197      654
  SINCE JUL 1    765                       548    217      755

 COOLING
  YESTERDAY        0                         0      0        0
  MONTH TO DATE    0                         0      0        0
  SINCE SEP 1     28                        22      6       12
  SINCE JAN 1    179                       368   -189      202
...................................................................


WIND (MPH)
  HIGHEST WIND SPEED     9   HIGHEST WIND DIRECTION    SE (140)
  HIGHEST GUST SPEED     9   HIGHEST GUST DIRECTION    SE (140)
  AVERAGE WIND SPEED     2.8


SKY COVER
  AVERAGE SKY COVER 0.0


WEATHER CONDITIONS
THE FOLLOWING WEATHER WAS RECORDED YESTERDAY.
  NO SIGNIFICANT WEATHER WAS OBSERVED.


RELATIVE HUMIDITY (PERCENT)
 HIGHEST    85           200 AM
 LOWEST     33           400 PM
 AVERAGE    59

..........................................................


THE BOZEMAN/GALLATIN FIELD MT CLIMATE NORMALS FOR TODAY
                         NORMAL    RECORD    YEAR
 MAXIMUM TEMPERATURE (F)   61        80      1991
 MINIMUM TEMPERATURE (F)   31        18      1999


SUNRISE AND SUNSET
OCTOBER 16 2019.......SUNRISE   742 AM MDT   SUNSET   637 PM MDT
OCTOBER 17 2019.......SUNRISE   744 AM MDT   SUNSET   635 PM MDT


-  INDICATES NEGATIVE NUMBERS.
R  INDICATES RECORD WAS SET OR TIED.
MM INDICATES DATA IS MISSING.
T  INDICATES TRACE AMOUNT.




$$
