000
CDUS45 KTFX 150819
CLIBZN


CLIMATE REPORT
NATIONAL WEATHER SERVICE GREAT FALLS MT
216 AM MDT SAT JUN 15 2019


...................................

...THE BOZEMAN/GALLATIN FIELD MT CLIMATE SUMMARY FOR JUNE 14 2019...

CLIMATE NORMAL PERIOD 1981 TO 2010
CLIMATE RECORD PERIOD 1935 TO 2019


WEATHER ITEM   OBSERVED TIME   RECORD YEAR NORMAL DEPARTURE LAST
                VALUE   (LST)  VALUE       VALUE  FROM      YEAR
                                                  NORMAL
..................................................................
TEMPERATURE (F)
 YESTERDAY
  MAXIMUM         81    302 PM  93    1987  76      5       73
  MINIMUM         49    235 AM  28    1945  46      3       48
  AVERAGE         65                        61      4       61

PRECIPITATION (IN)
  YESTERDAY        0.00          0.59 1941   0.08  -0.08     0.00
  MONTH TO DATE    1.07                      1.31  -0.24     0.72
  SINCE OCT 1      9.61                      9.59   0.02    11.53
  SINCE JAN 1      7.36                      7.21   0.15     8.55

SNOWFALL (IN)
  YESTERDAY        0.0           0.0  2000   0.0    0.0      0.0
                                      1994
  MONTH TO DATE    0.0                       0.3   -0.3      0.0
  SINCE JUN 1      0.0                       0.3   -0.3      0.0
  SINCE JUL 1     57.3                      40.2   17.1     67.6
  SNOW DEPTH       0

DEGREE DAYS
 HEATING
  YESTERDAY        0                         5     -5        4
  MONTH TO DATE   85                        88     -3       88
  SINCE JUN 1     85                        88     -3       88
  SINCE JUL 1   8961                      7505   1456     8468

 COOLING
  YESTERDAY        0                         1     -1        0
  MONTH TO DATE    3                        10     -7        5
  SINCE JUN 1      3                        10     -7        5
  SINCE JAN 1      3                        14    -11        5
..................................................................


WIND (MPH)
  HIGHEST WIND SPEED    17   HIGHEST WIND DIRECTION    NW (310)
  HIGHEST GUST SPEED    23   HIGHEST GUST DIRECTION    SW (220)
  AVERAGE WIND SPEED     7.8


SKY COVER
  AVERAGE SKY COVER 0.4


WEATHER CONDITIONS
 THE FOLLOWING WEATHER WAS RECORDED YESTERDAY.
  THUNDERSTORM


RELATIVE HUMIDITY (PERCENT)
 HIGHEST    93
 LOWEST     28
 AVERAGE    61

..........................................................


THE BOZEMAN/GALLATIN FIELD MT CLIMATE NORMALS FOR TODAY
                         NORMAL    RECORD    YEAR
 MAXIMUM TEMPERATURE (F)   77        88      1987
 MINIMUM TEMPERATURE (F)   46        29      1991


SUNRISE AND SUNSET
JUNE 15 2019..........SUNRISE   534 AM MDT   SUNSET   916 PM MDT
JUNE 16 2019..........SUNRISE   534 AM MDT   SUNSET   917 PM MDT


-  INDICATES NEGATIVE NUMBERS.
R  INDICATES RECORD WAS SET OR TIED.
MM INDICATES DATA IS MISSING.
T  INDICATES TRACE AMOUNT.




$$
