000
CDUS42 KCAE 232129
CLICAE


CLIMATE REPORT
NATIONAL WEATHER SERVICE COLUMBIA SC
529 PM EDT TUE APR 23 2019


...................................

...THE COLUMBIA METRO AIRPORT SC CLIMATE SUMMARY FOR APRIL 23 2019...
VALID TODAY AS OF 0500 PM LOCAL TIME.

CLIMATE NORMAL PERIOD 1981 TO 2010
CLIMATE RECORD PERIOD 1887 TO 2019


WEATHER ITEM   OBSERVED TIME   RECORD YEAR NORMAL DEPARTURE LAST
                VALUE   (LST)  VALUE       VALUE  FROM      YEAR
                                                  NORMAL
..................................................................
TEMPERATURE (F)
 TODAY
  MAXIMUM         88    359 PM  94    1970  78     10       65
  MINIMUM         50    602 AM  32    1993  52     -2       58
  AVERAGE         69                        65      4       62

PRECIPITATION (IN)
  TODAY            0.00          2.27 1971   0.09  -0.09     1.06
  MONTH TO DATE    2.86                      2.02   0.84     2.23
  SINCE MAR 1      5.47                      5.75  -0.28     5.20
  SINCE JAN 1      9.36                     12.94  -3.58     9.23

SNOWFALL (IN)
  TODAY            0.0          MM      MM   0.0             0.0
  MONTH TO DATE    0.0                       0.0             0.0
  SINCE MAR 1      0.0                       0.1             0.0
  SINCE JUL 1      0.0                       1.5              T

DEGREE DAYS
 HEATING
  TODAY            0                         3     -3        3
  MONTH TO DATE   93                       106    -13      110
  SINCE MAR 1    401                       416    -15      449
  SINCE JUL 1   2247                      2515   -268     2173

 COOLING
  TODAY            4                         3      1        0
  MONTH TO DATE   74                        48     26       36
  SINCE MAR 1     81                        66     15       48
  SINCE JAN 1     90                        70     20      108
..................................................................


WIND (MPH)
  HIGHEST WIND SPEED    16   HIGHEST WIND DIRECTION     W (260)
  HIGHEST GUST SPEED    20   HIGHEST GUST DIRECTION     W (260)
  AVERAGE WIND SPEED     3.6


SKY COVER
  AVERAGE SKY COVER 0.2


WEATHER CONDITIONS
 THE FOLLOWING WEATHER WAS RECORDED TODAY.
  FOG


RELATIVE HUMIDITY (PERCENT)
 HIGHEST    86           600 AM
 LOWEST     24           400 PM
 AVERAGE    55

..........................................................


THE COLUMBIA METRO AIRPORT SC CLIMATE NORMALS FOR TOMORROW
                         NORMAL    RECORD    YEAR
 MAXIMUM TEMPERATURE (F)   78        94      1925
 MINIMUM TEMPERATURE (F)   53        30      1986


SUNRISE AND SUNSET
APRIL 23 2019.........SUNRISE   644 AM EDT   SUNSET   802 PM EDT
APRIL 24 2019.........SUNRISE   643 AM EDT   SUNSET   803 PM EDT


-  INDICATES NEGATIVE NUMBERS.
R  INDICATES RECORD WAS SET OR TIED.
MM INDICATES DATA IS MISSING.
T  INDICATES TRACE AMOUNT.




$$
