000
CDUS42 KCAE 170642
CLICAE


CLIMATE REPORT
NATIONAL WEATHER SERVICE COLUMBIA SC
242 AM EDT WED JUL 17 2019


...................................

...THE COLUMBIA METRO AIRPORT SC CLIMATE SUMMARY FOR JULY 16 2019...

CLIMATE NORMAL PERIOD 1981 TO 2010
CLIMATE RECORD PERIOD 1887 TO 2019


WEATHER ITEM   OBSERVED TIME   RECORD YEAR NORMAL DEPARTURE LAST
                VALUE   (LST)  VALUE       VALUE  FROM      YEAR
                                                  NORMAL
..................................................................
TEMPERATURE (F)
 YESTERDAY
  MAXIMUM         97    445 PM 103    1983  93      4       92
  MINIMUM         74    624 AM  59    1967  72      2       75
  AVERAGE         86                        82      4       84

PRECIPITATION (IN)
  YESTERDAY        0.00          2.80 1997   0.17  -0.17     0.01
  MONTH TO DATE    2.52                      2.65  -0.13     0.36
  SINCE JUN 1     10.55                      7.34   3.21     3.81
  SINCE JAN 1     22.26                     23.85  -1.59    16.67

SNOWFALL (IN)
  YESTERDAY        0.0          MM      MM   0.0             0.0
  MONTH TO DATE    0.0                       0.0             0.0
  SINCE JUN 1      0.0                       0.0             0.0
  SINCE JUL 1      0.0                       0.0             0.0

DEGREE DAYS
 HEATING
  YESTERDAY        0                         0      0        0
  MONTH TO DATE    0                         0      0        0
  SINCE JUN 1      0                         1     -1        0
  SINCE JUL 1      0                         0      0        0

 COOLING
  YESTERDAY       21                        17      4       19
  MONTH TO DATE  304                       272     32      312
  SINCE JUN 1    718                       696     22      851
  SINCE JAN 1   1238                      1017    221     1345
..................................................................


WIND (MPH)
  HIGHEST WIND SPEED    18   HIGHEST WIND DIRECTION     S (170)
  HIGHEST GUST SPEED    24   HIGHEST GUST DIRECTION     S (160)
  AVERAGE WIND SPEED     2.4


SKY COVER
  AVERAGE SKY COVER 0.4


WEATHER CONDITIONS
 THE FOLLOWING WEATHER WAS RECORDED YESTERDAY.
  THUNDERSTORM


RELATIVE HUMIDITY (PERCENT)
 HIGHEST    93           400 AM
 LOWEST     42           200 PM
 AVERAGE    68

..........................................................


THE COLUMBIA METRO AIRPORT SC CLIMATE NORMALS FOR TODAY
                         NORMAL    RECORD    YEAR
 MAXIMUM TEMPERATURE (F)   93       103      1899
 MINIMUM TEMPERATURE (F)   72        60      1960


SUNRISE AND SUNSET
JULY 17 2019..........SUNRISE   626 AM EDT   SUNSET   835 PM EDT
JULY 18 2019..........SUNRISE   626 AM EDT   SUNSET   835 PM EDT


-  INDICATES NEGATIVE NUMBERS.
R  INDICATES RECORD WAS SET OR TIED.
MM INDICATES DATA IS MISSING.
T  INDICATES TRACE AMOUNT.




$$
