000
CDUS41 KCLE 190527
CLICAK


CLIMATE REPORT
NATIONAL WEATHER SERVICE CLEVELAND OH
126 AM EDT FRI APR 19 2019


...................................

...THE AKRON CANTON OH CLIMATE SUMMARY FOR APRIL 18 2019...

CLIMATE NORMAL PERIOD 1981 TO 2010
CLIMATE RECORD PERIOD 1887 TO 2019


WEATHER ITEM   OBSERVED TIME   RECORD YEAR NORMAL DEPARTURE LAST
                VALUE   (LST)  VALUE       VALUE  FROM      YEAR
                                                  NORMAL
..................................................................
TEMPERATURE (F)
 YESTERDAY
  MAXIMUM         79    341 PM  86    1896  61     18       52
  MINIMUM         61    331 AM  24    1983  40     21       29
                                      1953
  AVERAGE         70                        50     20       41

PRECIPITATION (IN)
  YESTERDAY        0.01                      0.12  -0.11     0.02
  MONTH TO DATE    1.89                      2.16  -0.27     5.08
  SINCE MAR 1      5.37                      5.14   0.23     8.17
  SINCE JAN 1     11.82                     10.06   1.76    15.72

SNOWFALL (IN)
  YESTERDAY        0.0                       0.1   -0.1      0.0
  MONTH TO DATE    T                         2.4   -2.4      5.3
  SINCE MAR 1      4.7                      10.6   -5.9     14.2
  SINCE JUL 1     41.8                      47.1   -5.3     52.4
  SNOW DEPTH       0

DEGREE DAYS
 HEATING
  YESTERDAY        0                        15    -15       24
  MONTH TO DATE  215                       325   -110      398
  SINCE MAR 1   1106                      1176    -70     1340
  SINCE JUL 1   5352                      5720   -368     5486

 COOLING
  YESTERDAY        5                         0      5        0
  MONTH TO DATE    5                         0      5        8
  SINCE MAR 1      5                         0      5        8
  SINCE JAN 1      5                         0      5       11
..................................................................


WIND (MPH)
  HIGHEST WIND SPEED    31   HIGHEST WIND DIRECTION    SW (220)
  HIGHEST GUST SPEED    39   HIGHEST GUST DIRECTION    SW (220)
  AVERAGE WIND SPEED    13.9


SKY COVER
  POSSIBLE SUNSHINE  MM
  AVERAGE SKY COVER 0.8


WEATHER CONDITIONS
 THE FOLLOWING WEATHER WAS RECORDED YESTERDAY.
  LIGHT RAIN


RELATIVE HUMIDITY (PERCENT)
 HIGHEST    60           300 AM
 LOWEST     37           400 PM
 AVERAGE    49

..........................................................


THE AKRON CANTON OH CLIMATE NORMALS FOR TODAY
                         NORMAL    RECORD    YEAR
 MAXIMUM TEMPERATURE (F)   61        85      1941
 MINIMUM TEMPERATURE (F)   40        22      1983


SUNRISE AND SUNSET
APRIL 19 2019.........SUNRISE   641 AM EDT   SUNSET   809 PM EDT
APRIL 20 2019.........SUNRISE   640 AM EDT   SUNSET   810 PM EDT


-  INDICATES NEGATIVE NUMBERS.
R  INDICATES RECORD WAS SET OR TIED.
MM INDICATES DATA IS MISSING.
T  INDICATES TRACE AMOUNT.




$$
