000
CDUS41 KCLE 180526
CLICAK


CLIMATE REPORT
NATIONAL WEATHER SERVICE CLEVELAND OH
126 AM EDT TUE JUN 18 2019


...................................

...THE AKRON CANTON OH CLIMATE SUMMARY FOR JUNE 17 2019...

CLIMATE NORMAL PERIOD 1981 TO 2010
CLIMATE RECORD PERIOD 1887 TO 2019


WEATHER ITEM   OBSERVED TIME   RECORD YEAR NORMAL DEPARTURE LAST
                VALUE   (LST)  VALUE       VALUE  FROM      YEAR
                                                  NORMAL
..................................................................
TEMPERATURE (F)
 YESTERDAY
  MAXIMUM         77    102 PM  94    2018  79     -2       94
                                      1957
  MINIMUM         65    352 AM  40    1980  58      7       66
  AVERAGE         71                        68      3       80

PRECIPITATION (IN)
  YESTERDAY        0.95                      0.13   0.82     0.00
  MONTH TO DATE    6.22                      2.16   4.06     1.50
  SINCE JUN 1      6.22                      2.16   4.06     1.50
  SINCE JAN 1     22.82                     17.89   4.93    21.87

SNOWFALL (IN)
  YESTERDAY        0.0                       0.0    0.0      0.0
  MONTH TO DATE    0.0                       0.0    0.0      0.0
  SINCE JUN 1      0.0                       0.0    0.0      0.0
  SINCE JUL 1     41.8                      47.5   -5.7     53.3
  SNOW DEPTH       0

DEGREE DAYS
 HEATING
  YESTERDAY        0                         1     -1        0
  MONTH TO DATE   25                        40    -15       17
  SINCE JUN 1     25                        40    -15       17
  SINCE JUL 1   5656                      6141   -485     5739

 COOLING
  YESTERDAY        6                         5      1       15
  MONTH TO DATE   46                        59    -13       88
  SINCE JUN 1     46                        59    -13       88
  SINCE JAN 1    130                       101     29      239
..................................................................


WIND (MPH)
  HIGHEST WIND SPEED    13   HIGHEST WIND DIRECTION    SW (210)
  HIGHEST GUST SPEED    16   HIGHEST GUST DIRECTION     W (250)
  AVERAGE WIND SPEED     5.0


SKY COVER
  POSSIBLE SUNSHINE  MM
  AVERAGE SKY COVER 1.0


WEATHER CONDITIONS
 THE FOLLOWING WEATHER WAS RECORDED YESTERDAY.
  HEAVY RAIN
  RAIN
  LIGHT RAIN
  FOG
  HAZE


RELATIVE HUMIDITY (PERCENT)
 HIGHEST    90           900 AM
 LOWEST     74           100 PM
 AVERAGE    82

..........................................................


THE AKRON CANTON OH CLIMATE NORMALS FOR TODAY
                         NORMAL    RECORD    YEAR
 MAXIMUM TEMPERATURE (F)   79        96      1944
 MINIMUM TEMPERATURE (F)   59        39      1950


SUNRISE AND SUNSET
JUNE 18 2019..........SUNRISE   553 AM EDT   SUNSET   900 PM EDT
JUNE 19 2019..........SUNRISE   554 AM EDT   SUNSET   901 PM EDT


-  INDICATES NEGATIVE NUMBERS.
R  INDICATES RECORD WAS SET OR TIED.
MM INDICATES DATA IS MISSING.
T  INDICATES TRACE AMOUNT.




$$
