000
CDUS45 KABQ 240834
CLICAO


CLIMATE REPORT
NATIONAL WEATHER SERVICE ALBUQUERQUE NM
233 AM MDT MON JUN 24 2019


...................................

...THE CLAYTON  NM CLIMATE SUMMARY FOR JUNE 23 2019...

CLIMATE NORMAL PERIOD 1981 TO 2010
CLIMATE RECORD PERIOD 1896 TO 2019


WEATHER ITEM   OBSERVED TIME   RECORD YEAR NORMAL DEPARTURE
                VALUE   (LST)  VALUE       VALUE  FROM
                                                  NORMAL
...............................................................
TEMPERATURE (F)
 YESTERDAY
  MAXIMUM         82    446 PM 102    1924  87     -5
  MINIMUM         46   1159 PM  45    1926  58    -12
  AVERAGE         64                        72     -8

PRECIPITATION (IN)
  YESTERDAY        0.00          1.20 1932   0.07  -0.07
  MONTH TO DATE    1.46                      1.62  -0.16
  SINCE JUN 1      1.46                      1.62  -0.16
  SINCE JAN 1      7.17                      6.09   1.08

SNOWFALL (IN)
  YESTERDAY        0.0
  MONTH TO DATE    0.0
  SINCE JUN 1      0.0
  SINCE JUL 1     14.6

DEGREE DAYS
 HEATING
  YESTERDAY        1                         0      1
  MONTH TO DATE   22                        21      1
  SINCE JUN 1     22                        21      1
  SINCE JUL 1   5143                      4882    261

 COOLING
  YESTERDAY        0                         8     -8
  MONTH TO DATE   83                       124    -41
  SINCE JUN 1     83                       124    -41
  SINCE JAN 1     96                       175    -79
...............................................................


WIND (MPH)
  HIGHEST WIND SPEED    26   HIGHEST WIND DIRECTION    NE (30)
  HIGHEST GUST SPEED    33   HIGHEST GUST DIRECTION     N (20)
  AVERAGE WIND SPEED    11.1


SKY COVER
  AVERAGE SKY COVER 0.3


WEATHER CONDITIONS
 THE FOLLOWING WEATHER WAS RECORDED YESTERDAY.
  THUNDERSTORM


RELATIVE HUMIDITY (PERCENT)
 HIGHEST    96           300 AM
 LOWEST     13           500 PM
 AVERAGE    55

..........................................................


THE CLAYTON  NM CLIMATE NORMALS FOR TODAY
                         NORMAL    RECORD    YEAR
 MAXIMUM TEMPERATURE (F)   87       102      1990
 MINIMUM TEMPERATURE (F)   58        49      1940
                                             1928


SUNRISE AND SUNSET
JUNE 24 2019..........SUNRISE   536 AM MDT   SUNSET   814 PM MDT
JUNE 25 2019..........SUNRISE   536 AM MDT   SUNSET   815 PM MDT


-  INDICATES NEGATIVE NUMBERS.
R  INDICATES RECORD WAS SET OR TIED.
MM INDICATES DATA IS MISSING.
T  INDICATES TRACE AMOUNT.




$$
