000
CDUS45 KABQ 210826
CLICAO


CLIMATE REPORT
NATIONAL WEATHER SERVICE ALBUQUERQUE NM
226 AM MDT SAT APR 21 2018


...................................

...THE CLAYTON  NM CLIMATE SUMMARY FOR APRIL 20 2018...

CLIMATE NORMAL PERIOD 1981 TO 2010
CLIMATE RECORD PERIOD 1896 TO 2018


WEATHER ITEM   OBSERVED TIME   RECORD YEAR NORMAL DEPARTURE
                VALUE   (LST)  VALUE       VALUE  FROM
                                                  NORMAL
...............................................................
TEMPERATURE (F)
 YESTERDAY
  MAXIMUM         50    111 PM  90    1989  68    -18
  MINIMUM         36    401 PM  20    1966  39     -3
  AVERAGE         43                        54    -11

PRECIPITATION (IN)
  YESTERDAY        0.88R         0.85 1913   0.04   0.84
  MONTH TO DATE    0.90                      0.57   0.33
  SINCE MAR 1      0.97                      1.52  -0.55
  SINCE JAN 1      1.00                      2.14  -1.14

SNOWFALL (IN)
  YESTERDAY        0.0
  MONTH TO DATE    T
  SINCE MAR 1      T
  SINCE JUL 1      0.8

DEGREE DAYS
 HEATING
  YESTERDAY       22                        12     10
  MONTH TO DATE  335                       285     50
  SINCE MAR 1    902                       929    -27
  SINCE JUL 1   4282                      4606   -324

 COOLING
  YESTERDAY        0                         0      0
  MONTH TO DATE    6                         0      6
  SINCE MAR 1      6                         1      5
  SINCE JAN 1      6                         1      5
...............................................................


WIND (MPH)
  HIGHEST WIND SPEED    31   HIGHEST WIND DIRECTION     S (160)
  HIGHEST GUST SPEED    40   HIGHEST GUST DIRECTION     S (160)
  AVERAGE WIND SPEED    15.2


SKY COVER
  AVERAGE SKY COVER 0.9


WEATHER CONDITIONS
 THE FOLLOWING WEATHER WAS RECORDED YESTERDAY.
  THUNDERSTORM
  HEAVY RAIN
  RAIN
  LIGHT RAIN
  FOG
  FOG W/VISIBILITY <= 1/4 MILE


RELATIVE HUMIDITY (PERCENT)
 HIGHEST   100           400 PM
 LOWEST     45           200 AM
 AVERAGE    73

..........................................................


THE CLAYTON  NM CLIMATE NORMALS FOR TODAY
                         NORMAL    RECORD    YEAR
 MAXIMUM TEMPERATURE (F)   69        90      1989
 MINIMUM TEMPERATURE (F)   39        21      1927


SUNRISE AND SUNSET
APRIL 21 2018.........SUNRISE   611 AM MDT   SUNSET   732 PM MDT
APRIL 22 2018.........SUNRISE   610 AM MDT   SUNSET   733 PM MDT


-  INDICATES NEGATIVE NUMBERS.
R  INDICATES RECORD WAS SET OR TIED.
MM INDICATES DATA IS MISSING.
T  INDICATES TRACE AMOUNT.




$$
