818
CDUS45 KABQ 180831
CLICAO


CLIMATE REPORT
NATIONAL WEATHER SERVICE ALBUQUERQUE NM
230 AM MDT THU APR 18 2019


...................................

...THE CLAYTON  NM CLIMATE SUMMARY FOR APRIL 17 2019...

CLIMATE NORMAL PERIOD 1981 TO 2010
CLIMATE RECORD PERIOD 1896 TO 2019


WEATHER ITEM   OBSERVED TIME   RECORD YEAR NORMAL DEPARTURE
                VALUE   (LST)  VALUE       VALUE  FROM
                                                  NORMAL
...............................................................
TEMPERATURE (F)
 YESTERDAY
  MAXIMUM         67   1036 AM  88    1925  67      0
                                      1913
  MINIMUM         43   1121 PM  17    1945  38      5
  AVERAGE         55                        53      2

PRECIPITATION (IN)
  YESTERDAY        0.14          1.91 1942   0.03   0.11
  MONTH TO DATE    0.24                      0.46  -0.22
  SINCE MAR 1      2.57                      1.41   1.16
  SINCE JAN 1      3.34                      2.03   1.31

SNOWFALL (IN)
  YESTERDAY        0.0
  MONTH TO DATE    0.1
  SINCE MAR 1      2.2
  SINCE JUL 1     14.6

DEGREE DAYS
 HEATING
  YESTERDAY       10                        12     -2
  MONTH TO DATE  219                       249    -30
  SINCE MAR 1    947                       893     54
  SINCE JUL 1   4742                      4570    172

 COOLING
  YESTERDAY        0                         0      0
  MONTH TO DATE    0                         0      0
  SINCE MAR 1      0                         1     -1
  SINCE JAN 1      0                         1     -1
...............................................................


WIND (MPH)
  HIGHEST WIND SPEED    35   HIGHEST WIND DIRECTION    NE (30)
  HIGHEST GUST SPEED    43   HIGHEST GUST DIRECTION     N (20)
  AVERAGE WIND SPEED    15.2


SKY COVER
  AVERAGE SKY COVER 0.4


WEATHER CONDITIONS
 THE FOLLOWING WEATHER WAS RECORDED YESTERDAY.
  THUNDERSTORM
  HEAVY RAIN
  RAIN
  LIGHT RAIN
  FOG


RELATIVE HUMIDITY (PERCENT)
 HIGHEST    83           600 PM
 LOWEST     30           400 AM
 AVERAGE    57

..........................................................


THE CLAYTON  NM CLIMATE NORMALS FOR TODAY
                         NORMAL    RECORD    YEAR
 MAXIMUM TEMPERATURE (F)   68        88      1948
 MINIMUM TEMPERATURE (F)   38        16      1953


SUNRISE AND SUNSET
APRIL 18 2019.........SUNRISE   615 AM MDT   SUNSET   729 PM MDT
APRIL 19 2019.........SUNRISE   614 AM MDT   SUNSET   730 PM MDT


-  INDICATES NEGATIVE NUMBERS.
R  INDICATES RECORD WAS SET OR TIED.
MM INDICATES DATA IS MISSING.
T  INDICATES TRACE AMOUNT.




$$
