000
CDUS41 KCAR 240546
CLICAR


CLIMATE REPORT
NATIONAL WEATHER SERVICE CARIBOU, ME
146 AM EDT MON JUN 24 2019


...................................

...THE CARIBOU ME CLIMATE SUMMARY FOR JUNE 23 2019...

CLIMATE NORMAL PERIOD 1981 TO 2010
CLIMATE RECORD PERIOD 1939 TO 2019


WEATHER ITEM   OBSERVED TIME   RECORD YEAR NORMAL DEPARTURE LAST
                VALUE   (LST)  VALUE       VALUE  FROM      YEAR
                                                  NORMAL
..................................................................
TEMPERATURE (F)
 YESTERDAY
  MAXIMUM         75    203 PM  91    1983  73      2       78
                                      1975
  MINIMUM         51   1159 PM  40    1948  52     -1       50
  AVERAGE         63                        63      0       64

PRECIPITATION (IN)
  YESTERDAY        0.00          0.99 2002   0.12  -0.12      T
  MONTH TO DATE    2.49                      2.58  -0.09     1.59
  SINCE JUN 1      2.49                      2.58  -0.09     1.59
  SINCE JAN 1     20.80                     16.00   4.80    18.74

SNOWFALL (IN)
  YESTERDAY        0.0           0.0  2002   0.0    0.0      0.0
                                      2001
  MONTH TO DATE    0.0                       0.0    0.0      0.0
  SINCE JUN 1      0.0                       0.0    0.0      0.0
  SINCE JUL 1    165.4                     108.7   56.7    137.2
  SNOW DEPTH       0

DEGREE DAYS
 HEATING
  YESTERDAY        2                         4     -2        1
  MONTH TO DATE  121                       142    -21      183
  SINCE JUN 1    121                       142    -21      183
  SINCE JUL 1   9551                      9331    220     8743

 COOLING
  YESTERDAY        0                         2     -2        0
  MONTH TO DATE    2                        22    -20        7
  SINCE JUN 1      2                        22    -20        7
  SINCE JAN 1      2                        27    -25       11
..................................................................


WIND (MPH)
  HIGHEST WIND SPEED    24   HIGHEST WIND DIRECTION    NW (320)
  HIGHEST GUST SPEED    35   HIGHEST GUST DIRECTION    NW (320)
  AVERAGE WIND SPEED    12.8


SKY COVER
  POSSIBLE SUNSHINE  MM
  AVERAGE SKY COVER 0.1


WEATHER CONDITIONS
 THE FOLLOWING WEATHER WAS RECORDED YESTERDAY.
  NO SIGNIFICANT WEATHER WAS OBSERVED.


RELATIVE HUMIDITY (PERCENT)
 HIGHEST    60           500 AM
 LOWEST     23           300 PM
 AVERAGE    42

..........................................................


THE CARIBOU ME CLIMATE NORMALS FOR TODAY
                         NORMAL    RECORD    YEAR
 MAXIMUM TEMPERATURE (F)   74        93      1995
 MINIMUM TEMPERATURE (F)   52        40      1988
                                             1959


SUNRISE AND SUNSET
JUNE 24 2019..........SUNRISE   438 AM EDT   SUNSET   831 PM EDT
JUNE 25 2019..........SUNRISE   439 AM EDT   SUNSET   831 PM EDT


-  INDICATES NEGATIVE NUMBERS.
R  INDICATES RECORD WAS SET OR TIED.
MM INDICATES DATA IS MISSING.
T  INDICATES TRACE AMOUNT.
----------------------------------------------------------------
THE CARIBOU ME 4 INCH SOIL TEMPERATURES UNDER SOD FOR JUNE 23 2019

MAXIMUM SOIL TEMPERATURE (F)...67F
MINIMUM SOIL TEMPERATURE (F)...59F


$$
