000
CDAK48 PAFC 220029
CLICDB


CLIMATE REPORT
NATIONAL WEATHER SERVICE ANCHORAGE, AK
429 PM AKDT SUN APR 21 2019


...................................

...THE COLD BAY CLIMATE SUMMARY FOR APRIL 21 2019...
VALID TODAY AS OF 0400 PM LOCAL TIME.

CLIMATE NORMAL PERIOD 1981 TO 2010
CLIMATE RECORD PERIOD 1942 TO 2019


WEATHER ITEM   OBSERVED TIME   RECORD YEAR NORMAL DEPARTURE LAST
                VALUE   (LST)  VALUE       VALUE  FROM      YEAR
                                                  NORMAL
..................................................................
TEMPERATURE (F)
 TODAY
  MAXIMUM         35        MM  51    1981  40     -5       42
  MINIMUM         29        MM  14    2015  30     -1       28
  AVERAGE         32                        35     -3       35

PRECIPITATION (IN)
  TODAY            0.12          0.65 2009   0.08   0.04     0.16
  MONTH TO DATE    1.06                      1.71  -0.65     2.92
  SINCE DEC 1     21.14                     15.01   6.13    16.02
  SINCE JAN 1     16.43                     10.55   5.88    11.39

SNOWFALL (IN)
  TODAY           MM             1.4  2000   0.2   MM        0.0
  MONTH TO DATE    0.1                       5.4   -5.3       T
  SINCE DEC 1     41.9                      58.0  -16.1     39.2
  SINCE JUL 1     45.1                      70.6  -25.5     41.4
  SNOW DEPTH       0

DEGREE DAYS
 HEATING
  TODAY           33                        30      3       30
  MONTH TO DATE  547                       671   -124      584
  SINCE MAR 1   1454                      1753   -299     1508
  SINCE JUL 1   6798                      7971  -1173     7051

 COOLING
  TODAY            0                         0      0        0
  MONTH TO DATE    0                         0      0        0
  SINCE MAR 1      0                         0      0        0
  SINCE JAN 1      0                         0      0        0
..................................................................


WIND (MPH)
  RESULTANT WIND SPEED   9   RESULTANT WIND DIRECTION  NW (310)
  HIGHEST WIND SPEED    22   HIGHEST WIND DIRECTION    NW (330)
  HIGHEST GUST SPEED    32   HIGHEST GUST DIRECTION     N (350)
  AVERAGE WIND SPEED    11.2



WEATHER CONDITIONS
 THE FOLLOWING WEATHER WAS RECORDED TODAY.
  LIGHT SNOW
  FOG


RELATIVE HUMIDITY (PERCENT)
 HIGHEST    92
 LOWEST     61
 AVERAGE    77

..........................................................


THE COLD BAY CLIMATE NORMALS FOR TOMORROW
                         NORMAL    RECORD    YEAR
 MAXIMUM TEMPERATURE (F)   40        49      2014
                                             1964
                                             1945
 MINIMUM TEMPERATURE (F)   30        20      1971


SUNRISE AND SUNSET
APRIL 21 2019.........SUNRISE   733 AM AKDT  SUNSET  1008 PM AKDT
APRIL 22 2019.........SUNRISE   730 AM AKDT  SUNSET  1010 PM AKDT


-  INDICATES NEGATIVE NUMBERS.
R  INDICATES RECORD WAS SET OR TIED.
MM INDICATES DATA IS MISSING.
T  INDICATES TRACE AMOUNT.




$$
