000
CDAK48 PAFC 170054
CLICDB


CLIMATE REPORT
NATIONAL WEATHER SERVICE ANCHORAGE, AK
450 PM AKDT SUN JUN 16 2019


...................................

...THE COLD BAY CLIMATE SUMMARY FOR JUNE 16 2019...
VALID TODAY AS OF 0400 PM LOCAL TIME.

CLIMATE NORMAL PERIOD 1981 TO 2010
CLIMATE RECORD PERIOD 1942 TO 2019


WEATHER ITEM   OBSERVED TIME   RECORD YEAR NORMAL DEPARTURE LAST
                VALUE   (LST)  VALUE       VALUE  FROM      YEAR
                                                  NORMAL
..................................................................
TEMPERATURE (F)
 TODAY
  MAXIMUM         55    248 PM  66    2002  51      4       48
  MINIMUM         47    351 AM  30    2001  42      5       45
  AVERAGE         51                        46      5       47

PRECIPITATION (IN)
  TODAY            0.01          1.14 1970   0.09  -0.08     0.50
  MONTH TO DATE    0.35                      1.52  -1.17     1.74
  SINCE DEC 1     26.02                     19.84   6.18    21.78
  SINCE JAN 1     21.31                     15.38   5.93    17.15

SNOWFALL (IN)
  TODAY            0.0          MM      MM   0.0    0.0      0.0
  MONTH TO DATE    0.0                       0.0    0.0      0.0
  SINCE DEC 1     43.3                      60.5  -17.2     39.2
  SINCE JUL 1     46.5                      73.1  -26.6     41.4
  SNOW DEPTH       0

DEGREE DAYS
 HEATING
  TODAY           14                        19     -5       18
  MONTH TO DATE  242                       322    -80      277
  SINCE JUN 1    242                       322    -80      277
  SINCE JUL 1   7938                      9318  -1380     8271

 COOLING
  TODAY            0                         0      0        0
  MONTH TO DATE    0                         0      0        0
  SINCE JUN 1      0                         0      0        0
  SINCE JAN 1      0                         0      0        0
..................................................................


WIND (MPH)
  RESULTANT WIND SPEED   8   RESULTANT WIND DIRECTION   E (80)
  HIGHEST WIND SPEED    17   HIGHEST WIND DIRECTION     E (90)
  HIGHEST GUST SPEED    21   HIGHEST GUST DIRECTION     E (90)
  AVERAGE WIND SPEED     8.9



WEATHER CONDITIONS
 THE FOLLOWING WEATHER WAS RECORDED TODAY.
  LIGHT RAIN


RELATIVE HUMIDITY (PERCENT)
 HIGHEST    86
 LOWEST     66
 AVERAGE    76

..........................................................


THE COLD BAY CLIMATE NORMALS FOR TOMORROW
                         NORMAL    RECORD    YEAR
 MAXIMUM TEMPERATURE (F)   52        61      1999
 MINIMUM TEMPERATURE (F)   42        35      1971
                                             1960
                                             1958


SUNRISE AND SUNSET
JUNE 16 2019..........SUNRISE   610 AM AKDT  SUNSET  1134 PM AKDT
JUNE 17 2019..........SUNRISE   610 AM AKDT  SUNSET  1134 PM AKDT


-  INDICATES NEGATIVE NUMBERS.
R  INDICATES RECORD WAS SET OR TIED.
MM INDICATES DATA IS MISSING.
T  INDICATES TRACE AMOUNT.




$$
