000
CDUS45 KSLC 201227
CLICDC


CLIMATE REPORT
NATIONAL WEATHER SERVICE SALT LAKE CITY UT
626 AM MDT SAT JUL 20 2019


...................................

...THE CEDAR CITY UT CLIMATE SUMMARY FOR JULY 19 2019...

CLIMATE NORMAL PERIOD 1981 TO 2010
CLIMATE RECORD PERIOD 1928 TO 2019


WEATHER ITEM   OBSERVED TIME   RECORD YEAR NORMAL DEPARTURE LAST
                VALUE   (LST)  VALUE       VALUE  FROM      YEAR
                                                  NORMAL
..................................................................
TEMPERATURE (F)
 YESTERDAY
  MAXIMUM         92    300 PM 101    1989  91      1       96
  MINIMUM         57    531 AM  46    2000  57      0       64
  AVERAGE         75                        74      1       80

PRECIPITATION (IN)
  YESTERDAY        0.00          0.36 2013   0.03  -0.03     0.31
  MONTH TO DATE    T                         0.42  -0.42     0.53
  SINCE OCT 1     11.60                      9.10   2.50     5.29
  SINCE JAN 1      8.28                      5.99   2.29     4.74

DEGREE DAYS
 HEATING
  YESTERDAY        0                         0      0        0
  MONTH TO DATE    0                         0      0        0
  SINCE JUN 1     72                        76     -4        2
  SINCE JUL 1      0                         0      0        0

 COOLING
  YESTERDAY       10                         9      1       15
  MONTH TO DATE  152                       147      5      219
  SINCE JUN 1    216                       240    -24      388
  SINCE JAN 1    216                       248    -32      404
..................................................................


WIND (MPH)
  RESULTANT WIND SPEED  10   RESULTANT WIND DIRECTION  SW (210)
  HIGHEST WIND SPEED    24   HIGHEST WIND DIRECTION    SW (210)
  HIGHEST GUST SPEED    33   HIGHEST GUST DIRECTION    SW (230)
  AVERAGE WIND SPEED    10.8



WEATHER CONDITIONS
 THE FOLLOWING WEATHER WAS RECORDED YESTERDAY.
  NO SIGNIFICANT WEATHER WAS OBSERVED.


RELATIVE HUMIDITY (PERCENT)
 HIGHEST    33           500 AM
 LOWEST      8           700 PM
 AVERAGE    21

..........................................................


THE CEDAR CITY UT CLIMATE NORMALS FOR TODAY
                         NORMAL    RECORD    YEAR
 MAXIMUM TEMPERATURE (F)   91       100      1989
 MINIMUM TEMPERATURE (F)   57        48      1973


SUNRISE AND SUNSET
JULY 20 2019..........SUNRISE   626 AM MDT   SUNSET   851 PM MDT
JULY 21 2019..........SUNRISE   627 AM MDT   SUNSET   850 PM MDT


-  INDICATES NEGATIVE NUMBERS.
R  INDICATES RECORD WAS SET OR TIED.
MM INDICATES DATA IS MISSING.
T  INDICATES TRACE AMOUNT.




$$
