000
CDUS45 KSLC 221228
CLICDC


CLIMATE REPORT
NATIONAL WEATHER SERVICE SALT LAKE CITY UT
627 AM MDT MON APR 22 2019


...................................

...THE CEDAR CITY UT CLIMATE SUMMARY FOR APRIL 21 2019...

CLIMATE NORMAL PERIOD 1981 TO 2010
CLIMATE RECORD PERIOD 1928 TO 2019


WEATHER ITEM   OBSERVED TIME   RECORD YEAR NORMAL DEPARTURE LAST
                VALUE   (LST)  VALUE       VALUE  FROM      YEAR
                                                  NORMAL
..................................................................
TEMPERATURE (F)
 YESTERDAY
  MAXIMUM         59    409 PM  81    2012  63     -4       67
                                      1989
  MINIMUM         35   1157 PM  18    2008  33      2       29
  AVERAGE         47                        48     -1       48

PRECIPITATION (IN)
  YESTERDAY        0.04          0.71 2010   0.03   0.01     0.00
  MONTH TO DATE    1.27                      0.79   0.48     0.77
  SINCE OCT 1      8.32                      7.11   1.21     4.35
  SINCE JAN 1      5.00                      4.00   1.00     3.80

DEGREE DAYS
 HEATING
  YESTERDAY       18                        17      1       17
  MONTH TO DATE  361                       414    -53      332
  SINCE MAR 1   1089                      1186    -97     1046
  SINCE JUL 1   5556                      5748   -192     5029

 COOLING
  YESTERDAY        0                         0      0        0
  MONTH TO DATE    0                         0      0        0
  SINCE MAR 1      0                         0      0        0
  SINCE JAN 1      0                         0      0        0
..................................................................


WIND (MPH)
  RESULTANT WIND SPEED   2   RESULTANT WIND DIRECTION   S (190)
  HIGHEST WIND SPEED    25   HIGHEST WIND DIRECTION     S (200)
  HIGHEST GUST SPEED    41   HIGHEST GUST DIRECTION    SW (210)
  AVERAGE WIND SPEED     6.6



WEATHER CONDITIONS
 THE FOLLOWING WEATHER WAS RECORDED YESTERDAY.
  THUNDERSTORM
  LIGHT RAIN
  FOG


RELATIVE HUMIDITY (PERCENT)
 HIGHEST   100          1000 PM
 LOWEST     40           400 PM
 AVERAGE    70

..........................................................


THE CEDAR CITY UT CLIMATE NORMALS FOR TODAY
                         NORMAL    RECORD    YEAR
 MAXIMUM TEMPERATURE (F)   63        84      2012
 MINIMUM TEMPERATURE (F)   33        22      1963


SUNRISE AND SUNSET
APRIL 22 2019.........SUNRISE   648 AM MDT   SUNSET   814 PM MDT
APRIL 23 2019.........SUNRISE   647 AM MDT   SUNSET   815 PM MDT


-  INDICATES NEGATIVE NUMBERS.
R  INDICATES RECORD WAS SET OR TIED.
MM INDICATES DATA IS MISSING.
T  INDICATES TRACE AMOUNT.




$$
