000
CDUS45 KSLC 200025
CLICDC


CLIMATE REPORT
NATIONAL WEATHER SERVICE SALT LAKE CITY UT
625 PM MDT THU APR 19 2018


...................................

...THE CEDAR CITY UT CLIMATE SUMMARY FOR APRIL 19 2018...
VALID TODAY AS OF 0500 PM LOCAL TIME.

CLIMATE NORMAL PERIOD 1981 TO 2010
CLIMATE RECORD PERIOD 1928 TO 2018


WEATHER ITEM   OBSERVED TIME   RECORD YEAR NORMAL DEPARTURE LAST
                VALUE   (LST)  VALUE       VALUE  FROM      YEAR
                                                  NORMAL
..................................................................
TEMPERATURE (F)
 TODAY
  MAXIMUM         59    209 PM  82    1989  62     -3       63
  MINIMUM         41    341 AM  16    2007  32      9       36
  AVERAGE         50                        47      3       50

PRECIPITATION (IN)
  TODAY            0.00          0.37 1949   0.03  -0.03     0.03
  MONTH TO DATE    0.27                      0.73  -0.46     0.80
  SINCE OCT 1      3.85                      7.05  -3.20     7.37
  SINCE JAN 1      3.30                      3.94  -0.64     4.54

DEGREE DAYS
 HEATING
  TODAY           15                        18     -3       15
  MONTH TO DATE  288                       380    -92      334
  SINCE MAR 1   1002                      1152   -150      925
  SINCE JUL 1   4985                      5714   -729     4946

 COOLING
  TODAY            0                         0      0        0
  MONTH TO DATE    0                         0      0        0
  SINCE MAR 1      0                         0      0        0
  SINCE JAN 1      0                         0      0        0
..................................................................


WIND (MPH)
  RESULTANT WIND SPEED  14   RESULTANT WIND DIRECTION   S (180)
  HIGHEST WIND SPEED    30   HIGHEST WIND DIRECTION     S (190)
  HIGHEST GUST SPEED    38   HIGHEST GUST DIRECTION    SW (210)
  AVERAGE WIND SPEED    15.1



WEATHER CONDITIONS
 THE FOLLOWING WEATHER WAS RECORDED TODAY.
  NO SIGNIFICANT WEATHER WAS OBSERVED.


RELATIVE HUMIDITY (PERCENT)
 HIGHEST    26           300 PM
 LOWEST     14          1100 AM
 AVERAGE    20

..........................................................


THE CEDAR CITY UT CLIMATE NORMALS FOR TOMORROW
                         NORMAL    RECORD    YEAR
 MAXIMUM TEMPERATURE (F)   63        81      1994
 MINIMUM TEMPERATURE (F)   33         8      1966


SUNRISE AND SUNSET
APRIL 19 2018.........SUNRISE   652 AM MDT   SUNSET   812 PM MDT
APRIL 20 2018.........SUNRISE   650 AM MDT   SUNSET   813 PM MDT


-  INDICATES NEGATIVE NUMBERS.
R  INDICATES RECORD WAS SET OR TIED.
MM INDICATES DATA IS MISSING.
T  INDICATES TRACE AMOUNT.




$$
