000
CDUS44 KLUB 190627
CLICDS


CLIMATE REPORT
NATIONAL WEATHER SERVICE LUBBOCK, TX
127 AM CDT THU APR 19 2018


...................................

...THE CHILDRESS CLIMATE SUMMARY FOR APRIL 18 2018...

CLIMATE NORMAL PERIOD 1981 TO 2010
CLIMATE RECORD PERIOD 1893 TO 2018


WEATHER ITEM   OBSERVED TIME   RECORD YEAR NORMAL DEPARTURE LAST
                VALUE   (LST)  VALUE       VALUE  FROM      YEAR
                                                  NORMAL
..................................................................
TEMPERATURE (F)
 YESTERDAY
  MAXIMUM         74    423 PM 100    2011  77     -3       84
  MINIMUM         50    629 AM  33    1953  49      1       56
                                      1944
  AVERAGE         62                        63     -1       70

PRECIPITATION (IN)
  YESTERDAY        0.00          0.88 1905   0.07  -0.07     0.00
  MONTH TO DATE    T                         1.12  -1.12     1.80
  SINCE MAR 1      0.57                      2.65  -2.08     3.29
  SINCE JAN 1      0.82                      4.43  -3.61     7.51

SNOWFALL (IN)
  YESTERDAY        0.0          MM      MM   0.0    0.0      0.0
  MONTH TO DATE    T                         0.1   -0.1      0.0
  SINCE MAR 1      T                         0.5   -0.5      0.0
  SINCE JUL 1      1.0                       6.9   -5.9      1.5
  SNOW DEPTH       0

DEGREE DAYS
 HEATING
  YESTERDAY        3                         5     -2        0
  MONTH TO DATE  170                       114     56       76
  SINCE MAR 1    432                       489    -57      299
  SINCE JUL 1   2873                      3049   -176     2247

 COOLING
  YESTERDAY        0                         3     -3        5
  MONTH TO DATE   46                        32     14       55
  SINCE MAR 1     75                        50     25      113
  SINCE JAN 1     86                        51     35      128
..................................................................


WIND (MPH)
  RESULTANT WIND SPEED  16   RESULTANT WIND DIRECTION   N (0)
  HIGHEST WIND SPEED    37   HIGHEST WIND DIRECTION     N (10)
  HIGHEST GUST SPEED    41   HIGHEST GUST DIRECTION     N (360)
  AVERAGE WIND SPEED    15.8


SKY COVER
  AVERAGE SKY COVER 0.1


WEATHER CONDITIONS
 THE FOLLOWING WEATHER WAS RECORDED YESTERDAY.
  HAZE


RELATIVE HUMIDITY (PERCENT)
 HIGHEST    30           800 AM
 LOWEST      9           500 PM
 AVERAGE    20

..........................................................


THE CHILDRESS CLIMATE NORMALS FOR TODAY
                         NORMAL    RECORD    YEAR
 MAXIMUM TEMPERATURE (F)   78        98      1987
 MINIMUM TEMPERATURE (F)   49        29      2013


SUNRISE AND SUNSET
APRIL 19 2018.........SUNRISE   705 AM CDT   SUNSET   816 PM CDT
APRIL 20 2018.........SUNRISE   704 AM CDT   SUNSET   817 PM CDT


-  INDICATES NEGATIVE NUMBERS.
R  INDICATES RECORD WAS SET OR TIED.
MM INDICATES DATA IS MISSING.
T  INDICATES TRACE AMOUNT.




$$
