000
CDUS44 KLUB 240625
CLICDS


CLIMATE REPORT
NATIONAL WEATHER SERVICE LUBBOCK, TX
125 AM CDT MON JUN 24 2019


...................................

...THE CHILDRESS CLIMATE SUMMARY FOR JUNE 23 2019...

CLIMATE NORMAL PERIOD 1981 TO 2010
CLIMATE RECORD PERIOD 1893 TO 2019


WEATHER ITEM   OBSERVED TIME   RECORD YEAR NORMAL DEPARTURE LAST
                VALUE   (LST)  VALUE       VALUE  FROM      YEAR
                                                  NORMAL
..................................................................
TEMPERATURE (F)
 YESTERDAY
  MAXIMUM         92    244 PM 108    1897  93     -1       93
  MINIMUM         70    711 AM  58    1976  68      2       67
  AVERAGE         81                        81      0       80

PRECIPITATION (IN)
  YESTERDAY        0.00          2.04 1948   0.12  -0.12     0.00
  MONTH TO DATE    1.58                      3.21  -1.63     2.41
  SINCE JUN 1      1.58                      3.21  -1.63     2.41
  SINCE JAN 1     11.81                     11.78   0.03     8.48

SNOWFALL (IN)
  YESTERDAY        0.0          MM      MM   0.0    0.0      0.0
  MONTH TO DATE    0.0                       0.0    0.0      0.0
  SINCE JUN 1      0.0                       0.0    0.0      0.0
  SINCE JUL 1      2.0                       7.0   -5.0      1.0
  SNOW DEPTH       0

DEGREE DAYS
 HEATING
  YESTERDAY        0                         0      0        0
  MONTH TO DATE    0                         0      0        0
  SINCE JUN 1      0                         0      0        0
  SINCE JUL 1   3316                      3115    201     2930

 COOLING
  YESTERDAY       16                        16      0       15
  MONTH TO DATE  281                       306    -25      399
  SINCE JUN 1    281                       306    -25      399
  SINCE JAN 1    497                       618   -121      933
..................................................................


WIND (MPH)
  RESULTANT WIND SPEED   4   RESULTANT WIND DIRECTION  NE (60)
  HIGHEST WIND SPEED    22   HIGHEST WIND DIRECTION     N (360)
  HIGHEST GUST SPEED    25   HIGHEST GUST DIRECTION    NW (310)
  AVERAGE WIND SPEED    11.2


SKY COVER
  AVERAGE SKY COVER 0.0


WEATHER CONDITIONS
 THE FOLLOWING WEATHER WAS RECORDED YESTERDAY.
  NO SIGNIFICANT WEATHER WAS OBSERVED.


RELATIVE HUMIDITY (PERCENT)
 HIGHEST    82           300 AM
 LOWEST     32           500 PM
 AVERAGE    57

..........................................................


THE CHILDRESS CLIMATE NORMALS FOR TODAY
                         NORMAL    RECORD    YEAR
 MAXIMUM TEMPERATURE (F)   94       112      1980
 MINIMUM TEMPERATURE (F)   68        58      1957


SUNRISE AND SUNSET
JUNE 24 2019..........SUNRISE   630 AM CDT   SUNSET   857 PM CDT
JUNE 25 2019..........SUNRISE   630 AM CDT   SUNSET   857 PM CDT


-  INDICATES NEGATIVE NUMBERS.
R  INDICATES RECORD WAS SET OR TIED.
MM INDICATES DATA IS MISSING.
T  INDICATES TRACE AMOUNT.




$$
