000
CDUS44 KLUB 190625
CLICDS


CLIMATE REPORT
NATIONAL WEATHER SERVICE LUBBOCK, TX
125 AM CDT FRI APR 19 2019


...................................

...THE CHILDRESS CLIMATE SUMMARY FOR APRIL 18 2019...

CLIMATE NORMAL PERIOD 1981 TO 2010
CLIMATE RECORD PERIOD 1893 TO 2019


WEATHER ITEM   OBSERVED TIME   RECORD YEAR NORMAL DEPARTURE LAST
                VALUE   (LST)  VALUE       VALUE  FROM      YEAR
                                                  NORMAL
..................................................................
TEMPERATURE (F)
 YESTERDAY
  MAXIMUM         74    248 PM 100    2011  77     -3       74
  MINIMUM         49   1145 PM  33    1953  49      0       50
                                      1944
  AVERAGE         62                        63     -1       62

PRECIPITATION (IN)
  YESTERDAY        0.00          0.88 1905   0.07  -0.07     0.00
  MONTH TO DATE    2.62                      1.12   1.50      T
  SINCE MAR 1      3.68                      2.65   1.03     0.57
  SINCE JAN 1      3.87                      4.43  -0.56     0.82

SNOWFALL (IN)
  YESTERDAY        0.0          MM      MM   0.0    0.0      0.0
  MONTH TO DATE    0.0                       0.1   -0.1       T
  SINCE MAR 1      T                         0.5   -0.5       T
  SINCE JUL 1      2.0                       6.9   -4.9      1.0
  SNOW DEPTH       0

DEGREE DAYS
 HEATING
  YESTERDAY        3                         5     -2        3
  MONTH TO DATE   92                       114    -22      170
  SINCE MAR 1    556                       489     67      432
  SINCE JUL 1   3236                      3049    187     2873

 COOLING
  YESTERDAY        0                         3     -3        0
  MONTH TO DATE   29                        32     -3       46
  SINCE MAR 1     36                        50    -14       75
  SINCE JAN 1     36                        51    -15       86
..................................................................


WIND (MPH)
  RESULTANT WIND SPEED  19   RESULTANT WIND DIRECTION   N (360)
  HIGHEST WIND SPEED    35   HIGHEST WIND DIRECTION     N (360)
  HIGHEST GUST SPEED    42   HIGHEST GUST DIRECTION    NW (330)
  AVERAGE WIND SPEED    19.1


SKY COVER
  AVERAGE SKY COVER 0.2


WEATHER CONDITIONS
 THE FOLLOWING WEATHER WAS RECORDED YESTERDAY.
  NO SIGNIFICANT WEATHER WAS OBSERVED.


RELATIVE HUMIDITY (PERCENT)
 HIGHEST    83           100 AM
 LOWEST     22           200 PM
 AVERAGE    53

..........................................................


THE CHILDRESS CLIMATE NORMALS FOR TODAY
                         NORMAL    RECORD    YEAR
 MAXIMUM TEMPERATURE (F)   78        98      1987
 MINIMUM TEMPERATURE (F)   49        29      2013


SUNRISE AND SUNSET
APRIL 19 2019.........SUNRISE   705 AM CDT   SUNSET   816 PM CDT
APRIL 20 2019.........SUNRISE   704 AM CDT   SUNSET   817 PM CDT


-  INDICATES NEGATIVE NUMBERS.
R  INDICATES RECORD WAS SET OR TIED.
MM INDICATES DATA IS MISSING.
T  INDICATES TRACE AMOUNT.




$$
