637
CDUS46 KEKA 190022
CLICEC


CLIMATE REPORT
NATIONAL WEATHER SERVICE EUREKA CA
520 PM PDT THU APR 18 2019


...................................

...THE CRESCENT CITY CA CLIMATE SUMMARY FOR APRIL 18 2019...
VALID TODAY AS OF 0500 PM LOCAL TIME.

CLIMATE NORMAL PERIOD 1981 TO 2010
CLIMATE RECORD PERIOD 1894 TO 2019


WEATHER ITEM   OBSERVED TIME   RECORD YEAR NORMAL DEPARTURE LAST
                VALUE   (LST)  VALUE       VALUE  FROM      YEAR
                                                  NORMAL
..................................................................
TEMPERATURE (F)
 TODAY
  MAXIMUM         66   1216 PM  79    1930  55     11       58
  MINIMUM         47    509 AM  30    1927  44      3       44
  AVERAGE         57                        49      8       51

PRECIPITATION (IN)
  TODAY            0.00          2.20 1965   0.16  -0.16     0.00
  MONTH TO DATE    7.85                      3.60   4.25     4.51
  SINCE OCT 1     52.51                     55.97  -3.46    43.75
  SINCE JAN 1     39.21                     30.73   8.48    29.73

SNOWFALL (IN)
  TODAY            0.0          MM      MM  MM     MM        0.0
  MONTH TO DATE    0.0                      MM     MM        0.0
  SINCE MAR 1      0.0                      MM     MM        0.0
  SINCE JUL 1      0.0                      MM     MM        0.0
  SNOW DEPTH       0

..................................................................


WIND (MPH)
  HIGHEST WIND SPEED    13   HIGHEST WIND DIRECTION    NW (320)
  HIGHEST GUST SPEED    16   HIGHEST GUST DIRECTION    NW (310)
  AVERAGE WIND SPEED     5.6


SKY COVER
  AVERAGE SKY COVER 0.4


WEATHER CONDITIONS
 THE FOLLOWING WEATHER WAS RECORDED TODAY.
  FOG
  FOG W/VISIBILITY <= 1/4 MILE
  HAZE


RELATIVE HUMIDITY (PERCENT)
 HIGHEST   100
 LOWEST     78
 AVERAGE    89

..........................................................


THE CRESCENT CITY CA CLIMATE NORMALS FOR TOMORROW
                         NORMAL    RECORD    YEAR
 MAXIMUM TEMPERATURE (F)   55        85      1931
 MINIMUM TEMPERATURE (F)   44        31      1896


SUNRISE AND SUNSET
APRIL 18 2019.........SUNRISE   632 AM PDT   SUNSET   801 PM PDT
APRIL 19 2019.........SUNRISE   631 AM PDT   SUNSET   802 PM PDT


-  INDICATES NEGATIVE NUMBERS.
R  INDICATES RECORD WAS SET OR TIED.
MM INDICATES DATA IS MISSING.
T  INDICATES TRACE AMOUNT.




$$
