000
CDUS46 KEKA 200018
CLICEC


CLIMATE REPORT
NATIONAL WEATHER SERVICE EUREKA CA
513 PM PDT WED JUN 19 2019


...................................

...THE CRESCENT CITY CA CLIMATE SUMMARY FOR JUNE 19 2019...
VALID TODAY AS OF 0500 PM LOCAL TIME.

CLIMATE NORMAL PERIOD 1981 TO 2010
CLIMATE RECORD PERIOD 1894 TO 2019


WEATHER ITEM   OBSERVED TIME   RECORD YEAR NORMAL DEPARTURE LAST
                VALUE   (LST)  VALUE       VALUE  FROM      YEAR
                                                  NORMAL
..................................................................
TEMPERATURE (F)
 TODAY
  MAXIMUM         60    220 PM  81    1920  61     -1       60
  MINIMUM         51    530 AM  39    1908  49      2       53
                                      1896
  AVERAGE         56                        55      1       57

PRECIPITATION (IN)
  TODAY            0.00          2.20 1937   0.06  -0.06     0.00
  MONTH TO DATE    0.00                      1.17  -1.17     0.70
  SINCE OCT 1     55.82                     61.61  -5.79    45.78
  SINCE JAN 1     42.52                     36.37   6.15    31.76

SNOWFALL (IN)
  TODAY            0.0          MM      MM  MM     MM        0.0
  MONTH TO DATE    0.0                      MM     MM        0.0
  SINCE JUN 1      0.0                      MM     MM        0.0
  SINCE JUL 1      0.0                      MM     MM        0.0
  SNOW DEPTH       0

..................................................................


WIND (MPH)
  HIGHEST WIND SPEED    29   HIGHEST WIND DIRECTION     N (340)
  HIGHEST GUST SPEED    42   HIGHEST GUST DIRECTION     N (340)
  AVERAGE WIND SPEED    19.0


SKY COVER
  AVERAGE SKY COVER 0.0


WEATHER CONDITIONS
 THE FOLLOWING WEATHER WAS RECORDED TODAY.
  NO SIGNIFICANT WEATHER WAS OBSERVED.


RELATIVE HUMIDITY (PERCENT)
 HIGHEST    83
 LOWEST     60
 AVERAGE    72

..........................................................


THE CRESCENT CITY CA CLIMATE NORMALS FOR TOMORROW
                         NORMAL    RECORD    YEAR
 MAXIMUM TEMPERATURE (F)   61        82      1938
                                             1920
 MINIMUM TEMPERATURE (F)   49        38      1916
                                             1908


SUNRISE AND SUNSET
JUNE 19 2019..........SUNRISE   542 AM PDT   SUNSET   855 PM PDT
JUNE 20 2019..........SUNRISE   542 AM PDT   SUNSET   855 PM PDT


-  INDICATES NEGATIVE NUMBERS.
R  INDICATES RECORD WAS SET OR TIED.
MM INDICATES DATA IS MISSING.
T  INDICATES TRACE AMOUNT.




$$
