000
CDUS46 KEKA 241212
CLICEC


CLIMATE REPORT
NATIONAL WEATHER SERVICE EUREKA CA
512 AM PDT TUE APR 24 2018


...................................

...THE CRESCENT CITY CA CLIMATE SUMMARY FOR APRIL 23 2018...

CLIMATE NORMAL PERIOD 1981 TO 2010
CLIMATE RECORD PERIOD 1894 TO 2018


WEATHER ITEM   OBSERVED TIME   RECORD YEAR NORMAL DEPARTURE LAST
                VALUE   (LST)  VALUE       VALUE  FROM      YEAR
                                                  NORMAL
..................................................................
TEMPERATURE (F)
 YESTERDAY
  MAXIMUM         73R   919 AM  71    1995  55     18       55
  MINIMUM         46    446 AM  33    1961  45      1       49
  AVERAGE         60                        50     10       52

PRECIPITATION (IN)
  YESTERDAY        0.00          0.95 1993   0.14  -0.14     0.40
  MONTH TO DATE    4.51                      4.32   0.19     7.10
  SINCE OCT 1     43.75                     56.69 -12.94    89.19
  SINCE JAN 1     29.73                     31.45  -1.72    44.09

SNOWFALL (IN)
  YESTERDAY        0.0          MM      MM  MM     MM       MM
  MONTH TO DATE    0.0                      MM     MM        0.0
  SINCE MAR 1      0.0                      MM     MM        0.0
  SINCE JUL 1      0.0                      MM     MM        0.0
  SNOW DEPTH       0

DEGREE DAYS
 HEATING
  YESTERDAY        5                        15    -10       13
  MONTH TO DATE  288                       365    -77      326
  SINCE MAR 1    741                       878   -137      769
  SINCE JUL 1   3544                      4051   -507     3700

 COOLING
  YESTERDAY        0                         0      0        0
  MONTH TO DATE    0                         0      0        0
  SINCE MAR 1      0                         0      0        0
  SINCE JAN 1      0                         0      0        0
..................................................................


WIND (MPH)
  HIGHEST WIND SPEED    13   HIGHEST WIND DIRECTION     N (350)
  HIGHEST GUST SPEED    18   HIGHEST GUST DIRECTION     N (350)
  AVERAGE WIND SPEED     7.3


SKY COVER
  AVERAGE SKY COVER 0.0


WEATHER CONDITIONS
 THE FOLLOWING WEATHER WAS RECORDED YESTERDAY.
  FOG
  HAZE


RELATIVE HUMIDITY (PERCENT)
 HIGHEST    93
 LOWEST     27
 AVERAGE    60

..........................................................


THE CRESCENT CITY CA CLIMATE NORMALS FOR TODAY
                         NORMAL    RECORD    YEAR
 MAXIMUM TEMPERATURE (F)   55        70      1982
 MINIMUM TEMPERATURE (F)   45        32      1971


SUNRISE AND SUNSET
APRIL 24 2018.........SUNRISE   623 AM PDT   SUNSET   808 PM PDT
APRIL 25 2018.........SUNRISE   621 AM PDT   SUNSET   809 PM PDT


-  INDICATES NEGATIVE NUMBERS.
R  INDICATES RECORD WAS SET OR TIED.
MM INDICATES DATA IS MISSING.
T  INDICATES TRACE AMOUNT.




$$
