000
CDUS43 KPAH 160640
CLICGI


CLIMATE REPORT
NATIONAL WEATHER SERVICE PADUCAH KY
139 AM CDT SUN JUN 16 2019


...................................

...THE CAPE GIRARDEAU MO CLIMATE SUMMARY FOR JUNE 15 2019...

CLIMATE NORMAL PERIOD 1981 TO 2010
CLIMATE RECORD PERIOD 1960 TO 2019


WEATHER ITEM   OBSERVED TIME   RECORD YEAR NORMAL DEPARTURE LAST
                VALUE   (LST)  VALUE       VALUE  FROM      YEAR
                                                  NORMAL
..................................................................
TEMPERATURE (F)
 YESTERDAY
  MAXIMUM         87    442 PM  97    2010  87      0       94
  MINIMUM         68    332 AM  53    1962  64      4       70
  AVERAGE         78                        75      3       82

PRECIPITATION (IN)
  YESTERDAY        T             0.92 1982   0.11  -0.11     0.00
  MONTH TO DATE    2.19                      1.85   0.34     0.85
  SINCE JUN 1      2.19                      1.85   0.34     0.85
  SINCE JAN 1     32.16                     22.95   9.21    27.93

DEGREE DAYS
 HEATING
  YESTERDAY        0                         0      0        0
  MONTH TO DATE    0                         1     -1        0
  SINCE JUN 1      0                         1     -1        0
  SINCE JUL 1   4208                      4387   -179     4388

 COOLING
  YESTERDAY       13                        10      3       17
  MONTH TO DATE  113                       129    -16      202
  SINCE JUN 1    113                       129    -16      202
  SINCE JAN 1    332                       281     51      504
..................................................................


WIND (MPH)
  HIGHEST WIND SPEED    29   HIGHEST WIND DIRECTION    SW (210)
  HIGHEST GUST SPEED    45   HIGHEST GUST DIRECTION    SW (210)
  AVERAGE WIND SPEED    13.0


SKY COVER
  AVERAGE SKY COVER 0.3


WEATHER CONDITIONS
 THE FOLLOWING WEATHER WAS RECORDED YESTERDAY.
  LIGHT RAIN


RELATIVE HUMIDITY (PERCENT)
 HIGHEST    79          1100 PM
 LOWEST     50           400 PM
 AVERAGE    65

..........................................................


THE CAPE GIRARDEAU MO CLIMATE NORMALS FOR TODAY
                         NORMAL    RECORD    YEAR
 MAXIMUM TEMPERATURE (F)   87       101      2016
 MINIMUM TEMPERATURE (F)   65        51      1969


SUNRISE AND SUNSET
JUNE 16 2019..........SUNRISE   538 AM CDT   SUNSET   821 PM CDT
JUNE 17 2019..........SUNRISE   538 AM CDT   SUNSET   821 PM CDT


-  INDICATES NEGATIVE NUMBERS.
R  INDICATES RECORD WAS SET OR TIED.
MM INDICATES DATA IS MISSING.
T  INDICATES TRACE AMOUNT.




$$
