000
CDUS44 KMRX 160825
CLICHA


CLIMATE REPORT
NATIONAL WEATHER SERVICE MORRISTOWN TN
425 AM EDT SUN JUN 16 2019


...................................

...THE CHATTANOOGA  ASOS CLIMATE SUMMARY FOR JUNE 15 2019...

CLIMATE NORMAL PERIOD 1981 TO 2010
CLIMATE RECORD PERIOD 1879 TO 2019


WEATHER ITEM   OBSERVED TIME   RECORD YEAR NORMAL DEPARTURE LAST
                VALUE   (LST)  VALUE       VALUE  FROM      YEAR
                                                  NORMAL
..................................................................
TEMPERATURE (F)
 YESTERDAY
  MAXIMUM         88    404 PM  98    1952  87      1       93
  MINIMUM         59    212 AM  52    1947  66     -7       71
                                      1917
  AVERAGE         74                        77     -3       82

PRECIPITATION (IN)
  YESTERDAY        0.00          4.85 1949   0.13  -0.13     0.00
  MONTH TO DATE    2.83                      1.92   0.91     0.45
  SINCE JUN 1      2.83                      1.92   0.91     0.45
  SINCE JAN 1     37.40                     24.74  12.66    23.96

SNOWFALL (IN)
  YESTERDAY        0.0                       0.0    0.0      0.0
  MONTH TO DATE    0.0                       0.0    0.0      0.0
  SINCE JUN 1      0.0                       0.0    0.0      0.0
  SINCE JUL 1      0.1                       3.9   -3.8      0.8
  SNOW DEPTH       0

DEGREE DAYS
 HEATING
  YESTERDAY        0                         0      0        0
  MONTH TO DATE    0                         0      0        0
  SINCE JUN 1      0                         0      0        0
  SINCE JUL 1   2901                      3238   -337     3053

 COOLING
  YESTERDAY        9                        12     -3       17
  MONTH TO DATE  147                       149     -2      194
  SINCE JUN 1    147                       149     -2      194
  SINCE JAN 1    529                       345    184      552
..................................................................


WIND (MPH)
  HIGHEST WIND SPEED    16   HIGHEST WIND DIRECTION    SW (210)
  HIGHEST GUST SPEED    25   HIGHEST GUST DIRECTION     S (180)
  AVERAGE WIND SPEED     6.2


SKY COVER
  POSSIBLE SUNSHINE  MM
  AVERAGE SKY COVER 0.5


WEATHER CONDITIONS
 THE FOLLOWING WEATHER WAS RECORDED YESTERDAY.
  NO SIGNIFICANT WEATHER WAS OBSERVED.


RELATIVE HUMIDITY (PERCENT)
 HIGHEST    90           100 AM
 LOWEST     40           400 PM
 AVERAGE    65

..........................................................


THE CHATTANOOGA  ASOS CLIMATE NORMALS FOR TODAY
                         NORMAL    RECORD    YEAR
 MAXIMUM TEMPERATURE (F)   87        99      1936
 MINIMUM TEMPERATURE (F)   66        49      1917


SUNRISE AND SUNSET
JUNE 16 2019..........SUNRISE   626 AM EDT   SUNSET   857 PM EDT
JUNE 17 2019..........SUNRISE   626 AM EDT   SUNSET   857 PM EDT


-  INDICATES NEGATIVE NUMBERS.
R  INDICATES RECORD WAS SET OR TIED.
MM INDICATES DATA IS MISSING.
T  INDICATES TRACE AMOUNT.




$$
