000
CDUS41 KLWX 200525
CLICHO


CLIMATE REPORT
NATIONAL WEATHER SERVICE BALTIMORE MD/WASHINGTON DC
123 AM EDT THU JUN 20 2019


...................................

...THE CHARLOTTESVILLE VA CLIMATE SUMMARY FOR JUNE 19 2019...

CLIMATE NORMAL PERIOD 1981 TO 2010
CLIMATE RECORD PERIOD 1998 TO 2019


WEATHER ITEM   OBSERVED TIME   NORMAL DEPARTURE LAST
                VALUE   (LST)  VALUE  FROM      YEAR
                                      NORMAL
......................................................
TEMPERATURE (F)
 YESTERDAY
  MAXIMUM         88    338 PM  84      4       97
  MINIMUM         69    405 AM  62      7       74
  AVERAGE         79            73      6       86

PRECIPITATION (IN)
  YESTERDAY        0.10          0.11  -0.01     0.06
  MONTH TO DATE    1.95          2.53  -0.58     3.15
  SINCE JUN 1      1.95          2.53  -0.58     3.15
  SINCE JAN 1     19.39         19.00   0.39    24.24

DEGREE DAYS
 HEATING
  YESTERDAY        0             0      0        0
  MONTH TO DATE    0             8     -8        0
  SINCE JUN 1      0             8     -8        0
  SINCE JUL 1   3701          4441   -740     3853

 COOLING
  YESTERDAY       14             8      6       21
  MONTH TO DATE  142           117     25      178
  SINCE JUN 1    142           117     25      178
  SINCE JAN 1    428           203    225      453
......................................................


WIND (MPH)
  HIGHEST WIND SPEED    14   HIGHEST WIND DIRECTION     S (180)
  HIGHEST GUST SPEED    17   HIGHEST GUST DIRECTION     S (190)
  AVERAGE WIND SPEED     3.9


SKY COVER
  POSSIBLE SUNSHINE  MM
  AVERAGE SKY COVER 0.5


WEATHER CONDITIONS
 THE FOLLOWING WEATHER WAS RECORDED YESTERDAY.
  THUNDERSTORM
  RAIN
  LIGHT RAIN
  FOG
  FOG W/VISIBILITY <= 1/4 MILE
  HAZE


RELATIVE HUMIDITY (PERCENT)
 HIGHEST    90          1200 AM
 LOWEST     55           300 PM
 AVERAGE    73

..........................................................


THE CHARLOTTESVILLE VA CLIMATE NORMALS FOR TODAY
                         NORMAL    RECORD    YEAR
 MAXIMUM TEMPERATURE (F)   85        MM        MM
 MINIMUM TEMPERATURE (F)   62        MM        MM


SUNRISE AND SUNSET
JUNE 20 2019..........SUNRISE   551 AM EDT   SUNSET   840 PM EDT
JUNE 21 2019..........SUNRISE   551 AM EDT   SUNSET   840 PM EDT


-  INDICATES NEGATIVE NUMBERS.
R  INDICATES RECORD WAS SET OR TIED.
MM INDICATES DATA IS MISSING.
T  INDICATES TRACE AMOUNT.




$$
