000
CDUS41 KLWX 210527
CLICHO


CLIMATE REPORT
NATIONAL WEATHER SERVICE BALTIMORE MD/WASHINGTON DC
126 AM EDT SUN APR 21 2019


...................................

...THE CHARLOTTESVILLE VA CLIMATE SUMMARY FOR APRIL 20 2019...

CLIMATE NORMAL PERIOD 1981 TO 2010
CLIMATE RECORD PERIOD 1998 TO 2019


WEATHER ITEM   OBSERVED TIME   RECORD YEAR NORMAL DEPARTURE LAST
                VALUE   (LST)  VALUE       VALUE  FROM      YEAR
                                                  NORMAL
..................................................................
TEMPERATURE (F)
 YESTERDAY
  MAXIMUM         69    132 PM  MM      MM  69      0       65
  MINIMUM         48   1158 PM  MM      MM  44      4       34
  AVERAGE         59                        57      2       50

PRECIPITATION (IN)
  YESTERDAY        T                         0.12  -0.12     0.00
  MONTH TO DATE    2.45                      2.26   0.19     2.15
  SINCE MAR 1      6.41                      5.92   0.49     3.96
  SINCE JAN 1     12.85                     11.39   1.46     9.82

DEGREE DAYS
 HEATING
  YESTERDAY        6                         9     -3       15
  MONTH TO DATE  124                       230   -106      244
  SINCE MAR 1    689                       822   -133      903
  SINCE JUL 1   3647                      4234   -587     3786

 COOLING
  YESTERDAY        0                         1     -1        0
  MONTH TO DATE   27                        12     15       16
  SINCE MAR 1     28                        14     14       16
  SINCE JAN 1     28                        14     14       21
..................................................................


WIND (MPH)
  HIGHEST WIND SPEED    26   HIGHEST WIND DIRECTION     S (180)
  HIGHEST GUST SPEED    33   HIGHEST GUST DIRECTION     S (170)
  AVERAGE WIND SPEED    12.2


SKY COVER
  POSSIBLE SUNSHINE  MM
  AVERAGE SKY COVER 0.6


WEATHER CONDITIONS
 THE FOLLOWING WEATHER WAS RECORDED YESTERDAY.
  LIGHT RAIN


RELATIVE HUMIDITY (PERCENT)
 HIGHEST    87           500 AM
 LOWEST     40           400 PM
 AVERAGE    64

..........................................................


THE CHARLOTTESVILLE VA CLIMATE NORMALS FOR TODAY
                         NORMAL    RECORD    YEAR
 MAXIMUM TEMPERATURE (F)   69        MM        MM
 MINIMUM TEMPERATURE (F)   45        MM        MM


SUNRISE AND SUNSET
APRIL 21 2019.........SUNRISE   630 AM EDT   SUNSET   755 PM EDT
APRIL 22 2019.........SUNRISE   629 AM EDT   SUNSET   756 PM EDT


-  INDICATES NEGATIVE NUMBERS.
R  INDICATES RECORD WAS SET OR TIED.
MM INDICATES DATA IS MISSING.
T  INDICATES TRACE AMOUNT.




$$
