000
CDUS42 KCHS 262125
CLICHS


CLIMATE REPORT
NATIONAL WEATHER SERVICE CHARLESTON SC
524 PM EDT THU APR 26 2018


...................................

...THE NORTH CHARLESTON SC CLIMATE SUMMARY FOR APRIL 26 2018...
VALID TODAY AS OF 0500 PM LOCAL TIME.

CLIMATE NORMAL PERIOD 1981 TO 2010
CLIMATE RECORD PERIOD 1938 TO 2018


WEATHER ITEM   OBSERVED TIME   RECORD YEAR NORMAL DEPARTURE LAST
                VALUE   (LST)  VALUE       VALUE  FROM      YEAR
                                                  NORMAL
..................................................................
TEMPERATURE (F)
 TODAY
  MAXIMUM         78    252 PM  92    1989  79     -1       84
  MINIMUM         56    604 AM  43    1974  56      0       61
  AVERAGE         67                        67      0       73

PRECIPITATION (IN)
  TODAY            0.00          1.89 1965   0.09  -0.09     0.00
  MONTH TO DATE    4.04                      2.53   1.51     6.22
  SINCE MAR 1      6.27                      6.24   0.03     7.24
  SINCE JAN 1     10.44                     12.91  -2.47    11.42

SNOWFALL (IN)
  TODAY            0.0                       0.0    0.0
  SINCE MAR 1      0.0                       0.0    0.0
  SINCE JUL 1      5.3                       0.5    4.8

DEGREE DAYS
 HEATING
  TODAY            0                         2     -2        0
  MONTH TO DATE   97                        84     13       23
  SINCE MAR 1    371                       323     48      257
  SINCE JUL 1   1819                      1959   -140     1225

 COOLING
  TODAY            2                         4     -2        8
  MONTH TO DATE   63                        68     -5      129
  SINCE MAR 1     85                        95    -10      188
  SINCE JAN 1    147                       102     45      223
..................................................................


WIND (MPH)
  HIGHEST WIND SPEED    15   HIGHEST WIND DIRECTION    SW (210)
  HIGHEST GUST SPEED    20   HIGHEST GUST DIRECTION     S (180)
  AVERAGE WIND SPEED     7.0


SKY COVER
  POSSIBLE SUNSHINE  MM
  AVERAGE SKY COVER 0.4


WEATHER CONDITIONS
 THE FOLLOWING WEATHER WAS RECORDED TODAY.
  NO SIGNIFICANT WEATHER WAS OBSERVED.


RELATIVE HUMIDITY (PERCENT)
 HIGHEST    93           500 AM
 LOWEST     50          1100 AM
 AVERAGE    72

..........................................................


THE NORTH CHARLESTON SC CLIMATE NORMALS FOR TOMORROW
                         NORMAL    RECORD    YEAR
 MAXIMUM TEMPERATURE (F)   79        94      1989
 MINIMUM TEMPERATURE (F)   56        40      1972


SUNRISE AND SUNSET
APRIL 26 2018.........SUNRISE   638 AM EDT   SUNSET   758 PM EDT
APRIL 27 2018.........SUNRISE   637 AM EDT   SUNSET   759 PM EDT


-  INDICATES NEGATIVE NUMBERS.
R  INDICATES RECORD WAS SET OR TIED.
MM INDICATES DATA IS MISSING.
T  INDICATES TRACE AMOUNT.




$$
