000
CDUS42 KCHS 170611
CLICHS


CLIMATE REPORT
NATIONAL WEATHER SERVICE CHARLESTON SC
211 AM EDT WED JUL 17 2019


...................................

...THE NORTH CHARLESTON SC CLIMATE SUMMARY FOR JULY 16 2019...

CLIMATE NORMAL PERIOD 1981 TO 2010
CLIMATE RECORD PERIOD 1938 TO 2019


WEATHER ITEM   OBSERVED TIME   RECORD YEAR NORMAL DEPARTURE LAST
                VALUE   (LST)  VALUE       VALUE  FROM      YEAR
                                                  NORMAL
..................................................................
TEMPERATURE (F)
 YESTERDAY
  MAXIMUM         95   1202 PM 100    1983  91      4       89
  MINIMUM         77    514 AM  63    1967  73      4       72
  AVERAGE         86                        82      4       81

PRECIPITATION (IN)
  YESTERDAY        0.73          3.00 1960   0.21   0.52     0.08
  MONTH TO DATE    8.11                      3.39   4.72     2.23
  SINCE JUN 1     15.55                      9.04   6.51     6.44
  SINCE JAN 1     23.26                     25.35  -2.09    27.57

DEGREE DAYS
 HEATING
  YESTERDAY        0                         0      0        0
  MONTH TO DATE    0                         0      0        0
  SINCE JUN 1      0                         1     -1        0
  SINCE JUL 1      0                         0      0        0

 COOLING
  YESTERDAY       21                        17      4       16
  MONTH TO DATE  301                       269     32      283
  SINCE JUN 1    741                       690     51      807
  SINCE JAN 1   1309                      1052    257     1313
..................................................................


WIND (MPH)
  HIGHEST WIND SPEED    16   HIGHEST WIND DIRECTION    SE (130)
  HIGHEST GUST SPEED    21   HIGHEST GUST DIRECTION    SE (150)
  AVERAGE WIND SPEED     4.5


SKY COVER
  POSSIBLE SUNSHINE  MM
  AVERAGE SKY COVER 0.6


WEATHER CONDITIONS
 THE FOLLOWING WEATHER WAS RECORDED YESTERDAY.
  THUNDERSTORM
  HEAVY RAIN
  LIGHT RAIN
  FOG


RELATIVE HUMIDITY (PERCENT)
 HIGHEST    94           100 AM
 LOWEST     49          1200 PM
 AVERAGE    72

..........................................................


THE NORTH CHARLESTON SC CLIMATE NORMALS FOR TODAY
                         NORMAL    RECORD    YEAR
 MAXIMUM TEMPERATURE (F)   91        99      1983
 MINIMUM TEMPERATURE (F)   73        64      1946


SUNRISE AND SUNSET
JULY 17 2019..........SUNRISE   624 AM EDT   SUNSET   829 PM EDT
JULY 18 2019..........SUNRISE   624 AM EDT   SUNSET   828 PM EDT


-  INDICATES NEGATIVE NUMBERS.
R  INDICATES RECORD WAS SET OR TIED.
MM INDICATES DATA IS MISSING.
T  INDICATES TRACE AMOUNT.




$$
