000
CDUS42 KCHS 232105
CLICHS


CLIMATE REPORT
NATIONAL WEATHER SERVICE CHARLESTON SC
505 PM EDT TUE APR 23 2019


...................................

...THE NORTH CHARLESTON SC CLIMATE SUMMARY FOR APRIL 23 2019...
VALID TODAY AS OF 0500 PM LOCAL TIME.

CLIMATE NORMAL PERIOD 1981 TO 2010
CLIMATE RECORD PERIOD 1938 TO 2019


WEATHER ITEM   OBSERVED TIME   RECORD YEAR NORMAL DEPARTURE LAST
                VALUE   (LST)  VALUE       VALUE  FROM      YEAR
                                                  NORMAL
..................................................................
TEMPERATURE (F)
 TODAY
  MAXIMUM         82    307 PM  92    1963  78      4       68
  MINIMUM         56    618 AM  39    1993  55      1       64
  AVERAGE         69                        66      3       66

PRECIPITATION (IN)
  TODAY            0.00          2.55 2018   0.10  -0.10     2.55
  MONTH TO DATE    3.02                      2.25   0.77     4.04
  SINCE MAR 1      3.71                      5.96  -2.25     6.27
  SINCE JAN 1      6.07                     12.63  -6.56    10.44

SNOWFALL (IN)
  TODAY            0.0                       0.0    0.0
  SINCE MAR 1      0.0                       0.0    0.0
  SINCE JUL 1      0.0                       0.5   -0.5

DEGREE DAYS
 HEATING
  TODAY            0                         2     -2        0
  MONTH TO DATE   69                        78     -9       97
  SINCE MAR 1    296                       317    -21      371
  SINCE JUL 1   1564                      1953   -389     1819

 COOLING
  TODAY            4                         4      0        1
  MONTH TO DATE   74                        56     18       49
  SINCE MAR 1     94                        83     11       71
  SINCE JAN 1    110                        90     20      133
..................................................................


WIND (MPH)
  HIGHEST WIND SPEED    17   HIGHEST WIND DIRECTION     S (190)
  HIGHEST GUST SPEED    20   HIGHEST GUST DIRECTION    SW (210)
  AVERAGE WIND SPEED     4.3


SKY COVER
  POSSIBLE SUNSHINE  MM
  AVERAGE SKY COVER 0.1


WEATHER CONDITIONS
 THE FOLLOWING WEATHER WAS RECORDED TODAY.
  FOG


RELATIVE HUMIDITY (PERCENT)
 HIGHEST    93           300 AM
 LOWEST     42          1200 PM
 AVERAGE    68

..........................................................


THE NORTH CHARLESTON SC CLIMATE NORMALS FOR TOMORROW
                         NORMAL    RECORD    YEAR
 MAXIMUM TEMPERATURE (F)   78        91      1958
 MINIMUM TEMPERATURE (F)   55        35      1982


SUNRISE AND SUNSET
APRIL 23 2019.........SUNRISE   641 AM EDT   SUNSET   756 PM EDT
APRIL 24 2019.........SUNRISE   640 AM EDT   SUNSET   757 PM EDT


-  INDICATES NEGATIVE NUMBERS.
R  INDICATES RECORD WAS SET OR TIED.
MM INDICATES DATA IS MISSING.
T  INDICATES TRACE AMOUNT.




$$
