000
CDUS43 KDVN 222142
CLICID


CLIMATE REPORT
NATIONAL WEATHER SERVICE QUAD CITIES IA IL
441 PM CDT MON JUL 22 2019


...................................

...THE CEDAR RAPIDS IA CLIMATE SUMMARY FOR JULY 22 2019...
VALID TODAY AS OF 0400 PM LOCAL TIME.

CLIMATE NORMAL PERIOD 1981 TO 2010
CLIMATE RECORD PERIOD 1891 TO 2019


WEATHER ITEM   OBSERVED TIME   RECORD YEAR NORMAL DEPARTURE LAST
                VALUE   (LST)  VALUE       VALUE  FROM      YEAR
                                                  NORMAL
..................................................................
TEMPERATURE (F)
 TODAY
  MAXIMUM         79    245 PM 101    1934  83     -4       76
                                      1901
  MINIMUM         62    520 AM  44    1947  63     -1       62
  AVERAGE         71                        73     -2       69

PRECIPITATION (IN)
  TODAY            0.00          2.09 2011   0.13  -0.13     0.00
  MONTH TO DATE    1.65                      3.30  -1.65     1.96
  SINCE JUN 1      5.80                      8.22  -2.42    11.28
  SINCE JAN 1     22.03                     19.66   2.37    20.19

DEGREE DAYS
 HEATING
  TODAY            0                         0      0        0
  MONTH TO DATE    0                         0      0        0
  SINCE JUN 1     11                        29    -18        0
  SINCE JUL 1      0                         0      0        0

 COOLING
  TODAY            6                         8     -2        4
  MONTH TO DATE  265                       176     89      205
  SINCE JUN 1    410                       342     68      464
  SINCE JAN 1    438                       391     47      624
..................................................................


WIND (MPH)
  HIGHEST WIND SPEED    18   HIGHEST WIND DIRECTION     N (350)
  HIGHEST GUST SPEED    24   HIGHEST GUST DIRECTION     N (360)
  AVERAGE WIND SPEED    10.3


SKY COVER
  POSSIBLE SUNSHINE  MM
  AVERAGE SKY COVER 0.2


WEATHER CONDITIONS
 THE FOLLOWING WEATHER WAS RECORDED TODAY.
  NO SIGNIFICANT WEATHER WAS OBSERVED.


RELATIVE HUMIDITY (PERCENT)
 HIGHEST    93           300 AM
 LOWEST     50           100 PM
 AVERAGE    72

..........................................................


THE CEDAR RAPIDS IA CLIMATE NORMALS FOR TOMORROW
                         NORMAL    RECORD    YEAR
 MAXIMUM TEMPERATURE (F)   83       104      1901
 MINIMUM TEMPERATURE (F)   63        44      1925


SUNRISE AND SUNSET
JULY 22 2019..........SUNRISE   551 AM CDT   SUNSET   835 PM CDT
JULY 23 2019..........SUNRISE   552 AM CDT   SUNSET   834 PM CDT


-  INDICATES NEGATIVE NUMBERS.
R  INDICATES RECORD WAS SET OR TIED.
MM INDICATES DATA IS MISSING.
T  INDICATES TRACE AMOUNT.




$$
