080
CDUS43 KDVN 242124
CLICID


CLIMATE REPORT
NATIONAL WEATHER SERVICE QUAD CITIES IA IL
422 PM CDT WED APR 24 2019


...................................

...THE CEDAR RAPIDS IA CLIMATE SUMMARY FOR APRIL 24 2019...
VALID TODAY AS OF 0400 PM LOCAL TIME.

CLIMATE NORMAL PERIOD 1981 TO 2010
CLIMATE RECORD PERIOD 1891 TO 2019


WEATHER ITEM   OBSERVED TIME   RECORD YEAR NORMAL DEPARTURE LAST
                VALUE   (LST)  VALUE       VALUE  FROM      YEAR
                                                  NORMAL
..................................................................
TEMPERATURE (F)
 TODAY
  MAXIMUM         64    253 PM  87    2009  64      0       77
                                      1990
                                      1939
  MINIMUM         38    519 AM  24    1910  41     -3       38
  AVERAGE         51                        52     -1       58

PRECIPITATION (IN)
  TODAY            0.00          1.78 1950   0.12  -0.12     0.00
  MONTH TO DATE    1.78                      2.34  -0.56     0.43
  SINCE MAR 1      3.42                      4.44  -1.02     2.33
  SINCE JAN 1      6.13                      6.58  -0.45     4.36

DEGREE DAYS
 HEATING
  TODAY           14                        13      1        7
  MONTH TO DATE  356                       412    -56      633
  SINCE MAR 1   1383                      1293     90     1546
  SINCE JUL 1   6920                      6576    344     6601

 COOLING
  TODAY            0                         0      0        0
  MONTH TO DATE    1                         0      1        0
  SINCE MAR 1      1                         0      1        0
  SINCE JAN 1      1                         0      1        0
..................................................................


WIND (MPH)
  HIGHEST WIND SPEED    15   HIGHEST WIND DIRECTION    SE (150)
  HIGHEST GUST SPEED    21   HIGHEST GUST DIRECTION     S (170)
  AVERAGE WIND SPEED     6.0


SKY COVER
  POSSIBLE SUNSHINE  MM
  AVERAGE SKY COVER 0.4


WEATHER CONDITIONS
 THE FOLLOWING WEATHER WAS RECORDED TODAY.
  FOG
  HAZE


RELATIVE HUMIDITY (PERCENT)
 HIGHEST   100           300 AM
 LOWEST     47          1200 PM
 AVERAGE    74

..........................................................


THE CEDAR RAPIDS IA CLIMATE NORMALS FOR TOMORROW
                         NORMAL    RECORD    YEAR
 MAXIMUM TEMPERATURE (F)   65        89      1896
 MINIMUM TEMPERATURE (F)   41        20      1934


SUNRISE AND SUNSET
APRIL 24 2019.........SUNRISE   613 AM CDT   SUNSET   758 PM CDT
APRIL 25 2019.........SUNRISE   612 AM CDT   SUNSET   759 PM CDT


-  INDICATES NEGATIVE NUMBERS.
R  INDICATES RECORD WAS SET OR TIED.
MM INDICATES DATA IS MISSING.
T  INDICATES TRACE AMOUNT.




$$
