000
CDUS41 KRLX 240716
CLICKB


CLIMATE REPORT
NATIONAL WEATHER SERVICE CHARLESTON WV
316 AM EDT MON JUN 24 2019


...................................

...THE CLARKSBURG WV CLIMATE SUMMARY FOR JUNE 23 2019...

CLIMATE NORMAL PERIOD 1981 TO 2010
CLIMATE RECORD PERIOD 1922 TO 2019


WEATHER ITEM   OBSERVED TIME   RECORD YEAR NORMAL DEPARTURE LAST
                VALUE   (LST)  VALUE       VALUE  FROM      YEAR
                                                  NORMAL
..................................................................
TEMPERATURE (F)
 YESTERDAY
  MAXIMUM         85    420 PM  96    1957  82      3       80
                                      1923
  MINIMUM         50    503 AM  40    1992  60    -10       67
  AVERAGE         68                        71     -3       74

PRECIPITATION (IN)
  YESTERDAY        0.00          2.41 2017   0.12  -0.12     0.20
  MONTH TO DATE    3.24                      3.31  -0.07     3.93
  SINCE JAN 1     21.01                     21.90  -0.89    27.74

DEGREE DAYS
 HEATING
  YESTERDAY        0                         0      0        0
  MONTH TO DATE   16                        21     -5       16
  SINCE JUN 1     16                        21     -5       16
  SINCE JUL 1   4382                      5240   -858     4933

 COOLING
  YESTERDAY        3                         6     -3        9
  MONTH TO DATE  106                       108     -2      185
  SINCE JUN 1    106                       108     -2      185
  SINCE JAN 1    285                       163    122      411
..................................................................


WIND (MPH)
  HIGHEST WIND SPEED    12   HIGHEST WIND DIRECTION    SW (240)
  HIGHEST GUST SPEED    16   HIGHEST GUST DIRECTION    SW (220)
  AVERAGE WIND SPEED     2.5


SKY COVER
  AVERAGE SKY COVER 0.0


WEATHER CONDITIONS
 THE FOLLOWING WEATHER WAS RECORDED YESTERDAY.
  NO SIGNIFICANT WEATHER WAS OBSERVED.


RELATIVE HUMIDITY (PERCENT)
 HIGHEST    93           200 AM
 LOWEST     37           300 PM
 AVERAGE    65

..........................................................


THE CLARKSBURG WV CLIMATE NORMALS FOR TODAY
                         NORMAL    RECORD    YEAR
 MAXIMUM TEMPERATURE (F)   82        97      1923
 MINIMUM TEMPERATURE (F)   60        45      1961
                                             1932


SUNRISE AND SUNSET
JUNE 24 2019..........SUNRISE   555 AM EDT   SUNSET   851 PM EDT
JUNE 25 2019..........SUNRISE   556 AM EDT   SUNSET   851 PM EDT


-  INDICATES NEGATIVE NUMBERS.
R  INDICATES RECORD WAS SET OR TIED.
MM INDICATES DATA IS MISSING.
T  INDICATES TRACE AMOUNT.




$$
