000
CDUS44 KHGX 240746
CLICLL


CLIMATE REPORT
NATIONAL WEATHER SERVICE HOUSTON/GALVESTON TX
240 AM CDT WED APR 24 2019


...................................

...THE COLLEGE STATION CLIMATE SUMMARY FOR APRIL 23 2019...

CLIMATE NORMAL PERIOD 1981 TO 2010
CLIMATE RECORD PERIOD 1902 TO 2019


WEATHER ITEM   OBSERVED TIME   RECORD YEAR NORMAL DEPARTURE LAST
                VALUE   (LST)  VALUE       VALUE  FROM      YEAR
                                                  NORMAL
..................................................................
TEMPERATURE (F)
 YESTERDAY
  MAXIMUM         78    244 PM  95    1891  81     -3       78
  MINIMUM         66    353 AM  43    1907  60      6       49
  AVERAGE         72                        70      2       64

PRECIPITATION (IN)
  YESTERDAY        0.00          3.41 1957   0.09  -0.09     0.00
  MONTH TO DATE    3.48                      1.90   1.58     1.48
  SINCE MAR 1      4.73                      5.07  -0.34     7.64
  SINCE JAN 1     11.66                     11.16   0.50    10.56

SNOWFALL (IN)
  YESTERDAY        0.0
  MONTH TO DATE    0.0
  SINCE JUL 1      T

DEGREE DAYS
 HEATING
  YESTERDAY        0                         1     -1        1
  MONTH TO DATE   48                        43      5       71
  SINCE MAR 1    253                       215     38      151
  SINCE JUL 1   1699                      1602     97     1518

 COOLING
  YESTERDAY        7                         6      1        0
  MONTH TO DATE   90                       104    -14       59
  SINCE MAR 1    144                       163    -19      161
  SINCE JAN 1    173                       191    -18      207
..................................................................


WIND (MPH)
  HIGHEST WIND SPEED    21   HIGHEST WIND DIRECTION    SE (150)
  HIGHEST GUST SPEED    26   HIGHEST GUST DIRECTION    SE (150)
  AVERAGE WIND SPEED     9.9


SKY COVER
  AVERAGE SKY COVER 0.7


WEATHER CONDITIONS
 THE FOLLOWING WEATHER WAS RECORDED YESTERDAY.
  NO SIGNIFICANT WEATHER WAS OBSERVED.


RELATIVE HUMIDITY (PERCENT)
 HIGHEST   100           500 AM
 LOWEST     74          1200 PM
 AVERAGE    87

..........................................................


THE COLLEGE STATION CLIMATE NORMALS FOR TODAY
                         NORMAL    RECORD    YEAR
 MAXIMUM TEMPERATURE (F)   81        93      2011
                                             1891
 MINIMUM TEMPERATURE (F)   60        39      1887


SUNRISE AND SUNSET
APRIL 24 2019.........SUNRISE   649 AM CDT   SUNSET   759 PM CDT
APRIL 25 2019.........SUNRISE   648 AM CDT   SUNSET   800 PM CDT


-  INDICATES NEGATIVE NUMBERS.
R  INDICATES RECORD WAS SET OR TIED.
MM INDICATES DATA IS MISSING.
T  INDICATES TRACE AMOUNT.




$$
