000
CDUS44 KHGX 162128
CLICLL


CLIMATE REPORT
NATIONAL WEATHER SERVICE HOUSTON/GALVESTON TX
427 PM CDT TUE JUL 16 2019


...................................

...THE COLLEGE STATION CLIMATE SUMMARY FOR JULY 16 2019...
VALID TODAY AS OF 400 PM LOCAL TIME.

CLIMATE NORMAL PERIOD 1981 TO 2010
CLIMATE RECORD PERIOD 1902 TO 2019


WEATHER ITEM   OBSERVED TIME   RECORD YEAR NORMAL DEPARTURE LAST
                VALUE   (LST)  VALUE       VALUE  FROM      YEAR
                                                  NORMAL
..................................................................
TEMPERATURE (F)
 TODAY
  MAXIMUM         97    259 PM 105    2000  95      2       97
  MINIMUM         79    635 AM  58    1967  75      4       74
  AVERAGE         88                        85      3       86

PRECIPITATION (IN)
  TODAY            0.00          1.71 1919   0.06  -0.06     0.00
  MONTH TO DATE    0.18                      1.24  -1.06     1.40
  SINCE JUN 1      5.13                      5.69  -0.56     3.41
  SINCE JAN 1     26.76                     21.94   4.82    16.05

SNOWFALL (IN)
  TODAY            0.0
  MONTH TO DATE    0.0
  SINCE JUL 1      0.0

DEGREE DAYS
 HEATING
  TODAY            0                         0      0        0
  MONTH TO DATE    0                         0      0        0
  SINCE JUN 1      0                         0      0        0
  SINCE JUL 1      0                         0      0        0

 COOLING
  TODAY           23                        20      3       21
  MONTH TO DATE  322                       309     13      305
  SINCE JUN 1    828                       825      3      895
  SINCE JAN 1   1442                      1413     29     1570
..................................................................


WIND (MPH)
  HIGHEST WIND SPEED    17   HIGHEST WIND DIRECTION     S (160)
  HIGHEST GUST SPEED    24   HIGHEST GUST DIRECTION     S (190)
  AVERAGE WIND SPEED     9.7


SKY COVER
  AVERAGE SKY COVER 0.6


WEATHER CONDITIONS
 THE FOLLOWING WEATHER WAS RECORDED TODAY.
  NO SIGNIFICANT WEATHER WAS OBSERVED.


RELATIVE HUMIDITY (PERCENT)
 HIGHEST   100           600 AM
 LOWEST     46           100 PM
 AVERAGE    73

..........................................................


THE COLLEGE STATION CLIMATE NORMALS FOR TOMORROW
                         NORMAL    RECORD    YEAR
 MAXIMUM TEMPERATURE (F)   95       106      1998
                                             1932
 MINIMUM TEMPERATURE (F)   75        60      1903


SUNRISE AND SUNSET
JULY 16 2019..........SUNRISE   634 AM CDT   SUNSET   829 PM CDT
JULY 17 2019..........SUNRISE   634 AM CDT   SUNSET   829 PM CDT


-  INDICATES NEGATIVE NUMBERS.
R  INDICATES RECORD WAS SET OR TIED.
MM INDICATES DATA IS MISSING.
T  INDICATES TRACE AMOUNT.




$$
