000
CDUS42 KGSP 250636
CLICLT

CLIMATE REPORT
NATIONAL WEATHER SERVICE GREENVILLE-SPARTANBURG SC
235 AM EDT THU APR 25 2019


...................................

...THE CHARLOTTE NC CLIMATE SUMMARY FOR APRIL 24 2019...

CLIMATE NORMAL PERIOD 1981 TO 2010
CLIMATE RECORD PERIOD 1878 TO 2019


WEATHER ITEM   OBSERVED TIME   RECORD YEAR NORMAL DEPARTURE LAST
                VALUE   (LST)  VALUE       VALUE  FROM      YEAR
                                                  NORMAL
..................................................................
TEMPERATURE (F)
 YESTERDAY
  MAXIMUM         86    437 PM  96    1925  74     12       72
  MINIMUM         56    415 AM  36    1893  49      7       57
  AVERAGE         71                        62      9       65

PRECIPITATION (IN)
  YESTERDAY        0.00          2.33 1937   0.10  -0.10     0.92
  MONTH TO DATE    5.26                      2.46   2.80     4.54
  SINCE MAR 1      8.39                      6.47   1.92     8.75
  SINCE JAN 1     18.93                     13.20   5.73    14.35

SNOWFALL (IN)
  YESTERDAY        0.0           0.0    MM   0.0    0.0      0.0
  MONTH TO DATE    0.1                       0.1    0.0       T
  SINCE MAR 1      0.1                       0.7   -0.6      0.2
  SINCE JUL 1      3.0                       4.4   -1.4      4.2
  SNOW DEPTH       0

DEGREE DAYS
 HEATING
  YESTERDAY        0                         5     -5        0
  MONTH TO DATE  111                       174    -63      173
  SINCE MAR 1    552                       607    -55      659
  SINCE JUL 1   2848                      3306   -458     2951

 COOLING
  YESTERDAY        6                         2      4        0
  MONTH TO DATE   44                        24     20       14
  SINCE MAR 1     45                        29     16       16
  SINCE JAN 1     52                        29     23       47
..................................................................


WIND (MPH)
  HIGHEST WIND SPEED    15   HIGHEST WIND DIRECTION    SW (210)
  HIGHEST GUST SPEED    19   HIGHEST GUST DIRECTION     W (260)
  AVERAGE WIND SPEED     5.3


SKY COVER
  POSSIBLE SUNSHINE  MM
  AVERAGE SKY COVER 0.5


WEATHER CONDITIONS
 THE FOLLOWING WEATHER WAS RECORDED YESTERDAY.
  NO SIGNIFICANT WEATHER WAS OBSERVED.


RELATIVE HUMIDITY (PERCENT)
 HIGHEST    80           400 AM
 LOWEST     27           500 PM
 AVERAGE    54

..........................................................


THE CHARLOTTE NC CLIMATE NORMALS FOR TODAY
                         NORMAL    RECORD    YEAR
 MAXIMUM TEMPERATURE (F)   74        93      1925
 MINIMUM TEMPERATURE (F)   49        31      2005


SUNRISE AND SUNSET
APRIL 25 2019.........SUNRISE   640 AM EDT   SUNSET   805 PM EDT
APRIL 26 2019.........SUNRISE   638 AM EDT   SUNSET   805 PM EDT


-  INDICATES NEGATIVE NUMBERS.
R  INDICATES RECORD WAS SET OR TIED.
MM INDICATES DATA IS MISSING.
T  INDICATES TRACE AMOUNT.




$$
