000
CDUS46 KLOX 200137
CLICMA


CLIMATE REPORT
NATIONAL WEATHER SERVICE LOS ANGELES/OXNARD CA
636 PM PDT FRI APR 19 2019


...................................

...THE CAMARILLO CLIMATE SUMMARY FOR APRIL 19 2019...
VALID TODAY AS OF 0600 PM LOCAL TIME.

CLIMATE NORMAL PERIOD 1981 TO 2010
CLIMATE RECORD PERIOD 1923 TO 2019


WEATHER ITEM   OBSERVED TIME   RECORD YEAR NORMAL DEPARTURE LAST
                VALUE   (LST)  VALUE       VALUE  FROM      YEAR
                                                  NORMAL
..................................................................
TEMPERATURE (F)
 TODAY
  MAXIMUM         70   1243 PM  96    2009  69      1       66
  MINIMUM         56    615 AM  34    1933  48      8       47
  AVERAGE         63                        58      5       57

PRECIPITATION (IN)
  TODAY            0.00          1.11 1988   0.04  -0.04     0.03
  MONTH TO DATE    T                         0.43  -0.43     0.03
  SINCE OCT 1     15.48                     14.26   1.22     5.94
  SINCE JAN 1     12.94                     10.26   2.68     5.87

SNOWFALL (IN)
  TODAY            0.0
  MONTH TO DATE    0.0
  SINCE MAR 1      0.0
  SINCE JUL 1      0.0

DEGREE DAYS
 HEATING
  TODAY            2                         7     -5        8
  MONTH TO DATE   54                       138    -84       80
  SINCE MAR 1    225                       415   -190      314
  SINCE JUL 1   1143                      1751   -608      989

 COOLING
  TODAY            0                         0      0        0
  MONTH TO DATE   15                         0     15       10
  SINCE MAR 1     23                         4     19       10
  SINCE JAN 1     25                        13     12       52
..................................................................


WIND (MPH)
  HIGHEST WIND SPEED    16   HIGHEST WIND DIRECTION    SW (230)
  HIGHEST GUST SPEED    21   HIGHEST GUST DIRECTION     W (260)
  AVERAGE WIND SPEED     6.6


SKY COVER
  POSSIBLE SUNSHINE  MM
  AVERAGE SKY COVER 0.6


WEATHER CONDITIONS
 THE FOLLOWING WEATHER WAS RECORDED TODAY.
  FOG
  HAZE


RELATIVE HUMIDITY (PERCENT)
 HIGHEST    86           200 AM
 LOWEST     57          1200 PM
 AVERAGE    72

..........................................................


THE CAMARILLO CLIMATE NORMALS FOR TOMORROW
                         NORMAL    RECORD    YEAR
 MAXIMUM TEMPERATURE (F)   69        96      2009
 MINIMUM TEMPERATURE (F)   48        37      1928


SUNRISE AND SUNSET
APRIL 19 2019.........SUNRISE   621 AM PDT   SUNSET   731 PM PDT
APRIL 20 2019.........SUNRISE   619 AM PDT   SUNSET   732 PM PDT


-  INDICATES NEGATIVE NUMBERS.
R  INDICATES RECORD WAS SET OR TIED.
MM INDICATES DATA IS MISSING.
T  INDICATES TRACE AMOUNT.




$$
