341
CDUS46 KLOX 190914
CLICMA


CLIMATE REPORT
NATIONAL WEATHER SERVICE LOS ANGELES/OXNARD CA
214 AM PDT THU APR 19 2018


...................................

...THE CAMARILLO AIRPORT CA CLIMATE SUMMARY FOR APRIL 18 2018...

CLIMATE NORMAL PERIOD 1981 TO 2010
CLIMATE RECORD PERIOD 1923 TO 2018


WEATHER ITEM   OBSERVED TIME   RECORD YEAR NORMAL DEPARTURE LAST
                VALUE   (LST)  VALUE       VALUE  FROM      YEAR
                                                  NORMAL
..................................................................
TEMPERATURE (F)
 YESTERDAY
  MAXIMUM         69    230 PM  82    2013  69      0       73
  MINIMUM         45    516 AM  31    1933  48     -3       59
  AVERAGE         57                        58     -1       66

PRECIPITATION (IN)
  YESTERDAY        0.00          0.96 1983   0.03  -0.03      T
  MONTH TO DATE    0.00                      0.39  -0.39     0.13
  SINCE OCT 1      5.91                     14.22  -8.31    19.36
  SINCE JAN 1      5.84                     10.22  -4.38    14.70

SNOWFALL (IN)
  YESTERDAY        0.0
  MONTH TO DATE    0.0
  SINCE MAR 1      0.0
  SINCE JUL 1      0.0

DEGREE DAYS
 HEATING
  YESTERDAY        8                         7      1        0
  MONTH TO DATE   72                       131    -59       88
  SINCE MAR 1    306                       408   -102      250
  SINCE JUL 1    981                      1744   -763     1238

 COOLING
  YESTERDAY        0                         0      0        1
  MONTH TO DATE   10                         0     10        1
  SINCE MAR 1     10                         4      6        5
  SINCE JAN 1     52                        13     39        6
..................................................................


WIND (MPH)
  HIGHEST WIND SPEED    16   HIGHEST WIND DIRECTION     W (260)
  HIGHEST GUST SPEED    19   HIGHEST GUST DIRECTION     W (260)
  AVERAGE WIND SPEED     6.8


SKY COVER
  POSSIBLE SUNSHINE  MM
  AVERAGE SKY COVER 0.0


WEATHER CONDITIONS
 THE FOLLOWING WEATHER WAS RECORDED YESTERDAY.
  NO SIGNIFICANT WEATHER WAS OBSERVED.


RELATIVE HUMIDITY (PERCENT)
 HIGHEST    72           700 PM
 LOWEST     28           900 AM
 AVERAGE    50

..........................................................


THE CAMARILLO AIRPORT CA CLIMATE NORMALS FOR TODAY
                         NORMAL    RECORD    YEAR
 MAXIMUM TEMPERATURE (F)   69        96      2009
 MINIMUM TEMPERATURE (F)   48        34      1933


SUNRISE AND SUNSET
APRIL 19 2018.........SUNRISE   620 AM PDT   SUNSET   731 PM PDT
APRIL 20 2018.........SUNRISE   619 AM PDT   SUNSET   732 PM PDT


-  INDICATES NEGATIVE NUMBERS.
R  INDICATES RECORD WAS SET OR TIED.
MM INDICATES DATA IS MISSING.
T  INDICATES TRACE AMOUNT.




$$
