000
CDUS46 KLOX 191231
CLICMA


CLIMATE REPORT
NATIONAL WEATHER SERVICE LOS ANGELES/OXNARD CA
530 AM PDT WED JUN 19 2019


...................................

...THE CAMARILLO AIRPORT CA CLIMATE SUMMARY FOR JUNE 18 2019...

CLIMATE NORMAL PERIOD 1981 TO 2010
CLIMATE RECORD PERIOD 1923 TO 2019


WEATHER ITEM   OBSERVED TIME   RECORD YEAR NORMAL DEPARTURE LAST
                VALUE   (LST)  VALUE       VALUE  FROM      YEAR
                                                  NORMAL
..................................................................
TEMPERATURE (F)
 YESTERDAY
  MAXIMUM         69    233 PM 101    1957  73     -4       74
  MINIMUM         62   1158 PM  44    1949  57      5       59
                                      1940
                                      1932
  AVERAGE         66                        65      1       67

PRECIPITATION (IN)
  YESTERDAY        0.00          0.06 1930   0.01  -0.01     0.00
  MONTH TO DATE    T                         0.05  -0.05     0.01
  SINCE OCT 1     16.56                     14.98   1.58     5.95
  SINCE JAN 1     14.02                     10.98   3.04     5.88

SNOWFALL (IN)
  YESTERDAY        0.0
  MONTH TO DATE    0.0
  SINCE JUN 1      0.0
  SINCE JUL 1      0.0

DEGREE DAYS
 HEATING
  YESTERDAY        0                         1     -1        0
  MONTH TO DATE   17                        30    -13       10
  SINCE JUN 1     17                        30    -13       10
  SINCE JUL 1   1328                      1973   -645     1190

 COOLING
  YESTERDAY        1                         1      0        2
  MONTH TO DATE   21                         6     15       24
  SINCE JUN 1     21                         6     15       24
  SINCE JAN 1     48                        37     11       77
..................................................................


WIND (MPH)
  HIGHEST WIND SPEED    12   HIGHEST WIND DIRECTION    SW (230)
  HIGHEST GUST SPEED    15   HIGHEST GUST DIRECTION    SW (210)
  AVERAGE WIND SPEED     5.2


SKY COVER
  POSSIBLE SUNSHINE  MM
  AVERAGE SKY COVER 1.0


WEATHER CONDITIONS
 THE FOLLOWING WEATHER WAS RECORDED YESTERDAY.
  FOG
  HAZE


RELATIVE HUMIDITY (PERCENT)
 HIGHEST    84           400 AM
 LOWEST     68           100 PM
 AVERAGE    76

..........................................................


THE CAMARILLO AIRPORT CA CLIMATE NORMALS FOR TODAY
                         NORMAL    RECORD    YEAR
 MAXIMUM TEMPERATURE (F)   73        87      2008
                                             1957
 MINIMUM TEMPERATURE (F)   57        40      1933


SUNRISE AND SUNSET
JUNE 19 2019..........SUNRISE   545 AM PDT   SUNSET   811 PM PDT
JUNE 20 2019..........SUNRISE   545 AM PDT   SUNSET   811 PM PDT


-  INDICATES NEGATIVE NUMBERS.
R  INDICATES RECORD WAS SET OR TIED.
MM INDICATES DATA IS MISSING.
T  INDICATES TRACE AMOUNT.




$$
