088
CDUS41 KILN 200540
CLICMH


CLIMATE REPORT
NATIONAL WEATHER SERVICE WILMINGTON OH
139 AM EDT SAT APR 20 2019


...................................

...THE COLUMBUS OH CLIMATE SUMMARY FOR APRIL 19 2019...

CLIMATE NORMAL PERIOD 1981 TO 2010
CLIMATE RECORD PERIOD 1869 TO 2019


WEATHER ITEM   OBSERVED TIME   RECORD YEAR NORMAL DEPARTURE LAST
                VALUE   (LST)  VALUE       VALUE  FROM      YEAR
                                                  NORMAL
..................................................................
TEMPERATURE (F)
 YESTERDAY
  MAXIMUM         63   1211 AM  85    2002  65     -2       52
                                      1958
  MINIMUM         43   1159 PM  21    1953  44     -1       35
  AVERAGE         53                        54     -1       44

PRECIPITATION (IN)
  YESTERDAY        0.77          2.30 1940   0.12   0.65     0.03
  MONTH TO DATE    1.76                      2.15  -0.39     4.82
  SINCE MAR 1      7.09                      5.17   1.92     7.78
  SINCE JAN 1     15.67                     10.15   5.52    15.42

SNOWFALL (IN)
  YESTERDAY        0.0           0.5  1969   0.0    0.0      0.3
  MONTH TO DATE    0.0                       1.0   -1.0      2.9
  SINCE MAR 1      2.0                       5.2   -3.2      6.1
  SINCE JUL 1     27.4                      26.6    0.8     30.7
  SNOW DEPTH       0

DEGREE DAYS
 HEATING
  YESTERDAY       12                        11      1       21
  MONTH TO DATE  182                       268    -86      381
  SINCE MAR 1   1007                       984     23     1194
  SINCE JUL 1   4931                      4979    -48     5041

 COOLING
  YESTERDAY        0                         1     -1        0
  MONTH TO DATE    7                         1      6        9
  SINCE MAR 1      7                         1      6        9
  SINCE JAN 1      7                         1      6       13
..................................................................


WIND (MPH)
  RESULTANT WIND SPEED  13   RESULTANT WIND DIRECTION   N (10)
  HIGHEST WIND SPEED    24   HIGHEST WIND DIRECTION     N (10)
  HIGHEST GUST SPEED    30   HIGHEST GUST DIRECTION     N (10)
  AVERAGE WIND SPEED    12.3


SKY COVER
  POSSIBLE SUNSHINE  MM
  AVERAGE SKY COVER 1.0


WEATHER CONDITIONS
 THE FOLLOWING WEATHER WAS RECORDED YESTERDAY.
  HEAVY RAIN
  RAIN
  LIGHT RAIN
  FOG


RELATIVE HUMIDITY (PERCENT)
 HIGHEST   100           900 AM
 LOWEST     78          1200 AM
 AVERAGE    89

..........................................................


THE COLUMBUS OH CLIMATE NORMALS FOR TODAY
                         NORMAL    RECORD    YEAR
 MAXIMUM TEMPERATURE (F)   65        85      1896
 MINIMUM TEMPERATURE (F)   44        22      1904


SUNRISE AND SUNSET
APRIL 20 2019.........SUNRISE   647 AM EDT   SUNSET   815 PM EDT
APRIL 21 2019.........SUNRISE   645 AM EDT   SUNSET   816 PM EDT


-  INDICATES NEGATIVE NUMBERS.
R  INDICATES RECORD WAS SET OR TIED.
MM INDICATES DATA IS MISSING.
T  INDICATES TRACE AMOUNT.




$$
