000
CDUS43 KILX 250632
CLICMI


CLIMATE REPORT
NATIONAL WEATHER SERVICE LINCOLN IL
130 AM CDT WED APR 25 2018


...................................

...THE CHAMPAIGN IL AIRPORT CLIMATE SUMMARY FOR APRIL 24 2018...

CLIMATE NORMAL PERIOD 1981 TO 2010
CLIMATE RECORD PERIOD 9999 TO 9999


WEATHER ITEM   OBSERVED TIME   RECORD YEAR NORMAL DEPARTURE LAST
                VALUE   (LST)  VALUE       VALUE  FROM      YEAR
                                                  NORMAL
..................................................................
TEMPERATURE (F)
 YESTERDAY
  MAXIMUM         63    536 PM  MM      MM  67     -4       79
  MINIMUM         47   1159 PM  MM      MM  43      4       47
  AVERAGE         55                        55      0       63

PRECIPITATION (IN)
  YESTERDAY        0.00         MM      MM   0.13  -0.13     0.00
  MONTH TO DATE    2.07                      2.90  -0.83     2.18
  SINCE MAR 1      4.79                      5.65  -0.86     4.33
  SINCE JAN 1     11.53                      9.72   1.81     7.07

DEGREE DAYS
 HEATING
  YESTERDAY       10                        11     -1        2
  MONTH TO DATE  505                       353    152      198
  SINCE MAR 1   1343                      1109    234      866
  SINCE JUL 1   5588                      5611    -23     4385

 COOLING
  YESTERDAY        0                         0      0        0
  MONTH TO DATE    3                         0      3       18
  SINCE MAR 1      3                         1      2       18
  SINCE JAN 1      3                         1      2       18
..................................................................


WIND (MPH)
  HIGHEST WIND SPEED    16   HIGHEST WIND DIRECTION     N (350)
  HIGHEST GUST SPEED    19   HIGHEST GUST DIRECTION     N (360)
  AVERAGE WIND SPEED     9.2


SKY COVER
  POSSIBLE SUNSHINE  MM
  AVERAGE SKY COVER 0.7


WEATHER CONDITIONS
 THE FOLLOWING WEATHER WAS RECORDED YESTERDAY.
  FOG


RELATIVE HUMIDITY (PERCENT)
 HIGHEST   100           100 AM
 LOWEST     67           500 PM
 AVERAGE    84

..........................................................


THE CHAMPAIGN IL AIRPORT CLIMATE NORMALS FOR TODAY
                         NORMAL    RECORD    YEAR
 MAXIMUM TEMPERATURE (F)   67        MM        MM
 MINIMUM TEMPERATURE (F)   43        MM        MM


SUNRISE AND SUNSET
APRIL 25 2018.........SUNRISE   601 AM CDT   SUNSET   742 PM CDT
APRIL 26 2018.........SUNRISE   600 AM CDT   SUNSET   743 PM CDT


-  INDICATES NEGATIVE NUMBERS.
R  INDICATES RECORD WAS SET OR TIED.
MM INDICATES DATA IS MISSING.
T  INDICATES TRACE AMOUNT.




$$
