000
CDUS43 KILX 170648
CLICMI


CLIMATE REPORT
NATIONAL WEATHER SERVICE LINCOLN IL
147 AM CDT MON JUN 17 2019


...................................

...THE CHAMPAIGN IL AIRPORT CLIMATE SUMMARY FOR JUNE 16 2019...

CLIMATE NORMAL PERIOD 1981 TO 2010
CLIMATE RECORD PERIOD 9999 TO 9999


WEATHER ITEM   OBSERVED TIME   RECORD YEAR NORMAL DEPARTURE LAST
                VALUE   (LST)  VALUE       VALUE  FROM      YEAR
                                                  NORMAL
..................................................................
TEMPERATURE (F)
 YESTERDAY
  MAXIMUM         82    205 PM  MM      MM  84     -2       90
  MINIMUM         64   1159 PM  MM      MM  61      3       70
  AVERAGE         73                        72      1       80

PRECIPITATION (IN)
  YESTERDAY        0.06         MM      MM   0.14  -0.08     0.00
  MONTH TO DATE    1.90                      2.48  -0.58     3.68
  SINCE JUN 1      1.90                      2.48  -0.58     3.68
  SINCE JAN 1     19.00                     17.64   1.36    18.96

DEGREE DAYS
 HEATING
  YESTERDAY        0                         0      0        0
  MONTH TO DATE    7                        14     -7        0
  SINCE JUN 1      7                        14     -7        0
  SINCE JUL 1   5906                      5820     86     5667

 COOLING
  YESTERDAY        8                         8      0       15
  MONTH TO DATE  103                       101      2      139
  SINCE JUN 1    103                       101      2      139
  SINCE JAN 1    213                       193     20      370
..................................................................


WIND (MPH)
  HIGHEST WIND SPEED    17   HIGHEST WIND DIRECTION     W (260)
  HIGHEST GUST SPEED    23   HIGHEST GUST DIRECTION     W (260)
  AVERAGE WIND SPEED     8.3


SKY COVER
  POSSIBLE SUNSHINE  MM
  AVERAGE SKY COVER 0.2


WEATHER CONDITIONS
 THE FOLLOWING WEATHER WAS RECORDED YESTERDAY.
  LIGHT RAIN
  FOG


RELATIVE HUMIDITY (PERCENT)
 HIGHEST    93           200 AM
 LOWEST     62           600 PM
 AVERAGE    78

..........................................................


THE CHAMPAIGN IL AIRPORT CLIMATE NORMALS FOR TODAY
                         NORMAL    RECORD    YEAR
 MAXIMUM TEMPERATURE (F)   84        MM        MM
 MINIMUM TEMPERATURE (F)   61        MM        MM


SUNRISE AND SUNSET
JUNE 17 2019..........SUNRISE   524 AM CDT   SUNSET   824 PM CDT
JUNE 18 2019..........SUNRISE   524 AM CDT   SUNSET   825 PM CDT


-  INDICATES NEGATIVE NUMBERS.
R  INDICATES RECORD WAS SET OR TIED.
MM INDICATES DATA IS MISSING.
T  INDICATES TRACE AMOUNT.




$$
