000
CDUS43 KILX 182142
CLICMI


CLIMATE REPORT
NATIONAL WEATHER SERVICE LINCOLN IL
431 PM CDT THU APR 18 2019


...................................

...THE CHAMPAIGN IL AIRPORT CLIMATE SUMMARY FOR APRIL 18 2019...
VALID TODAY AS OF 0400 PM LOCAL TIME.

CLIMATE NORMAL PERIOD 1981 TO 2010
CLIMATE RECORD PERIOD 9999 TO 9999


WEATHER ITEM   OBSERVED TIME   RECORD YEAR NORMAL DEPARTURE LAST
                VALUE   (LST)  VALUE       VALUE  FROM      YEAR
                                                  NORMAL
..................................................................
TEMPERATURE (F)
 TODAY
  MAXIMUM         64    848 AM  MM      MM  65     -1       57
  MINIMUM         49    259 PM  MM      MM  41      8       32
  AVERAGE         57                        53      4       45

PRECIPITATION (IN)
  TODAY            0.72         MM      MM   0.12   0.60      T
  MONTH TO DATE    3.02                      2.17   0.85     1.83
  SINCE MAR 1      7.40                      4.92   2.48     4.55
  SINCE JAN 1     10.76                      8.99   1.77    11.29

DEGREE DAYS
 HEATING
  TODAY            8                        13     -5       20
  MONTH TO DATE  227                       284    -57      427
  SINCE MAR 1   1099                      1040     59     1265
  SINCE JUL 1   5624                      5542     82     5510

 COOLING
  TODAY            0                         0      0        0
  MONTH TO DATE    1                         0      1        3
  SINCE MAR 1      1                         1      0        3
  SINCE JAN 1      1                         1      0        3
..................................................................


WIND (MPH)
  HIGHEST WIND SPEED    26   HIGHEST WIND DIRECTION    SW (230)
  HIGHEST GUST SPEED    45   HIGHEST GUST DIRECTION    SW (220)
  AVERAGE WIND SPEED    19.0


SKY COVER
  POSSIBLE SUNSHINE  MM
  AVERAGE SKY COVER 0.8


WEATHER CONDITIONS
 THE FOLLOWING WEATHER WAS RECORDED TODAY.
  THUNDERSTORM
  HEAVY RAIN
  RAIN
  LIGHT RAIN
  FOG


RELATIVE HUMIDITY (PERCENT)
 HIGHEST   100           300 AM
 LOWEST     93          1200 AM
 AVERAGE    97

..........................................................


THE CHAMPAIGN IL AIRPORT CLIMATE NORMALS FOR TOMORROW
                         NORMAL    RECORD    YEAR
 MAXIMUM TEMPERATURE (F)   65        MM        MM
 MINIMUM TEMPERATURE (F)   41        MM        MM


SUNRISE AND SUNSET
APRIL 18 2019.........SUNRISE   611 AM CDT   SUNSET   734 PM CDT
APRIL 19 2019.........SUNRISE   610 AM CDT   SUNSET   736 PM CDT


-  INDICATES NEGATIVE NUMBERS.
R  INDICATES RECORD WAS SET OR TIED.
MM INDICATES DATA IS MISSING.
T  INDICATES TRACE AMOUNT.




$$
