000
CDUS43 KTOP 212137
CLICNK


CLIMATE REPORT
NATIONAL WEATHER SERVICE TOPEKA KS
436 PM CDT SAT APR 21 2018


...................................

...THE CONCORDIA KS CLIMATE SUMMARY FOR APRIL 21 2018...
VALID TODAY AS OF 0400 PM LOCAL TIME.

CLIMATE NORMAL PERIOD 1981 TO 2010
CLIMATE RECORD PERIOD 1885 TO 2018


WEATHER ITEM   OBSERVED TIME   RECORD YEAR NORMAL DEPARTURE LAST
                VALUE   (LST)  VALUE       VALUE  FROM      YEAR
                                                  NORMAL
..................................................................
TEMPERATURE (F)
 TODAY
  MAXIMUM         49   1202 AM  93    1989  67    -18       54
                                      1888
  MINIMUM         43   1004 AM  24    1966  43      0       45
  AVERAGE         46                        55     -9       50

PRECIPITATION (IN)
  TODAY            0.15          0.86 1968   0.09   0.06     0.02
  MONTH TO DATE    0.38                      1.61  -1.23     2.95
  SINCE MAR 1      0.96                      3.62  -2.66     6.14
  SINCE JAN 1      1.95                      4.99  -3.04     7.99

SNOWFALL (IN)
  TODAY            0.0           0.5  1992   0.0    0.0      0.0
  MONTH TO DATE    0.4                       0.5   -0.1      0.0
  SINCE JAN 1      9.8                      13.7   -3.9      2.1
  SINCE JUL 1     11.6                      20.2   -8.6      4.3
  SNOW DEPTH       0

DEGREE DAYS
 HEATING
  TODAY           19                        11      8       15
  MONTH TO DATE  477                       289    188      197
  SINCE MAR 1   1131                       973    158      766
  SINCE JUL 1   5216                      5180     36     4267

 COOLING
  TODAY            0                         1     -1        0
  MONTH TO DATE    2                         6     -4       15
  SINCE MAR 1      2                         7     -5       19
  SINCE JAN 1      2                         7     -5       19
..................................................................


WIND (MPH)
  HIGHEST WIND SPEED    14   HIGHEST WIND DIRECTION     E (70)
  HIGHEST GUST SPEED    20   HIGHEST GUST DIRECTION     E (70)
  AVERAGE WIND SPEED     7.6



WEATHER CONDITIONS
 THE FOLLOWING WEATHER WAS RECORDED TODAY.
  LIGHT RAIN
  FOG


RELATIVE HUMIDITY (PERCENT)
 HIGHEST    92          1200 PM
 LOWEST     71          1200 AM
 AVERAGE    82

..........................................................


THE CONCORDIA KS CLIMATE NORMALS FOR TOMORROW
                         NORMAL    RECORD    YEAR
 MAXIMUM TEMPERATURE (F)   67        97      1989
 MINIMUM TEMPERATURE (F)   44        30      1992


SUNRISE AND SUNSET
APRIL 21 2018.........SUNRISE   645 AM CDT   SUNSET   815 PM CDT
APRIL 22 2018.........SUNRISE   643 AM CDT   SUNSET   816 PM CDT


-  INDICATES NEGATIVE NUMBERS.
R  INDICATES RECORD WAS SET OR TIED.
MM INDICATES DATA IS MISSING.
T  INDICATES TRACE AMOUNT.




$$
