000
CDUS43 KTOP 190649
CLICNK


CLIMATE REPORT
NATIONAL WEATHER SERVICE TOPEKA KS
149 AM CDT WED JUN 19 2019


...................................

...THE CONCORDIA KS CLIMATE SUMMARY FOR JUNE 18 2019...

CLIMATE NORMAL PERIOD 1981 TO 2010
CLIMATE RECORD PERIOD 1885 TO 2019


WEATHER ITEM   OBSERVED TIME   RECORD YEAR NORMAL DEPARTURE LAST
                VALUE   (LST)  VALUE       VALUE  FROM      YEAR
                                                  NORMAL
..................................................................
TEMPERATURE (F)
 YESTERDAY
  MAXIMUM         72   1005 AM 103    1953  86    -14       96
  MINIMUM         65   1144 PM  50    2000  63      2       73
  AVERAGE         69                        74     -5       85

PRECIPITATION (IN)
  YESTERDAY        0.61          3.40 1946   0.13   0.48     0.26
  MONTH TO DATE    1.48                      2.39  -0.91     1.09
  SINCE JUN 1      1.48                      2.39  -0.91     1.09
  SINCE JAN 1     16.07                     12.38   3.69     7.73

SNOWFALL (IN)
  YESTERDAY        0.0           T    1968   0.0    0.0      0.0
  MONTH TO DATE    0.0                       0.0    0.0      0.0
  SINCE JAN 1     32.3                      13.7   18.6      9.8
  SINCE JUL 1     48.2                      20.2   28.0     11.6
  SNOW DEPTH       0

DEGREE DAYS
 HEATING
  YESTERDAY        0                         0      0        0
  MONTH TO DATE    0                        11    -11        0
  SINCE JUN 1      0                        11    -11        0
  SINCE JUL 1   5821                      5406    415     5306

 COOLING
  YESTERDAY        4                        10     -6       20
  MONTH TO DATE  155                       129     26      280
  SINCE JUN 1    155                       129     26      280
  SINCE JAN 1    255                       218     37      499
..................................................................


WIND (MPH)
  HIGHEST WIND SPEED    13   HIGHEST WIND DIRECTION     E (100)
  HIGHEST GUST SPEED    19   HIGHEST GUST DIRECTION     E (100)
  AVERAGE WIND SPEED     5.2


SKY COVER
  AVERAGE SKY COVER 0.8


WEATHER CONDITIONS
 THE FOLLOWING WEATHER WAS RECORDED YESTERDAY.
  THUNDERSTORM
  RAIN
  LIGHT RAIN


RELATIVE HUMIDITY (PERCENT)
 HIGHEST    93           700 PM
 LOWEST     73           100 AM
 AVERAGE    83

..........................................................


THE CONCORDIA KS CLIMATE NORMALS FOR TODAY
                         NORMAL    RECORD    YEAR
 MAXIMUM TEMPERATURE (F)   86       108      1936
 MINIMUM TEMPERATURE (F)   63        47      1976


SUNRISE AND SUNSET
JUNE 19 2019..........SUNRISE   603 AM CDT   SUNSET   901 PM CDT
JUNE 20 2019..........SUNRISE   603 AM CDT   SUNSET   901 PM CDT


-  INDICATES NEGATIVE NUMBERS.
R  INDICATES RECORD WAS SET OR TIED.
MM INDICATES DATA IS MISSING.
T  INDICATES TRACE AMOUNT.




$$
