000
CDUS43 KTOP 190636
CLICNK


CLIMATE REPORT
NATIONAL WEATHER SERVICE TOPEKA KS
135 AM CDT FRI APR 19 2019


...................................

...THE CONCORDIA KS CLIMATE SUMMARY FOR APRIL 18 2019...

CLIMATE NORMAL PERIOD 1981 TO 2010
CLIMATE RECORD PERIOD 1885 TO 2019


WEATHER ITEM   OBSERVED TIME   RECORD YEAR NORMAL DEPARTURE LAST
                VALUE   (LST)  VALUE       VALUE  FROM      YEAR
                                                  NORMAL
..................................................................
TEMPERATURE (F)
 YESTERDAY
  MAXIMUM         MM        MM  92    1994  66     MM       52
  MINIMUM         MM        MM  27    1953  42     MM       33
  AVERAGE         MM                        54     MM       43

PRECIPITATION (IN)
  YESTERDAY        T             1.07 1970   0.07  -0.07     0.00
  MONTH TO DATE    0.55                      1.36  -0.81     0.15
  SINCE MAR 1      2.88                      3.37  -0.49     0.73
  SINCE JAN 1      4.75                      4.74   0.01     1.72

SNOWFALL (IN)
  YESTERDAY       MM             T    2008   0.1   MM        0.0
  MONTH TO DATE    T                         0.5   -0.5      0.4
  SINCE JAN 1     32.3                      13.7   18.6      9.8
  SINCE JUL 1     48.2                      20.2   28.0     11.6
  SNOW DEPTH       0

DEGREE DAYS
 HEATING
  YESTERDAY       MM                        12     MM       22
  MONTH TO DATE  144                       256   -112      420
  SINCE MAR 1    979                       940     39     1074
  SINCE JUL 1   5562                      5147    415     5159

 COOLING
  YESTERDAY       MM                         1     MM        0
  MONTH TO DATE    4                         3      1        2
  SINCE MAR 1      4                         4      0        2
  SINCE JAN 1      4                         4      0        2
..................................................................


WIND (MPH)
  HIGHEST WIND SPEED    15   HIGHEST WIND DIRECTION     N (350)
  HIGHEST GUST SPEED    30   HIGHEST GUST DIRECTION     N (10)
  AVERAGE WIND SPEED    11.1


SKY COVER
  AVERAGE SKY COVER 0.0


WEATHER CONDITIONS
 THE FOLLOWING WEATHER WAS RECORDED YESTERDAY.
  NO SIGNIFICANT WEATHER WAS OBSERVED.


RELATIVE HUMIDITY (PERCENT)
 HIGHEST     0          1200 AM
 LOWEST      0          1200 AM
 AVERAGE     0

..........................................................


THE CONCORDIA KS CLIMATE NORMALS FOR TODAY
                         NORMAL    RECORD    YEAR
 MAXIMUM TEMPERATURE (F)   66        89      1955
 MINIMUM TEMPERATURE (F)   42        27      2013


SUNRISE AND SUNSET
APRIL 19 2019.........SUNRISE   648 AM CDT   SUNSET   812 PM CDT
APRIL 20 2019.........SUNRISE   646 AM CDT   SUNSET   813 PM CDT


-  INDICATES NEGATIVE NUMBERS.
R  INDICATES RECORD WAS SET OR TIED.
MM INDICATES DATA IS MISSING.
T  INDICATES TRACE AMOUNT.




$$
