000
CDUS43 KICT 200634
CLICNU

CLIMATE REPORT
NATIONAL WEATHER SERVICE WICHITA KS
133 AM CDT SAT APR 20 2019

...................................

...THE CHANUTE KS CLIMATE SUMMARY FOR APRIL 19 2019...

CLIMATE NORMAL PERIOD 1981 TO 2010
CLIMATE RECORD PERIOD 1894 TO 2019


WEATHER ITEM   OBSERVED TIME   RECORD YEAR NORMAL DEPARTURE LAST
                VALUE   (LST)  VALUE       VALUE  FROM      YEAR
                                                  NORMAL
..................................................................
TEMPERATURE (F)
 YESTERDAY
  MAXIMUM         66    450 PM  88    1987  69     -3       60
  MINIMUM         41   1158 PM  30    2018  47     -6       30
                                      1953
  AVERAGE         54                        58     -4       45

PRECIPITATION (IN)
  YESTERDAY        T             1.80 1927   0.15  -0.15     0.00
  MONTH TO DATE    1.80                      2.58  -0.78     0.08
  SINCE MAR 1      3.94                      5.62  -1.68     1.54
  SINCE JAN 1      6.80                      8.78  -1.98     4.15

DEGREE DAYS
 HEATING
  YESTERDAY       11                         8      3       20
  MONTH TO DATE  132                       201    -69      348
  SINCE MAR 1    748                       760    -12      868
  SINCE JUL 1   4417                      4332     85     4214

 COOLING
  YESTERDAY        0                         1     -1        0
  MONTH TO DATE   33                        15     18        5
  SINCE MAR 1     33                        19     14        5
  SINCE JAN 1     33                        19     14        5
..................................................................


WIND (MPH)
  HIGHEST WIND SPEED    23   HIGHEST WIND DIRECTION     N (350)
  HIGHEST GUST SPEED    33   HIGHEST GUST DIRECTION     N (340)
  AVERAGE WIND SPEED    11.0


SKY COVER
  POSSIBLE SUNSHINE  MM
  AVERAGE SKY COVER 0.2


WEATHER CONDITIONS
 THE FOLLOWING WEATHER WAS RECORDED YESTERDAY.
  NO SIGNIFICANT WEATHER WAS OBSERVED.


RELATIVE HUMIDITY (PERCENT)
 HIGHEST    76           500 AM
 LOWEST     31           400 PM
 AVERAGE    54

..........................................................


THE CHANUTE KS CLIMATE NORMALS FOR TODAY
                         NORMAL    RECORD    YEAR
 MAXIMUM TEMPERATURE (F)   69        87      1987
 MINIMUM TEMPERATURE (F)   47        27      1953


SUNRISE AND SUNSET
APRIL 20 2019.........SUNRISE   640 AM CDT   SUNSET   802 PM CDT
APRIL 21 2019.........SUNRISE   639 AM CDT   SUNSET   803 PM CDT


-  INDICATES NEGATIVE NUMBERS.
R  INDICATES RECORD WAS SET OR TIED.
MM INDICATES DATA IS MISSING.
T  INDICATES TRACE AMOUNT.

$$
