000
CDUS43 KICT 200646
CLICNU


CLIMATE REPORT
NATIONAL WEATHER SERVICE WICHITA KS
145 AM CDT THU JUN 20 2019


...................................

...THE CHANUTE KS CLIMATE SUMMARY FOR JUNE 19 2019...

CLIMATE NORMAL PERIOD 1981 TO 2010
CLIMATE RECORD PERIOD 1894 TO 2019


WEATHER ITEM   OBSERVED TIME   RECORD YEAR NORMAL DEPARTURE LAST
                VALUE   (LST)  VALUE       VALUE  FROM      YEAR
                                                  NORMAL
..................................................................
TEMPERATURE (F)
 YESTERDAY
  MAXIMUM         81    456 PM 105    1918  86     -5       87
  MINIMUM         65   1138 PM  49    1912  66     -1       74
  AVERAGE         73                        76     -3       81

PRECIPITATION (IN)
  YESTERDAY        0.17          3.82 1927   0.18  -0.01     0.00
  MONTH TO DATE    1.70                      4.12  -2.42     2.68
  SINCE JUN 1      1.70                      4.12  -2.42     2.68
  SINCE JAN 1     30.19                     20.52   9.67    16.23

DEGREE DAYS
 HEATING
  YESTERDAY        0                         0      0        0
  MONTH TO DATE    0                         4     -4        0
  SINCE JUN 1      0                         4     -4        0
  SINCE JUL 1   4530                      4481     49     4287

 COOLING
  YESTERDAY        8                        11     -3       16
  MONTH TO DATE  177                       160     17      256
  SINCE JUN 1    177                       160     17      256
  SINCE JAN 1    347                       293     54      543
..................................................................


WIND (MPH)
  HIGHEST WIND SPEED    17   HIGHEST WIND DIRECTION     S (200)
  HIGHEST GUST SPEED    24   HIGHEST GUST DIRECTION     S (200)
  AVERAGE WIND SPEED     6.3


SKY COVER
  POSSIBLE SUNSHINE  MM
  AVERAGE SKY COVER 0.6


WEATHER CONDITIONS
 THE FOLLOWING WEATHER WAS RECORDED YESTERDAY.
  THUNDERSTORM
  RAIN
  LIGHT RAIN
  FOG


RELATIVE HUMIDITY (PERCENT)
 HIGHEST    93           100 AM
 LOWEST     58           500 PM
 AVERAGE    76

..........................................................


THE CHANUTE KS CLIMATE NORMALS FOR TODAY
                         NORMAL    RECORD    YEAR
 MAXIMUM TEMPERATURE (F)   86       108      1918
 MINIMUM TEMPERATURE (F)   66        50      1976


SUNRISE AND SUNSET
JUNE 20 2019..........SUNRISE   600 AM CDT   SUNSET   847 PM CDT
JUNE 21 2019..........SUNRISE   601 AM CDT   SUNSET   847 PM CDT


-  INDICATES NEGATIVE NUMBERS.
R  INDICATES RECORD WAS SET OR TIED.
MM INDICATES DATA IS MISSING.
T  INDICATES TRACE AMOUNT.




$$
