000
CDUS43 KLSX 170734
CLICOU


CLIMATE REPORT
NATIONAL WEATHER SERVICE ST LOUIS MO
233 AM CDT MON JUN 17 2019


...................................

...THE COLUMBIA ASOS CLIMATE SUMMARY FOR JUNE 16 2019...

CLIMATE NORMAL PERIOD 1981 TO 2010
CLIMATE RECORD PERIOD 1890 TO 2019


WEATHER ITEM   OBSERVED TIME   RECORD YEAR NORMAL DEPARTURE LAST
                VALUE   (LST)  VALUE       VALUE  FROM      YEAR
                                                  NORMAL
..................................................................
TEMPERATURE (F)
 YESTERDAY
  MAXIMUM         83    357 PM 100    1936  83      0       96
                                      1918
  MINIMUM         69    823 AM  46    1917  63      6       74
  AVERAGE         76                        73      3       85

PRECIPITATION (IN)
  YESTERDAY        0.62          2.07 1975   0.15   0.47     0.00
  MONTH TO DATE    2.18                      2.40  -0.22     0.35
  SINCE JUN 1      2.18                      2.40  -0.22     0.35
  SINCE JAN 1     20.31                     18.95   1.36    12.24

SNOWFALL (IN)
  YESTERDAY        0.0           0.0  2015   0.0    0.0      0.0
  MONTH TO DATE    0.0                       0.0    0.0      0.0
  SINCE JUN 1      0.0                       0.0    0.0      0.0
  SINCE JUL 1     28.7                      18.0   10.7      4.1
  SNOW DEPTH       0

DEGREE DAYS
 HEATING
  YESTERDAY        0                         0      0        0
  MONTH TO DATE    2                         9     -7        0
  SINCE JUN 1      2                         9     -7        0
  SINCE JUL 1   5020                      5021     -1     4769

 COOLING
  YESTERDAY       11                         8      3       20
  MONTH TO DATE  123                       105     18      226
  SINCE JUN 1    123                       105     18      226
  SINCE JAN 1    287                       208     79      521
..................................................................


WIND (MPH)
  HIGHEST WIND SPEED    28   HIGHEST WIND DIRECTION    SW (210)
  HIGHEST GUST SPEED    39   HIGHEST GUST DIRECTION    SW (220)
  AVERAGE WIND SPEED     7.0


SKY COVER
  AVERAGE SKY COVER 0.5


WEATHER CONDITIONS
 THE FOLLOWING WEATHER WAS RECORDED YESTERDAY.
  THUNDERSTORM
  HEAVY RAIN
  LIGHT RAIN
  FOG


RELATIVE HUMIDITY (PERCENT)
 HIGHEST    87
 LOWEST     58
 AVERAGE    73

..........................................................


THE COLUMBIA ASOS CLIMATE NORMALS FOR TODAY
                         NORMAL    RECORD    YEAR
 MAXIMUM TEMPERATURE (F)   84       101      1918
 MINIMUM TEMPERATURE (F)   64        47      1999


SUNRISE AND SUNSET
JUNE 17 2019..........SUNRISE   543 AM CDT   SUNSET   836 PM CDT
JUNE 18 2019..........SUNRISE   543 AM CDT   SUNSET   837 PM CDT


-  INDICATES NEGATIVE NUMBERS.
R  INDICATES RECORD WAS SET OR TIED.
MM INDICATES DATA IS MISSING.
T  INDICATES TRACE AMOUNT.




$$
