000
CDUS45 KRIW 200730
CLICPR


CLIMATE REPORT
NATIONAL WEATHER SERVICE RIVERTON WY
130 AM MDT SAT JUL 20 2019


...................................

...THE CASPER WY CLIMATE SUMMARY FOR JULY 19 2019...

CLIMATE NORMAL PERIOD 1981 TO 2010
CLIMATE RECORD PERIOD 1939 TO 2019


WEATHER ITEM   OBSERVED TIME   RECORD YEAR NORMAL DEPARTURE LAST
                VALUE   (LST)  VALUE       VALUE  FROM      YEAR
                                                  NORMAL
..................................................................
TEMPERATURE (F)
 YESTERDAY
  MAXIMUM         97    316 PM 101    1998  89      8       93
  MINIMUM         53    505 AM  45    2008  54     -1       50
                                      1972
  AVERAGE         75                        71      4       72

PRECIPITATION (IN)
  YESTERDAY        0.00          1.22 1973   0.05  -0.05     0.00
  MONTH TO DATE    0.54                      0.85  -0.31     1.15
  SINCE JUN 1      1.50                      2.46  -0.96     2.78
  SINCE JAN 1      8.92                      7.67   1.25     8.97

SNOWFALL (IN)
  YESTERDAY        0.0                       0.0    0.0      0.0
  MONTH TO DATE    0.0                       0.0    0.0      0.0
  SINCE JUN 1      0.0                       0.1   -0.1      0.0
  SINCE JUL 1      0.0                       0.0    0.0      0.0
  SNOW DEPTH       0

DEGREE DAYS
 HEATING
  YESTERDAY        0                         0      0        0
  MONTH TO DATE    6                        11     -5        4
  SINCE JUN 1    166                       147     19       90
  SINCE JUL 1      6                        11     -5        4

 COOLING
  YESTERDAY       10                         7      3        7
  MONTH TO DATE   98                       106     -8      167
  SINCE JUN 1    119                       159    -40      235
  SINCE JAN 1    119                       163    -44      237
..................................................................


WIND (MPH)
  HIGHEST WIND SPEED    30   HIGHEST WIND DIRECTION     W (260)
  HIGHEST GUST SPEED    46   HIGHEST GUST DIRECTION    SW (220)
  AVERAGE WIND SPEED    11.2


SKY COVER
  POSSIBLE SUNSHINE  MM
  AVERAGE SKY COVER 0.0


WEATHER CONDITIONS
 THE FOLLOWING WEATHER WAS RECORDED YESTERDAY.
  NO SIGNIFICANT WEATHER WAS OBSERVED.


RELATIVE HUMIDITY (PERCENT)
 HIGHEST    77           500 AM
 LOWEST     12           100 PM
 AVERAGE    45

..........................................................


THE CASPER WY CLIMATE NORMALS FOR TODAY
                         NORMAL    RECORD    YEAR
 MAXIMUM TEMPERATURE (F)   89        99      2012
                                             2005
 MINIMUM TEMPERATURE (F)   54        43      2015
                                             1972


SUNRISE AND SUNSET
JULY 20 2019..........SUNRISE   545 AM MDT   SUNSET   839 PM MDT
JULY 21 2019..........SUNRISE   546 AM MDT   SUNSET   838 PM MDT


-  INDICATES NEGATIVE NUMBERS.
R  INDICATES RECORD WAS SET OR TIED.
MM INDICATES DATA IS MISSING.
T  INDICATES TRACE AMOUNT.




$$
