000
CDUS45 KRIW 220842
CLICPR


CLIMATE REPORT
NATIONAL WEATHER SERVICE RIVERTON WY
240 AM MDT MON APR 22 2019


...................................

...THE CASPER WY CLIMATE SUMMARY FOR APRIL 21 2019...

CLIMATE NORMAL PERIOD 1981 TO 2010
CLIMATE RECORD PERIOD 1939 TO 2019


WEATHER ITEM   OBSERVED TIME   RECORD YEAR NORMAL DEPARTURE LAST
                VALUE   (LST)  VALUE       VALUE  FROM      YEAR
                                                  NORMAL
..................................................................
TEMPERATURE (F)
 YESTERDAY
  MAXIMUM         48   1237 AM  83    1989  58    -10       63
  MINIMUM         38   1159 PM  14    1973  30      8       35
  AVERAGE         43                        44     -1       49

PRECIPITATION (IN)
  YESTERDAY        0.17          0.63 1947   0.04   0.13     0.00
  MONTH TO DATE    0.94                      0.82   0.12     0.60
  SINCE MAR 1      2.68                      1.64   1.04     1.60
  SINCE JAN 1      3.46                      2.72   0.74     2.90

SNOWFALL (IN)
  YESTERDAY        0.0                       0.3   -0.3      0.0
  MONTH TO DATE    3.8                       8.7   -4.9      5.7
  SINCE MAR 1     31.2                      19.6   11.6     12.2
  SINCE JUL 1     70.4                      69.0    1.4     71.7
  SNOW DEPTH       0

DEGREE DAYS
 HEATING
  YESTERDAY       22                        21      1       16
  MONTH TO DATE  440                       495    -55      530
  SINCE MAR 1   1525                      1420    105     1437
  SINCE JUL 1   7012                      6868    144     6901

 COOLING
  YESTERDAY        0                         0      0        0
  MONTH TO DATE    0                         0      0        0
  SINCE MAR 1      0                         0      0        0
  SINCE JAN 1      0                         0      0        0
..................................................................


WIND (MPH)
  HIGHEST WIND SPEED    25   HIGHEST WIND DIRECTION     N (20)
  HIGHEST GUST SPEED    32   HIGHEST GUST DIRECTION     N (20)
  AVERAGE WIND SPEED    13.2


SKY COVER
  POSSIBLE SUNSHINE  MM
  AVERAGE SKY COVER 0.8


WEATHER CONDITIONS
 THE FOLLOWING WEATHER WAS RECORDED YESTERDAY.
  LIGHT RAIN
  FOG


RELATIVE HUMIDITY (PERCENT)
 HIGHEST   100           400 AM
 LOWEST     83           100 PM
 AVERAGE    92

..........................................................


THE CASPER WY CLIMATE NORMALS FOR TODAY
                         NORMAL    RECORD    YEAR
 MAXIMUM TEMPERATURE (F)   59        81      1994
 MINIMUM TEMPERATURE (F)   30        12      1967


SUNRISE AND SUNSET
APRIL 22 2019.........SUNRISE   613 AM MDT   SUNSET   756 PM MDT
APRIL 23 2019.........SUNRISE   612 AM MDT   SUNSET   757 PM MDT


-  INDICATES NEGATIVE NUMBERS.
R  INDICATES RECORD WAS SET OR TIED.
MM INDICATES DATA IS MISSING.
T  INDICATES TRACE AMOUNT.




$$
