000
CDUS46 KLOX 200137
CLICQT


CLIMATE REPORT
NATIONAL WEATHER SERVICE LOS ANGELES/OXNARD CA
636 PM PDT FRI APR 19 2019


...................................

...THE DOWNTOWN LOS ANGELES (USC) CA CLIMATE SUMMARY FOR APRIL 19 2019...
VALID TODAY AS OF 0600 PM LOCAL TIME.

CLIMATE NORMAL PERIOD 1981 TO 2010
CLIMATE RECORD PERIOD 1877 TO 2019


WEATHER ITEM   OBSERVED TIME   RECORD YEAR NORMAL DEPARTURE LAST
                VALUE   (LST)  VALUE       VALUE  FROM      YEAR
                                                  NORMAL
..................................................................
TEMPERATURE (F)
 TODAY
  MAXIMUM         73   1200 PM  94    2009  73      0       63
  MINIMUM         57    503 AM  40    1880  54      3       51
  AVERAGE         65                        64      1       57

PRECIPITATION (IN)
  TODAY            0.00          0.86 1904   0.02  -0.02     0.02
  MONTH TO DATE    0.01                      0.65  -0.64     0.02
  SINCE OCT 1     18.00                     14.03   3.97     4.63
  SINCE JAN 1     13.74                     10.00   3.74     4.51

SNOWFALL (IN)
  TODAY            0.0
  MONTH TO DATE    0.0
  SINCE MAR 1      0.0
  SINCE JUL 1      0.0

DEGREE DAYS
 HEATING
  TODAY            0                         3     -3        8
  MONTH TO DATE   22                        69    -47       37
  SINCE MAR 1    154                       226    -72      182
  SINCE JUL 1    884                      1001   -117      593

 COOLING
  TODAY            0                         2     -2        0
  MONTH TO DATE   39                        21     18       38
  SINCE MAR 1     59                        41     18       38
  SINCE JAN 1     59                        64     -5       74
..................................................................


WIND (MPH)
  HIGHEST WIND SPEED    13   HIGHEST WIND DIRECTION     W (270)
  HIGHEST GUST SPEED    17   HIGHEST GUST DIRECTION     W (280)
  AVERAGE WIND SPEED     1.7


SKY COVER
  POSSIBLE SUNSHINE  MM
  AVERAGE SKY COVER 0.4


WEATHER CONDITIONS
 THE FOLLOWING WEATHER WAS RECORDED TODAY.
  FOG
  HAZE


RELATIVE HUMIDITY (PERCENT)
 HIGHEST    93          1200 AM
 LOWEST     57          1200 PM
 AVERAGE    75

..........................................................


THE DOWNTOWN LOS ANGELES (USC) CA CLIMATE NORMALS FOR TOMORROW
                         NORMAL    RECORD    YEAR
 MAXIMUM TEMPERATURE (F)   73       100      2009
 MINIMUM TEMPERATURE (F)   54        38      1896


SUNRISE AND SUNSET
APRIL 19 2019.........SUNRISE   618 AM PDT   SUNSET   728 PM PDT
APRIL 20 2019.........SUNRISE   616 AM PDT   SUNSET   728 PM PDT


-  INDICATES NEGATIVE NUMBERS.
R  INDICATES RECORD WAS SET OR TIED.
MM INDICATES DATA IS MISSING.
T  INDICATES TRACE AMOUNT.




$$
