000
CDUS42 KILM 170844
CLICRE


CLIMATE REPORT
NATIONAL WEATHER SERVICE WILMINGTON NC
443 AM EDT WED JUL 17 2019


...................................

...THE N.MYRTLE BEACH SOUTH CAROLINA CLIMATE SUMMARY FOR JULY 16 2019...

CLIMATE NORMAL PERIOD 1981 TO 2010
CLIMATE RECORD PERIOD 1931 TO 2019


WEATHER ITEM   OBSERVED TIME   RECORD YEAR NORMAL DEPARTURE LAST
                VALUE   (LST)  VALUE       VALUE  FROM      YEAR
                                                  NORMAL
..................................................................
TEMPERATURE (F)
 YESTERDAY
  MAXIMUM         91   1103 AM  95    1962  88      3       87
                                      1956
  MINIMUM         77    526 AM  63    2001  73      4       67
  AVERAGE         84                        81      3       77

PRECIPITATION (IN)
  YESTERDAY        0.00          2.15 1941   0.20  -0.20     0.00
  MONTH TO DATE    5.83                      2.97   2.86     0.26
  SINCE JUN 1     10.68                      7.61   3.07     5.45
  SINCE JAN 1     22.29                     25.01  -2.72    23.87

DEGREE DAYS
 HEATING
  YESTERDAY        0                         0      0        0
  MONTH TO DATE    0                         0      0        0
  SINCE JUN 1      0                         0      0        0
  SINCE JUL 1      0                         0      0        0

 COOLING
  YESTERDAY       19                        16      3       12
  MONTH TO DATE  271                       248     23      234
  SINCE JUN 1    674                       605     69      683
  SINCE JAN 1   1067                       817    250      998
..................................................................


WIND (MPH)
  RESULTANT WIND SPEED   6   RESULTANT WIND DIRECTION   S (190)
  HIGHEST WIND SPEED    15   HIGHEST WIND DIRECTION     S (200)
  HIGHEST GUST SPEED    19   HIGHEST GUST DIRECTION    SW (210)
  AVERAGE WIND SPEED     6.4


SKY COVER
  POSSIBLE SUNSHINE  MM
  AVERAGE SKY COVER 0.0


WEATHER CONDITIONS
 THE FOLLOWING WEATHER WAS RECORDED YESTERDAY.
  NO SIGNIFICANT WEATHER WAS OBSERVED.


RELATIVE HUMIDITY (PERCENT)
 HIGHEST    97          1200 AM
 LOWEST     68          1000 AM
 AVERAGE    83

..........................................................


THE N.MYRTLE BEACH SOUTH CAROLINA CLIMATE NORMALS FOR TODAY
                         NORMAL    RECORD    YEAR
 MAXIMUM TEMPERATURE (F)   88        96      1942
 MINIMUM TEMPERATURE (F)   73        62      1946


SUNRISE AND SUNSET
JULY 17 2019..........SUNRISE   616 AM EDT   SUNSET   825 PM EDT
JULY 18 2019..........SUNRISE   617 AM EDT   SUNSET   825 PM EDT


-  INDICATES NEGATIVE NUMBERS.
R  INDICATES RECORD WAS SET OR TIED.
MM INDICATES DATA IS MISSING.
T  INDICATES TRACE AMOUNT.




$$
