000
CDUS44 KCRP 190858
CLICRP

CLIMATE REPORT
NATIONAL WEATHER SERVICE CORPUS CHRISTI TX
355 AM CDT WED JUN 19 2019


...................................

...THE CORPUS CHRISTI CLIMATE SUMMARY FOR JUNE 18 2019...

CLIMATE NORMAL PERIOD 1981 TO 2010
CLIMATE RECORD PERIOD 1887 TO 2019


WEATHER ITEM   OBSERVED TIME   RECORD YEAR NORMAL DEPARTURE LAST
                VALUE   (LST)  VALUE       VALUE  FROM      YEAR
                                                  NORMAL
..................................................................
TEMPERATURE (F)
 YESTERDAY
  MAXIMUM         94    236 PM  97    2013  91      3       84
                                      2011
  MINIMUM         76    603 AM  68    1969  74      2       76
                                      1912
  AVERAGE         85                        83      2       80

PRECIPITATION (IN)
  YESTERDAY        0.00          2.20 1966   0.11  -0.11     1.72
                                      1899
  MONTH TO DATE    2.46                      1.92   0.54     1.78
  SINCE JUN 1      2.46                      1.92   0.54     1.78
  SINCE JAN 1     10.80                     12.19  -1.39     6.46

SNOWFALL (IN)
  YESTERDAY        0.0           0.0  2002   0.0    0.0      0.0
                                      2001
                                      2000
  MONTH TO DATE    0.0                       0.0    0.0      0.0
  SINCE JUN 1      0.0                       0.0    0.0      0.0
  SINCE JUL 1      T                         0.2   -0.2      1.0
  SNOW DEPTH       0

DEGREE DAYS
 HEATING
  YESTERDAY        0                         0      0        0
  MONTH TO DATE    0                         0      0        0
  SINCE JUN 1      0                         0      0        0
  SINCE JUL 1    864                       898    -34      871

 COOLING
  YESTERDAY       20                        18      2       15
  MONTH TO DATE  370                       304     66      355
  SINCE JUN 1    370                       304     66      355
  SINCE JAN 1   1349                      1145    204     1347
..................................................................


WIND (MPH)
  HIGHEST WIND SPEED    17   HIGHEST WIND DIRECTION     E (80)
  HIGHEST GUST SPEED    22   HIGHEST GUST DIRECTION     E (90)
  AVERAGE WIND SPEED     8.3


SKY COVER
  POSSIBLE SUNSHINE  MM
  AVERAGE SKY COVER 0.5


WEATHER CONDITIONS
 THE FOLLOWING WEATHER WAS RECORDED YESTERDAY.
  FOG


RELATIVE HUMIDITY (PERCENT)
 HIGHEST    97           700 AM
 LOWEST     56          1200 PM
 AVERAGE    77

..........................................................


THE CORPUS CHRISTI CLIMATE NORMALS FOR TODAY
                         NORMAL    RECORD    YEAR
 MAXIMUM TEMPERATURE (F)   91        98      2013
 MINIMUM TEMPERATURE (F)   74        66      1912


SUNRISE AND SUNSET
JUNE 19 2019..........SUNRISE   634 AM CDT   SUNSET   828 PM CDT
JUNE 20 2019..........SUNRISE   635 AM CDT   SUNSET   829 PM CDT


-  INDICATES NEGATIVE NUMBERS.
R  INDICATES RECORD WAS SET OR TIED.
MM INDICATES DATA IS MISSING.
T  INDICATES TRACE AMOUNT.




$$
