000
CDUS44 KCRP 200031
CLICRP

CLIMATE REPORT
NATIONAL WEATHER SERVICE CORPUS CHRISTI TX
729 PM CDT FRI APR 19 2019


...................................

...THE CORPUS CHRISTI CLIMATE SUMMARY FOR APRIL 19 2019...
VALID TODAY AS OF 700 PM LOCAL TIME.

CLIMATE NORMAL PERIOD 1981 TO 2010
CLIMATE RECORD PERIOD 1887 TO 2019


WEATHER ITEM   OBSERVED TIME   RECORD YEAR NORMAL DEPARTURE LAST
                VALUE   (LST)  VALUE       VALUE  FROM      YEAR
                                                  NORMAL
..................................................................
TEMPERATURE (F)
 TODAY
  MAXIMUM         82    431 PM  94    1984  82      0       79
  MINIMUM         55    438 AM  46    2008  64     -9       61
  AVERAGE         69                        73     -4       70

PRECIPITATION (IN)
  TODAY            0.00          0.93 1935   0.07  -0.07     0.00
  MONTH TO DATE    2.51                      1.10   1.41     0.10
  SINCE MAR 1      3.53                      2.99   0.54     2.11
  SINCE JAN 1      5.94                      6.46  -0.52     3.84

SNOWFALL (IN)
  TODAY            0.0           0.0    MM   0.0    0.0      0.0
  MONTH TO DATE    0.0                       0.0    0.0      0.0
  SINCE MAR 1      0.0                       0.0    0.0      0.0
  SINCE JUL 1      T                         0.2   -0.2      1.0
  SNOW DEPTH       0

DEGREE DAYS
 HEATING
  TODAY            0                         0      0        0
  MONTH TO DATE   20                        15      5       17
  SINCE MAR 1    140                        96     44       42
  SINCE JUL 1    864                       896    -32      871

 COOLING
  TODAY            4                         8     -4        5
  MONTH TO DATE  150                       133     17      121
  SINCE MAR 1    290                       248     42      326
  SINCE JAN 1    371                       324     47      448
..................................................................


WIND (MPH)
  HIGHEST WIND SPEED    24   HIGHEST WIND DIRECTION    NW (330)
  HIGHEST GUST SPEED    31   HIGHEST GUST DIRECTION    NW (330)


SKY COVER
  POSSIBLE SUNSHINE  MM
  AVERAGE SKY COVER 0.1


WEATHER CONDITIONS
 THE FOLLOWING WEATHER WAS RECORDED TODAY.
  NO SIGNIFICANT WEATHER WAS OBSERVED.


RELATIVE HUMIDITY (PERCENT)
 HIGHEST    86           200 AM
 LOWEST     26           500 PM
 AVERAGE    56

..........................................................


THE CORPUS CHRISTI CLIMATE NORMALS FOR TOMORROW
                         NORMAL    RECORD    YEAR
 MAXIMUM TEMPERATURE (F)   83        89      1984
                                             1892
 MINIMUM TEMPERATURE (F)   64        47      2013
                                             1980


SUNRISE AND SUNSET
APRIL 19 2019.........SUNRISE   701 AM CDT   SUNSET   757 PM CDT
APRIL 20 2019.........SUNRISE   700 AM CDT   SUNSET   758 PM CDT


-  INDICATES NEGATIVE NUMBERS.
R  INDICATES RECORD WAS SET OR TIED.
MM INDICATES DATA IS MISSING.
T  INDICATES TRACE AMOUNT.




$$
