000
CDUS41 KRLX 212117
CLICRW


CLIMATE REPORT
NATIONAL WEATHER SERVICE CHARLESTON WV
517 PM EDT SUN APR 21 2019


...................................

...THE CHARLESTON WV CLIMATE SUMMARY FOR APRIL 21 2019...
VALID TODAY AS OF 0500 PM LOCAL TIME.

CLIMATE NORMAL PERIOD 1981 TO 2010
CLIMATE RECORD PERIOD 1901 TO 2019


WEATHER ITEM   OBSERVED TIME   RECORD YEAR NORMAL DEPARTURE LAST
                VALUE   (LST)  VALUE       VALUE  FROM      YEAR
                                                  NORMAL
..................................................................
TEMPERATURE (F)
 TODAY
  MAXIMUM         55    357 PM  92    1985  70    -15       72
  MINIMUM         42    317 AM  24    1926  46     -4       30
  AVERAGE         49                        58     -9       51

PRECIPITATION (IN)
  TODAY            0.00          1.21 2002   0.11  -0.11     0.00
  MONTH TO DATE    2.30                      2.19   0.11     3.55
  SINCE MAR 1      3.89                      6.10  -2.21     7.90
  SINCE JAN 1     13.02                     12.29   0.73    19.03

DEGREE DAYS
 HEATING
  TODAY           16                         8      8       14
  MONTH TO DATE  154                       230    -76      330
  SINCE MAR 1    802                       830    -28     1047
  SINCE JUL 1   4058                      4284   -226     4318

 COOLING
  TODAY            0                         1     -1        0
  MONTH TO DATE   17                        20     -3       11
  SINCE MAR 1     18                        25     -7       13
  SINCE JAN 1     18                        25     -7       22
..................................................................


WIND (MPH)
  HIGHEST WIND SPEED     8   HIGHEST WIND DIRECTION    SW (240)
  HIGHEST GUST SPEED    11   HIGHEST GUST DIRECTION     W (250)
  AVERAGE WIND SPEED     5.1


SKY COVER
  POSSIBLE SUNSHINE  MM
  AVERAGE SKY COVER 0.9


WEATHER CONDITIONS
 THE FOLLOWING WEATHER WAS RECORDED TODAY.
  FOG


RELATIVE HUMIDITY (PERCENT)
 HIGHEST    96           400 AM
 LOWEST     59           400 PM
 AVERAGE    78

..........................................................


THE CHARLESTON WV CLIMATE NORMALS FOR TOMORROW
                         NORMAL    RECORD    YEAR
 MAXIMUM TEMPERATURE (F)   70        92      1985
 MINIMUM TEMPERATURE (F)   46        30      1940


SUNRISE AND SUNSET
APRIL 21 2019.........SUNRISE   643 AM EDT   SUNSET   808 PM EDT
APRIL 22 2019.........SUNRISE   641 AM EDT   SUNSET   809 PM EDT


-  INDICATES NEGATIVE NUMBERS.
R  INDICATES RECORD WAS SET OR TIED.
MM INDICATES DATA IS MISSING.
T  INDICATES TRACE AMOUNT.




$$
