651
CDUS42 KFFC 190818
CLICSG


CLIMATE REPORT
NATIONAL WEATHER SERVICE PEACHTREE CITY GA
418 AM EDT FRI APR 19 2019


...................................

...THE COLUMBUS CLIMATE SUMMARY FOR APRIL 18 2019...

CLIMATE NORMAL PERIOD 1981 TO 2010
CLIMATE RECORD PERIOD 1948 TO 2019


WEATHER ITEM   OBSERVED TIME   RECORD YEAR NORMAL DEPARTURE LAST
                VALUE   (LST)  VALUE       VALUE  FROM      YEAR
                                                  NORMAL
..................................................................
TEMPERATURE (F)
 YESTERDAY
  MAXIMUM         83    351 PM  91    2002  77      6       86
                                      1930
                                      1927
  MINIMUM         60    637 AM  37    1962  53      7       51
                                      1956
  AVERAGE         72                        65      7       69

PRECIPITATION (IN)
  YESTERDAY        0.00          4.47 1969   0.11  -0.11     0.00
  MONTH TO DATE    2.80                      2.26   0.54     2.56
  SINCE MAR 1      5.26                      7.72  -2.46     5.71
  SINCE JAN 1     12.41                     16.01  -3.60    10.87

DEGREE DAYS
 HEATING
  YESTERDAY        0                         3     -3        0
  MONTH TO DATE   34                        71    -37       72
  SINCE MAR 1    263                       317    -54      324
  SINCE JUL 1   1693                      2094   -401     1781

 COOLING
  YESTERDAY        7                         3      4        4
  MONTH TO DATE   71                        36     35       26
  SINCE MAR 1     83                        59     24       51
  SINCE JAN 1    104                        63     41      123
..................................................................


WIND (MPH)
  HIGHEST WIND SPEED    23   HIGHEST WIND DIRECTION     S (180)
  HIGHEST GUST SPEED    32   HIGHEST GUST DIRECTION     S (190)
  AVERAGE WIND SPEED     9.8


SKY COVER
  AVERAGE SKY COVER 0.3


WEATHER CONDITIONS
 THE FOLLOWING WEATHER WAS RECORDED YESTERDAY.
  NO SIGNIFICANT WEATHER WAS OBSERVED.


RELATIVE HUMIDITY (PERCENT)
 HIGHEST    90           700 AM
 LOWEST     43           300 PM
 AVERAGE    67

..........................................................


THE COLUMBUS CLIMATE NORMALS FOR TODAY
                         NORMAL    RECORD    YEAR
 MAXIMUM TEMPERATURE (F)   78        93      1927
 MINIMUM TEMPERATURE (F)   53        33      1983


SUNRISE AND SUNSET
APRIL 19 2019.........SUNRISE   706 AM EDT   SUNSET   812 PM EDT
APRIL 20 2019.........SUNRISE   705 AM EDT   SUNSET   813 PM EDT


-  INDICATES NEGATIVE NUMBERS.
R  INDICATES RECORD WAS SET OR TIED.
MM INDICATES DATA IS MISSING.
T  INDICATES TRACE AMOUNT.




$$
