000
CDUS42 KFFC 250817
CLICSG


CLIMATE REPORT
NATIONAL WEATHER SERVICE PEACHTREE CITY GA
416 AM EDT WED APR 25 2018


...................................

...THE COLUMBUS CLIMATE SUMMARY FOR APRIL 24 2018...

CLIMATE NORMAL PERIOD 1981 TO 2010
CLIMATE RECORD PERIOD 1948 TO 2018


WEATHER ITEM   OBSERVED TIME   RECORD YEAR NORMAL DEPARTURE LAST
                VALUE   (LST)  VALUE       VALUE  FROM      YEAR
                                                  NORMAL
..................................................................
TEMPERATURE (F)
 YESTERDAY
  MAXIMUM         74    234 PM  94    1925  79     -5       67
  MINIMUM         56    652 AM  38    1986  55      1       56
  AVERAGE         65                        67     -2       62

PRECIPITATION (IN)
  YESTERDAY        T             1.04 2010   0.10  -0.10      T
  MONTH TO DATE    4.33                      2.91   1.42     2.37
  SINCE MAR 1      7.48                      8.37  -0.89     3.90
  SINCE JAN 1     12.64                     16.66  -4.02    18.16

DEGREE DAYS
 HEATING
  YESTERDAY        0                         2     -2        3
  MONTH TO DATE   77                        83     -6       23
  SINCE MAR 1    329                       329      0      226
  SINCE JUL 1   1786                      2106   -320     1356

 COOLING
  YESTERDAY        0                         3     -3        0
  MONTH TO DATE   34                        54    -20      124
  SINCE MAR 1     59                        77    -18      194
  SINCE JAN 1    131                        81     50      211
..................................................................


WIND (MPH)
  HIGHEST WIND SPEED    18   HIGHEST WIND DIRECTION     W (260)
  HIGHEST GUST SPEED    25   HIGHEST GUST DIRECTION     W (290)
  AVERAGE WIND SPEED     8.7


SKY COVER
  AVERAGE SKY COVER 0.5


WEATHER CONDITIONS
 THE FOLLOWING WEATHER WAS RECORDED YESTERDAY.
  NO SIGNIFICANT WEATHER WAS OBSERVED.


RELATIVE HUMIDITY (PERCENT)
 HIGHEST    86           500 AM
 LOWEST     49           100 PM
 AVERAGE    68

..........................................................


THE COLUMBUS CLIMATE NORMALS FOR TODAY
                         NORMAL    RECORD    YEAR
 MAXIMUM TEMPERATURE (F)   79        91      1932
 MINIMUM TEMPERATURE (F)   55        38      1910


SUNRISE AND SUNSET
APRIL 25 2018.........SUNRISE   659 AM EDT   SUNSET   817 PM EDT
APRIL 26 2018.........SUNRISE   658 AM EDT   SUNSET   817 PM EDT


-  INDICATES NEGATIVE NUMBERS.
R  INDICATES RECORD WAS SET OR TIED.
MM INDICATES DATA IS MISSING.
T  INDICATES TRACE AMOUNT.




$$
