000
CDUS42 KFFC 170817
CLICSG


CLIMATE REPORT
NATIONAL WEATHER SERVICE PEACHTREE CITY GA
416 AM EDT MON JUN 17 2019


...................................

...THE COLUMBUS CLIMATE SUMMARY FOR JUNE 16 2019...

CLIMATE NORMAL PERIOD 1981 TO 2010
CLIMATE RECORD PERIOD 1948 TO 2019


WEATHER ITEM   OBSERVED TIME   RECORD YEAR NORMAL DEPARTURE LAST
                VALUE   (LST)  VALUE       VALUE  FROM      YEAR
                                                  NORMAL
..................................................................
TEMPERATURE (F)
 YESTERDAY
  MAXIMUM         92    458 PM 103    1936  90      2       89
  MINIMUM         69    600 AM  53    1917  70     -1       74
  AVERAGE         81                        80      1       82

PRECIPITATION (IN)
  YESTERDAY        0.00          1.72 1989   0.11  -0.11     0.32
  MONTH TO DATE    4.65                      1.86   2.79     3.26
  SINCE JUN 1      4.65                      1.86   2.79     3.26
  SINCE JAN 1     22.21                     22.35  -0.14    26.52

DEGREE DAYS
 HEATING
  YESTERDAY        0                         0      0        0
  MONTH TO DATE    0                         0      0        0
  SINCE JUN 1      0                         0      0        0
  SINCE JUL 1   1714                      2120   -406     1793

 COOLING
  YESTERDAY       16                        15      1       17
  MONTH TO DATE  226                       219      7      246
  SINCE JUN 1    226                       219      7      246
  SINCE JAN 1    776                       577    199      764
..................................................................


WIND (MPH)
  HIGHEST WIND SPEED    13   HIGHEST WIND DIRECTION     S (180)
  HIGHEST GUST SPEED    15   HIGHEST GUST DIRECTION    SW (240)
  AVERAGE WIND SPEED     3.4


SKY COVER
  AVERAGE SKY COVER 0.0


WEATHER CONDITIONS
 THE FOLLOWING WEATHER WAS RECORDED YESTERDAY.
  NO SIGNIFICANT WEATHER WAS OBSERVED.


RELATIVE HUMIDITY (PERCENT)
 HIGHEST    84           300 AM
 LOWEST     36           400 PM
 AVERAGE    60

..........................................................


THE COLUMBUS CLIMATE NORMALS FOR TODAY
                         NORMAL    RECORD    YEAR
 MAXIMUM TEMPERATURE (F)   90       102      1936
 MINIMUM TEMPERATURE (F)   70        56      1917


SUNRISE AND SUNSET
JUNE 17 2019..........SUNRISE   632 AM EDT   SUNSET   849 PM EDT
JUNE 18 2019..........SUNRISE   632 AM EDT   SUNSET   849 PM EDT


-  INDICATES NEGATIVE NUMBERS.
R  INDICATES RECORD WAS SET OR TIED.
MM INDICATES DATA IS MISSING.
T  INDICATES TRACE AMOUNT.




$$
