137
CDUS45 KTFX 192240
CLICTB


CLIMATE REPORT
NATIONAL WEATHER SERVICE GREAT FALLS MT
440 PM MDT FRI APR 19 2019


...................................

...THE CUT BANK MT CLIMATE SUMMARY FOR APRIL 19 2019...
VALID TODAY AS OF 0400 PM LOCAL TIME.

CLIMATE NORMAL PERIOD 1981 TO 2010
CLIMATE RECORD PERIOD 1903 TO 2019


WEATHER ITEM   OBSERVED TIME   RECORD YEAR NORMAL DEPARTURE LAST
                VALUE   (LST)  VALUE       VALUE  FROM      YEAR
                                                  NORMAL
..................................................................
TEMPERATURE (F)
 TODAY
  MAXIMUM         70    100 PM  83    1962  54     16       56
  MINIMUM         50    109 AM   2    1927  30     20       26
  AVERAGE         60                        42     18       41

PRECIPITATION (IN)
  TODAY            0.00          0.45 1985   0.03  -0.03     0.00
  MONTH TO DATE    0.80                      0.43   0.37     1.35
  SINCE OCT 1      4.55                      2.36   2.19     5.86
  SINCE JAN 1      2.98                      1.34   1.64     3.75

DEGREE DAYS
 HEATING
  TODAY            5                        23    -18       24
  MONTH TO DATE  442                       486    -44      685
  SINCE MAR 1   1716                      1524    192     1949
  SINCE JUL 1   8400                      7584    816     8467

 COOLING
  TODAY            0                         0      0        0
  MONTH TO DATE    0                         0      0        0
  SINCE MAR 1      0                         0      0        0
  SINCE JAN 1      0                         0      0        0
..................................................................


WIND (MPH)
  HIGHEST WIND SPEED    32   HIGHEST WIND DIRECTION     W (250)
  HIGHEST GUST SPEED    40   HIGHEST GUST DIRECTION    SW (230)
  AVERAGE WIND SPEED    19.8


SKY COVER
  AVERAGE SKY COVER 0.4


WEATHER CONDITIONS
 THE FOLLOWING WEATHER WAS RECORDED TODAY.
  NO SIGNIFICANT WEATHER WAS OBSERVED.


RELATIVE HUMIDITY (PERCENT)
 HIGHEST    63           600 AM
 LOWEST     31           100 PM
 AVERAGE    47

..........................................................


THE CUT BANK MT CLIMATE NORMALS FOR TOMORROW
                         NORMAL    RECORD    YEAR
 MAXIMUM TEMPERATURE (F)   55        81      1980
 MINIMUM TEMPERATURE (F)   30        -5      1927


SUNRISE AND SUNSET
APRIL 19 2019.........SUNRISE   632 AM MDT   SUNSET   827 PM MDT
APRIL 20 2019.........SUNRISE   630 AM MDT   SUNSET   828 PM MDT


-  INDICATES NEGATIVE NUMBERS.
R  INDICATES RECORD WAS SET OR TIED.
MM INDICATES DATA IS MISSING.
T  INDICATES TRACE AMOUNT.




$$
