000
CDUS45 KTFX 250736
CLICTB


CLIMATE REPORT
NATIONAL WEATHER SERVICE GREAT FALLS MT
133 AM MDT TUE JUN 25 2019


...................................

...THE CUT BANK MT CLIMATE SUMMARY FOR JUNE 24 2019...

CLIMATE NORMAL PERIOD 1981 TO 2010
CLIMATE RECORD PERIOD 1903 TO 2019


WEATHER ITEM   OBSERVED TIME   RECORD YEAR NORMAL DEPARTURE LAST
                VALUE   (LST)  VALUE       VALUE  FROM      YEAR
                                                  NORMAL
..................................................................
TEMPERATURE (F)
 YESTERDAY
  MAXIMUM         65    504 PM  95    1974  73     -8       76
  MINIMUM         42   1159 PM  35    1950  46     -4       55
  AVERAGE         54                        60     -6       66

PRECIPITATION (IN)
  YESTERDAY        0.04          1.99 1911   0.07  -0.03     0.00
  MONTH TO DATE    0.69                      2.16  -1.47     1.69
  SINCE OCT 1      7.87                      6.82   1.05     9.19
  SINCE JAN 1      6.30                      5.80   0.50     7.08

SNOWFALL (IN)
  YESTERDAY       MM
  SNOW DEPTH       0

DEGREE DAYS
 HEATING
  YESTERDAY       11                         6      5        0
  MONTH TO DATE  173                       200    -27      169
  SINCE JUN 1    173                       200    -27      169
  SINCE JUL 1   9372                      8488    884     9127

 COOLING
  YESTERDAY        0                         1     -1        1
  MONTH TO DATE    5                         8     -3        7
  SINCE JUN 1      5                         8     -3        7
  SINCE JAN 1      5                        10     -5        7
..................................................................


WIND (MPH)
  HIGHEST WIND SPEED    25   HIGHEST WIND DIRECTION     N (360)
  HIGHEST GUST SPEED    31   HIGHEST GUST DIRECTION     N (360)
  AVERAGE WIND SPEED    10.0


SKY COVER
  AVERAGE SKY COVER 0.5


WEATHER CONDITIONS
 THE FOLLOWING WEATHER WAS RECORDED YESTERDAY.
  LIGHT RAIN


RELATIVE HUMIDITY (PERCENT)
 HIGHEST    83           900 AM
 LOWEST     36           600 PM
 AVERAGE    60

..........................................................


THE CUT BANK MT CLIMATE NORMALS FOR TODAY
                         NORMAL    RECORD    YEAR
 MAXIMUM TEMPERATURE (F)   73        95      1962
 MINIMUM TEMPERATURE (F)   47        35      1920


SUNRISE AND SUNSET
JUNE 25 2019..........SUNRISE   528 AM MDT   SUNSET   936 PM MDT
JUNE 26 2019..........SUNRISE   529 AM MDT   SUNSET   936 PM MDT


-  INDICATES NEGATIVE NUMBERS.
R  INDICATES RECORD WAS SET OR TIED.
MM INDICATES DATA IS MISSING.
T  INDICATES TRACE AMOUNT.




$$
