000
CDUS45 KTFX 191012
CLICTB


CLIMATE REPORT
NATIONAL WEATHER SERVICE GREAT FALLS MT
410 AM MDT THU APR 19 2018


...................................

...THE CUT BANK MT CLIMATE SUMMARY FOR APRIL 18 2018...

CLIMATE NORMAL PERIOD 1981 TO 2010
CLIMATE RECORD PERIOD 1903 TO 2018


WEATHER ITEM   OBSERVED TIME   RECORD YEAR NORMAL DEPARTURE LAST
                VALUE   (LST)  VALUE       VALUE  FROM      YEAR
                                                  NORMAL
..................................................................
TEMPERATURE (F)
 YESTERDAY
  MAXIMUM         50    329 PM  81    1936  54     -4       61
  MINIMUM         28   1041 PM   3    1951  29     -1       39
  AVERAGE         39                        42     -3       50

PRECIPITATION (IN)
  YESTERDAY        0.00          1.00 1993   0.02  -0.02      T
  MONTH TO DATE    0.34                      0.40  -0.06     1.19
  SINCE OCT 1      4.72                      2.33   2.39     4.50
  SINCE JAN 1      2.61                      1.31   1.30     3.07

SNOWFALL (IN)
  YESTERDAY       MM
  SNOW DEPTH       0

DEGREE DAYS
 HEATING
  YESTERDAY       26                        23      3       15
  MONTH TO DATE  661                       463    198      420
  SINCE MAR 1   1925                      1501    424     1441
  SINCE JUL 1   8443                      7561    882     7792

 COOLING
  YESTERDAY        0                         0      0        0
  MONTH TO DATE    0                         0      0        0
  SINCE MAR 1      0                         0      0        0
  SINCE JAN 1      0                         0      0        0
..................................................................


WIND (MPH)
  HIGHEST WIND SPEED    28   HIGHEST WIND DIRECTION     W (260)
  HIGHEST GUST SPEED    32   HIGHEST GUST DIRECTION     W (260)
  AVERAGE WIND SPEED    11.6


SKY COVER
  AVERAGE SKY COVER 0.1


WEATHER CONDITIONS
 THE FOLLOWING WEATHER WAS RECORDED YESTERDAY.
  NO SIGNIFICANT WEATHER WAS OBSERVED.


RELATIVE HUMIDITY (PERCENT)
 HIGHEST    75           500 AM
 LOWEST     26           200 PM
 AVERAGE    51

..........................................................


THE CUT BANK MT CLIMATE NORMALS FOR TODAY
                         NORMAL    RECORD    YEAR
 MAXIMUM TEMPERATURE (F)   54        83      1962
 MINIMUM TEMPERATURE (F)   30         2      1927


SUNRISE AND SUNSET
APRIL 19 2018.........SUNRISE   631 AM MDT   SUNSET   827 PM MDT
APRIL 20 2018.........SUNRISE   629 AM MDT   SUNSET   828 PM MDT


-  INDICATES NEGATIVE NUMBERS.
R  INDICATES RECORD WAS SET OR TIED.
MM INDICATES DATA IS MISSING.
T  INDICATES TRACE AMOUNT.




$$
