000
CDUS42 KTAE 230639
CLICTY


CLIMATE REPORT
NATIONAL WEATHER SERVICE TALLAHASSEE FL
238 AM EDT TUE JUL 23 2019


...................................

...THE CROSS CITY  CLIMATE SUMMARY FOR JULY 22 2019...

CLIMATE NORMAL PERIOD 1981 TO 2010
CLIMATE RECORD PERIOD 1948 TO 2019


WEATHER ITEM   OBSERVED TIME   NORMAL DEPARTURE LAST
                VALUE   (LST)  VALUE  FROM      YEAR
                                      NORMAL
......................................................
TEMPERATURE (F)
 YESTERDAY
  MAXIMUM         89    935 AM  91     -2       91
  MINIMUM         68   1215 AM  72     -4       70
  AVERAGE         79            82     -3       81

PRECIPITATION (IN)
  YESTERDAY        0.00          0.19  -0.19     2.53
  MONTH TO DATE    3.12          3.83  -0.71    10.73
  SINCE JUN 1     18.73          8.92   9.81    17.02
  SINCE JAN 1     31.77         26.09   5.68    43.33

SNOWFALL (IN)
  YESTERDAY        0.0

DEGREE DAYS
 HEATING
  YESTERDAY        0                    0
  MONTH TO DATE    0                    0
  SINCE JUN 1      0                    0
  SINCE JUL 1      0                    0

 COOLING
  YESTERDAY       14                   -3
  MONTH TO DATE  393                   35
  SINCE JUN 1    885                   80
  SINCE JAN 1   1569                  285
......................................................


WIND (MPH)
  HIGHEST WIND SPEED    12   HIGHEST WIND DIRECTION     W (280)
  AVERAGE WIND SPEED     3.6




..........................................................


THE CROSS CITY  CLIMATE NORMALS FOR TODAY
                         NORMAL
 MAXIMUM TEMPERATURE (F)   91
 MINIMUM TEMPERATURE (F)   72


SUNRISE AND SUNSET
JULY 23 2019..........SUNRISE   647 AM EDT   SUNSET   831 PM EDT
JULY 24 2019..........SUNRISE   647 AM EDT   SUNSET   830 PM EDT


-  INDICATES NEGATIVE NUMBERS.
R  INDICATES RECORD WAS SET OR TIED.
MM INDICATES DATA IS MISSING.
T  INDICATES TRACE AMOUNT.




$$
