000
CDUS42 KTAE 250633
CLICTY


CLIMATE REPORT
NATIONAL WEATHER SERVICE TALLAHASSEE FL
230 AM EDT WED APR 25 2018


...................................

...THE CROSS CITY  CLIMATE SUMMARY FOR APRIL 24 2018...

CLIMATE NORMAL PERIOD 1981 TO 2010
CLIMATE RECORD PERIOD 1948 TO 2018


WEATHER ITEM   OBSERVED TIME   NORMAL DEPARTURE LAST
                VALUE   (LST)  VALUE  FROM      YEAR
                                      NORMAL
......................................................
TEMPERATURE (F)
 YESTERDAY
  MAXIMUM         76        MM  82     -6       72
  MINIMUM         57        MM  55      2       54
  AVERAGE         67            68     -1

PRECIPITATION (IN)
  YESTERDAY        0.00          0.06  -0.06     0.00
  MONTH TO DATE    6.58          2.63   3.95     2.11
  SINCE MAR 1     10.91          6.84   4.07     2.97
  SINCE JAN 1     18.59         14.15   4.44     5.52

DEGREE DAYS
 HEATING
  YESTERDAY        0             1     -1
  MONTH TO DATE   29            45    -16
  SINCE MAR 1    215           180     35
  SINCE JUL 1   1164          1300   -136

 COOLING
  YESTERDAY        2             4     -2
  MONTH TO DATE   84            78      6
  SINCE MAR 1    105           125    -20
  SINCE JAN 1    216           152     64
......................................................


WIND (MPH)
  RESULTANT WIND SPEED   7   RESULTANT WIND DIRECTION   W (250)
  HIGHEST WIND SPEED    16   HIGHEST WIND DIRECTION    SW (240)
  HIGHEST GUST SPEED    23   HIGHEST GUST DIRECTION    SW (240)
  AVERAGE WIND SPEED     7.4



WEATHER CONDITIONS
 THE FOLLOWING WEATHER WAS RECORDED YESTERDAY.
  NO SIGNIFICANT WEATHER WAS OBSERVED.


RELATIVE HUMIDITY (PERCENT)
 HIGHEST   100
 LOWEST     55

..........................................................




SUNRISE AND SUNSET
APRIL 25 2018.........SUNRISE   656 AM EDT   SUNSET   805 PM EDT
APRIL 26 2018.........SUNRISE   655 AM EDT   SUNSET   806 PM EDT


-  INDICATES NEGATIVE NUMBERS.
R  INDICATES RECORD WAS SET OR TIED.
MM INDICATES DATA IS MISSING.
T  INDICATES TRACE AMOUNT.




$$
