000
CDUS42 KTAE 250633
CLICTY


CLIMATE REPORT
NATIONAL WEATHER SERVICE TALLAHASSEE FL
232 AM EDT THU APR 25 2019


...................................

...THE CROSS CITY  CLIMATE SUMMARY FOR APRIL 24 2019...

CLIMATE NORMAL PERIOD 1981 TO 2010
CLIMATE RECORD PERIOD 1948 TO 2019


WEATHER ITEM   OBSERVED TIME   NORMAL DEPARTURE LAST
                VALUE   (LST)  VALUE  FROM      YEAR
                                      NORMAL
......................................................
TEMPERATURE (F)
 YESTERDAY
  MAXIMUM         84   1215 PM  82      2       76
  MINIMUM         54    415 AM  55     -1       57
  AVERAGE         69            68      1

PRECIPITATION (IN)
  YESTERDAY        0.00          0.06  -0.06     0.00
  MONTH TO DATE    2.11          2.63  -0.52     6.58
  SINCE MAR 1      4.51          6.84  -2.33    10.91
  SINCE JAN 1     11.30         14.15  -2.85    18.59

DEGREE DAYS
 HEATING
  YESTERDAY        0             1     -1
  MONTH TO DATE   38            45     -7
  SINCE MAR 1    169           180    -11
  SINCE JUL 1   1003          1300   -297

 COOLING
  YESTERDAY        4             4      0
  MONTH TO DATE  105            78     27
  SINCE MAR 1    162           125     37
  SINCE JAN 1    240           152     88
......................................................


WIND (MPH)
  RESULTANT WIND SPEED   2   RESULTANT WIND DIRECTION   W (250)
  HIGHEST WIND SPEED    10   HIGHEST WIND DIRECTION    SW (230)
  HIGHEST GUST SPEED    MM   HIGHEST GUST DIRECTION    MM
  AVERAGE WIND SPEED     3.2



WEATHER CONDITIONS
 THE FOLLOWING WEATHER WAS RECORDED YESTERDAY.
  NO SIGNIFICANT WEATHER WAS OBSERVED.


RELATIVE HUMIDITY (PERCENT)
 HIGHEST   100
 LOWEST     37

..........................................................




SUNRISE AND SUNSET
APRIL 25 2019.........SUNRISE   656 AM EDT   SUNSET   805 PM EDT
APRIL 26 2019.........SUNRISE   655 AM EDT   SUNSET   806 PM EDT


-  INDICATES NEGATIVE NUMBERS.
R  INDICATES RECORD WAS SET OR TIED.
MM INDICATES DATA IS MISSING.
T  INDICATES TRACE AMOUNT.




$$
