435
CDUS42 KCAE 162124
CLICUB


CLIMATE REPORT
NATIONAL WEATHER SERVICE COLUMBIA SC
523 PM EDT TUE JUL 16 2019


...................................

...THE HAMILTON - OWENS AIRPORT SC CLIMATE SUMMARY FOR JULY 16 2019...
VALID TODAY AS OF 0500 PM LOCAL TIME.

CLIMATE NORMAL PERIOD 1981 TO 2010
CLIMATE RECORD PERIOD 9999 TO 9999


WEATHER ITEM   OBSERVED TIME   NORMAL DEPARTURE LAST
                VALUE   (LST)  VALUE  FROM      YEAR
                                      NORMAL
......................................................
TEMPERATURE (F)
 TODAY
  MAXIMUM         98    248 PM  93      5       89
  MINIMUM         75    605 AM  73      2       75
  AVERAGE         87            83      4       82

PRECIPITATION (IN)
  TODAY            0.00          0.17  -0.17     0.01
  MONTH TO DATE    2.18          3.00  -0.82     0.12
  SINCE JUN 1     10.37          7.91   2.46     3.23
  SINCE JAN 1     21.07         24.73  -3.66    17.85

DEGREE DAYS
 HEATING
  TODAY            0             0      0        0
  MONTH TO DATE    0             0      0        0
  SINCE JUN 1      0             0      0        0
  SINCE JUL 1      0             0      0        0

 COOLING
  TODAY           22            18      4       17
  MONTH TO DATE  315           281     34      300
  SINCE JUN 1    747           714     33      828
  SINCE JAN 1   1295          1050    245     1280
......................................................


WIND (MPH)
  HIGHEST WIND SPEED     9   HIGHEST WIND DIRECTION    SW (220)
  HIGHEST GUST SPEED    13   HIGHEST GUST DIRECTION    SW (230)
  AVERAGE WIND SPEED     2.5


SKY COVER
  AVERAGE SKY COVER 0.0


WEATHER CONDITIONS
 THE FOLLOWING WEATHER WAS RECORDED TODAY.
  HAZE


RELATIVE HUMIDITY (PERCENT)
 HIGHEST    94           200 AM
 LOWEST     30           200 PM
 AVERAGE    62

..........................................................


THE HAMILTON - OWENS AIRPORT SC CLIMATE NORMALS FOR TOMORROW
                         NORMAL
 MAXIMUM TEMPERATURE (F)   93
 MINIMUM TEMPERATURE (F)   73


SUNRISE AND SUNSET
JULY 16 2019..........SUNRISE   624 AM EDT   SUNSET   835 PM EDT
JULY 17 2019..........SUNRISE   625 AM EDT   SUNSET   835 PM EDT


-  INDICATES NEGATIVE NUMBERS.
R  INDICATES RECORD WAS SET OR TIED.
MM INDICATES DATA IS MISSING.
T  INDICATES TRACE AMOUNT.




$$
