000
CDUS42 KCAE 240634
CLICUB


CLIMATE REPORT
NATIONAL WEATHER SERVICE COLUMBIA SC
234 AM EDT WED APR 24 2019


...................................

...THE HAMILTON - OWENS AIRPORT SC CLIMATE SUMMARY FOR APRIL 23 2019...

CLIMATE NORMAL PERIOD 1981 TO 2010
CLIMATE RECORD PERIOD 9999 TO 9999


WEATHER ITEM   OBSERVED TIME   NORMAL DEPARTURE LAST
                VALUE   (LST)  VALUE  FROM      YEAR
                                      NORMAL
......................................................
TEMPERATURE (F)
 YESTERDAY
  MAXIMUM         88    436 PM  78     10       64
  MINIMUM         52    549 AM  54     -2       57
  AVERAGE         70            66      4       61

PRECIPITATION (IN)
  YESTERDAY        0.00          0.08  -0.08     1.45
  MONTH TO DATE    3.14          2.15   0.99     2.37
  SINCE MAR 1      5.00          6.03  -1.03     5.16
  SINCE JAN 1      8.90         13.31  -4.41     9.00

DEGREE DAYS
 HEATING
  YESTERDAY        0             2     -2        4
  MONTH TO DATE   79            86     -7      117
  SINCE MAR 1    351           360     -9      467
  SINCE JUL 1   2049          2289   -240     2147

 COOLING
  YESTERDAY        5             3      2        0
  MONTH TO DATE   75            56     19       31
  SINCE MAR 1     86            71     15       42
  SINCE JAN 1     98            74     24       91
......................................................


WIND (MPH)
  HIGHEST WIND SPEED    14   HIGHEST WIND DIRECTION     W (270)
  HIGHEST GUST SPEED    20   HIGHEST GUST DIRECTION     W (290)
  AVERAGE WIND SPEED     2.5


SKY COVER
  AVERAGE SKY COVER 0.0


WEATHER CONDITIONS
 THE FOLLOWING WEATHER WAS RECORDED YESTERDAY.
  NO SIGNIFICANT WEATHER WAS OBSERVED.


RELATIVE HUMIDITY (PERCENT)
 HIGHEST    89           400 AM
 LOWEST     26           400 PM

..........................................................


THE HAMILTON - OWENS AIRPORT SC CLIMATE NORMALS FOR TODAY
                         NORMAL    RECORD    YEAR
 MAXIMUM TEMPERATURE (F)   79        MM        MM
 MINIMUM TEMPERATURE (F)   54        MM        MM


SUNRISE AND SUNSET
APRIL 24 2019.........SUNRISE   643 AM EDT   SUNSET   802 PM EDT
APRIL 25 2019.........SUNRISE   642 AM EDT   SUNSET   803 PM EDT


-  INDICATES NEGATIVE NUMBERS.
R  INDICATES RECORD WAS SET OR TIED.
MM INDICATES DATA IS MISSING.
T  INDICATES TRACE AMOUNT.




$$
