000
CDUS43 KUNR 210831
CLICUT


CLIMATE REPORT
NATIONAL WEATHER SERVICE RAPID CITY SD
231 AM MDT SUN APR 21 2019


...................................

...THE CUSTER COUNTY AIRPORT SD CLIMATE SUMMARY FOR APRIL 20 2019...

CLIMATE NORMAL PERIOD 1981 TO 2010
CLIMATE RECORD PERIOD 9999 TO 9999


WEATHER ITEM   OBSERVED TIME   NORMAL DEPARTURE LAST
                VALUE   (LST)  VALUE  FROM      YEAR
                                      NORMAL
......................................................
TEMPERATURE (F)
 YESTERDAY
  MAXIMUM         74    314 PM  52     22       46
  MINIMUM         40    113 AM  29     11       32
  AVERAGE         57            40     17       39

PRECIPITATION (IN)
  YESTERDAY        0.03          0.08  -0.05     0.02
  MONTH TO DATE    0.83          1.29  -0.46     1.37
  SINCE MAR 1      1.97          2.30  -0.33     3.05
  SINCE JAN 1      3.61          3.16   0.45     5.36

DEGREE DAYS
 HEATING
  YESTERDAY        8            25    -17       26
  MONTH TO DATE  523           548    -25      649
  SINCE MAR 1   1644          1588     56     1682
  SINCE JUL 1   7704          7423    281     7474

 COOLING
  YESTERDAY        0             0      0        0
  MONTH TO DATE    0             0      0        0
  SINCE MAR 1      0             0      0        0
  SINCE JAN 1      0             0      0        0
......................................................


WIND (MPH)
  HIGHEST WIND SPEED    22   HIGHEST WIND DIRECTION     W (280)
  HIGHEST GUST SPEED    42   HIGHEST GUST DIRECTION     W (290)
  AVERAGE WIND SPEED     7.3


SKY COVER
  AVERAGE SKY COVER 0.1


WEATHER CONDITIONS
 THE FOLLOWING WEATHER WAS RECORDED YESTERDAY.
  RAIN


RELATIVE HUMIDITY (PERCENT)
 HIGHEST    59
 LOWEST     16
 AVERAGE    38

..........................................................




SUNRISE AND SUNSET
APRIL 21 2019.........SUNRISE   602 AM MDT   SUNSET   745 PM MDT
APRIL 22 2019.........SUNRISE   601 AM MDT   SUNSET   746 PM MDT


-  INDICATES NEGATIVE NUMBERS.
R  INDICATES RECORD WAS SET OR TIED.
MM INDICATES DATA IS MISSING.
T  INDICATES TRACE AMOUNT.




$$
