000
CDUS43 KUNR 150833
CLICUT


CLIMATE REPORT
NATIONAL WEATHER SERVICE RAPID CITY SD
232 AM MDT SAT JUN 15 2019


...................................

...THE CUSTER COUNTY AIRPORT SD CLIMATE SUMMARY FOR JUNE 14 2019...

CLIMATE NORMAL PERIOD 1981 TO 2010
CLIMATE RECORD PERIOD 9999 TO 9999


WEATHER ITEM   OBSERVED TIME   NORMAL DEPARTURE LAST
                VALUE   (LST)  VALUE  FROM      YEAR
                                      NORMAL
......................................................
TEMPERATURE (F)
 YESTERDAY
  MAXIMUM         73    911 AM  70      3       92
  MINIMUM         48   1215 AM  46      2       54
  AVERAGE         61            58      3       73

PRECIPITATION (IN)
  YESTERDAY        0.55          0.10   0.45     0.00
  MONTH TO DATE    1.21          1.68  -0.47     0.04
  SINCE JUN 1      1.21          1.68  -0.47     0.04
  SINCE JAN 1     11.01          8.79   2.22    10.70

DEGREE DAYS
 HEATING
  YESTERDAY        4             8     -4        0
  MONTH TO DATE  124           138    -14       49
  SINCE JUN 1    124           138    -14       49
  SINCE JUL 1   8775          8307    468     8043

 COOLING
  YESTERDAY        0             1     -1        8
  MONTH TO DATE    1             2     -1       20
  SINCE JUN 1      1             2     -1       20
  SINCE JAN 1      1             3     -2       21
......................................................


WIND (MPH)
  HIGHEST WIND SPEED    17   HIGHEST WIND DIRECTION    NE (60)
  HIGHEST GUST SPEED    23   HIGHEST GUST DIRECTION     W (260)
  AVERAGE WIND SPEED     5.1


SKY COVER
  AVERAGE SKY COVER 0.4


WEATHER CONDITIONS
 THE FOLLOWING WEATHER WAS RECORDED YESTERDAY.
  THUNDERSTORM
  HEAVY RAIN
  LIGHT RAIN
  FOG


RELATIVE HUMIDITY (PERCENT)
 HIGHEST    86
 LOWEST     35
 AVERAGE    61

..........................................................




SUNRISE AND SUNSET
JUNE 15 2019..........SUNRISE   512 AM MDT   SUNSET   838 PM MDT
JUNE 16 2019..........SUNRISE   512 AM MDT   SUNSET   838 PM MDT


-  INDICATES NEGATIVE NUMBERS.
R  INDICATES RECORD WAS SET OR TIED.
MM INDICATES DATA IS MISSING.
T  INDICATES TRACE AMOUNT.




$$
