607
CDUS41 KILN 250538
CLICVG


CLIMATE REPORT
NATIONAL WEATHER SERVICE WILMINGTON OH
138 AM EDT THU APR 25 2019


...................................

...THE CINCINNATI OH CLIMATE SUMMARY FOR APRIL 24 2019...

CLIMATE NORMAL PERIOD 1981 TO 2010
CLIMATE RECORD PERIOD 1869 TO 2019


WEATHER ITEM   OBSERVED TIME   RECORD YEAR NORMAL DEPARTURE LAST
                VALUE   (LST)  VALUE       VALUE  FROM      YEAR
                                                  NORMAL
..................................................................
TEMPERATURE (F)
 YESTERDAY
  MAXIMUM         70    425 PM  90    1925  68      2       57
  MINIMUM         50    625 AM  29    1996  47      3       52
                                      1919
  AVERAGE         60                        57      3       55

PRECIPITATION (IN)
  YESTERDAY        0.15          1.63 1975   0.14   0.01     0.30
  MONTH TO DATE    3.30                      3.07   0.23     3.92
  SINCE MAR 1      9.12                      7.03   2.09     7.78
  SINCE JAN 1     20.46                     12.84   7.62    17.79

SNOWFALL (IN)
  YESTERDAY        0.0           0.3  2005   0.0    0.0      0.0
  MONTH TO DATE    0.0                       0.5   -0.5      2.5
  SINCE MAR 1      3.0                       3.5   -0.5     12.2
  SINCE JUL 1     21.6                      22.1   -0.5     23.8
  SNOW DEPTH       0

DEGREE DAYS
 HEATING
  YESTERDAY        5                         9     -4       10
  MONTH TO DATE  207                       295    -88      414
  SINCE MAR 1    948                       961    -13     1185
  SINCE JUL 1   4667                      4788   -121     4872

 COOLING
  YESTERDAY        0                         1     -1        0
  MONTH TO DATE    5                        12     -7        7
  SINCE MAR 1      5                        12     -7        7
  SINCE JAN 1      5                        12     -7       12
..................................................................


WIND (MPH)
  RESULTANT WIND SPEED   5   RESULTANT WIND DIRECTION  NE (60)
  HIGHEST WIND SPEED    13   HIGHEST WIND DIRECTION     N (20)
  HIGHEST GUST SPEED    16   HIGHEST GUST DIRECTION     N (20)
  AVERAGE WIND SPEED     6.9


SKY COVER
  POSSIBLE SUNSHINE  MM
  AVERAGE SKY COVER 1.0


WEATHER CONDITIONS
 THE FOLLOWING WEATHER WAS RECORDED YESTERDAY.
  RAIN
  LIGHT RAIN
  FOG


RELATIVE HUMIDITY (PERCENT)
 HIGHEST    86          1000 PM
 LOWEST     52           100 PM
 AVERAGE    69

..........................................................


THE CINCINNATI OH CLIMATE NORMALS FOR TODAY
                         NORMAL    RECORD    YEAR
 MAXIMUM TEMPERATURE (F)   68        87      1954
 MINIMUM TEMPERATURE (F)   47        26      1919


SUNRISE AND SUNSET
APRIL 25 2019.........SUNRISE   648 AM EDT   SUNSET   825 PM EDT
APRIL 26 2019.........SUNRISE   647 AM EDT   SUNSET   826 PM EDT


-  INDICATES NEGATIVE NUMBERS.
R  INDICATES RECORD WAS SET OR TIED.
MM INDICATES DATA IS MISSING.
T  INDICATES TRACE AMOUNT.




$$
