000
CDUS46 KSGX 220019
CLICZZ


CLIMATE REPORT
NATIONAL WEATHER SERVICE SAN DIEGO, CA
519 PM PDT SUN APR 21 2019


...................................

...THE CAMPO ASOS CA CLIMATE SUMMARY FOR APRIL 21 2019...
VALID TODAY AS OF 0500 PM LOCAL TIME.

CLIMATE NORMAL PERIOD 1981 TO 2010
CLIMATE RECORD PERIOD 1948 TO 2019


WEATHER ITEM   OBSERVED TIME   RECORD YEAR NORMAL DEPARTURE LAST
                VALUE   (LST)  VALUE       VALUE  FROM      YEAR
                                                  NORMAL
..................................................................
TEMPERATURE (F)
 TODAY
  MAXIMUM         65    218 PM  91    2009  74     -9       84
  MINIMUM         47   1214 AM  25    1973  38      9       37
  AVERAGE         56                        56      0       61

PRECIPITATION (IN)
  TODAY            0.00          0.55 1983   0.02  -0.02     0.00
  MONTH TO DATE    0.13                      0.75  -0.62     0.03
  SINCE OCT 1     14.82                     13.87   0.95     4.26
  SINCE JAN 1     11.12                      9.65   1.47     3.91

DEGREE DAYS
 HEATING
  TODAY            9                         9      0        4
  MONTH TO DATE  200                       227    -27      184
  SINCE MAR 1    670                       644     26      602
  SINCE JUL 1   2661                      2695    -34     2224

 COOLING
  TODAY            0                         0      0        0
  MONTH TO DATE    2                         0      2        0
  SINCE MAR 1      2                         0      2        0
  SINCE JAN 1      2                         0      2        0
..................................................................


WIND (MPH)
  RESULTANT WIND SPEED  11   RESULTANT WIND DIRECTION  SW (230)
  HIGHEST WIND SPEED    21   HIGHEST WIND DIRECTION    SW (230)
  HIGHEST GUST SPEED    27   HIGHEST GUST DIRECTION    SW (230)
  AVERAGE WIND SPEED    11.5


SKY COVER
  POSSIBLE SUNSHINE  MM
  AVERAGE SKY COVER 0.0



RELATIVE HUMIDITY (PERCENT)
 HIGHEST    80          1200 AM
 LOWEST     40           200 PM
 AVERAGE    60

..........................................................


THE CAMPO ASOS CA CLIMATE NORMALS FOR TOMORROW
                         NORMAL    RECORD    YEAR
 MAXIMUM TEMPERATURE (F)   74        90      2017
 MINIMUM TEMPERATURE (F)   39        23      1963


SUNRISE AND SUNSET
APRIL 21 2019.........SUNRISE   610 AM PDT   SUNSET   720 PM PDT
APRIL 22 2019.........SUNRISE   609 AM PDT   SUNSET   721 PM PDT


-  INDICATES NEGATIVE NUMBERS.
R  INDICATES RECORD WAS SET OR TIED.
MM INDICATES DATA IS MISSING.
T  INDICATES TRACE AMOUNT.




$$
