000
CDUS46 KSGX 170018
CLICZZ


CLIMATE REPORT
NATIONAL WEATHER SERVICE SAN DIEGO, CA
518 PM PDT SUN JUN 16 2019


...................................

...THE CAMPO ASOS CA CLIMATE SUMMARY FOR JUNE 16 2019...
VALID TODAY AS OF 0500 PM LOCAL TIME.

CLIMATE NORMAL PERIOD 1981 TO 2010
CLIMATE RECORD PERIOD 1948 TO 2019


WEATHER ITEM   OBSERVED TIME   RECORD YEAR NORMAL DEPARTURE LAST
                VALUE   (LST)  VALUE       VALUE  FROM      YEAR
                                                  NORMAL
..................................................................
TEMPERATURE (F)
 TODAY
  MAXIMUM         81    112 PM 103    1961  87     -6       70
  MINIMUM         49    405 AM  34    1973  45      4       52
  AVERAGE         65                        66     -1       61

PRECIPITATION (IN)
  TODAY            0.00          0.38 1995   0.00   0.00     0.00
  MONTH TO DATE    0.00                      0.06  -0.06     0.00
  SINCE OCT 1     16.44                     14.32   2.12     4.31
  SINCE JAN 1     12.74                     10.10   2.64     3.96

DEGREE DAYS
 HEATING
  TODAY            0                         2     -2        4
  MONTH TO DATE   21                        41    -20       14
  SINCE JUN 1     21                        41    -20       14
  SINCE JUL 1   3036                      2968     68     2482

 COOLING
  TODAY            0                         3     -3        0
  MONTH TO DATE   53                        34     19       49
  SINCE JUN 1     53                        34     19       49
  SINCE JAN 1     55                        64     -9       62
..................................................................


WIND (MPH)
  RESULTANT WIND SPEED   5   RESULTANT WIND DIRECTION  SW (220)
  HIGHEST WIND SPEED    21   HIGHEST WIND DIRECTION    SW (220)
  HIGHEST GUST SPEED    25   HIGHEST GUST DIRECTION    SW (220)
  AVERAGE WIND SPEED     8.7


SKY COVER
  POSSIBLE SUNSHINE  MM
  AVERAGE SKY COVER 0.0



RELATIVE HUMIDITY (PERCENT)
 HIGHEST    93           400 AM
 LOWEST     35          1100 AM
 AVERAGE    64

..........................................................


THE CAMPO ASOS CA CLIMATE NORMALS FOR TOMORROW
                         NORMAL    RECORD    YEAR
 MAXIMUM TEMPERATURE (F)   88       102      1981
 MINIMUM TEMPERATURE (F)   45        33      2010


SUNRISE AND SUNSET
JUNE 16 2019..........SUNRISE   538 AM PDT   SUNSET   755 PM PDT
JUNE 17 2019..........SUNRISE   538 AM PDT   SUNSET   756 PM PDT


-  INDICATES NEGATIVE NUMBERS.
R  INDICATES RECORD WAS SET OR TIED.
MM INDICATES DATA IS MISSING.
T  INDICATES TRACE AMOUNT.




$$
