000
CDUS43 KUNR 150833
CLID07


CLIMATE REPORT
NATIONAL WEATHER SERVICE RAPID CITY SD
232 AM MDT SAT JUN 15 2019


...................................

...THE FAITH SD CLIMATE SUMMARY FOR JUNE 14 2019...

CLIMATE NORMAL PERIOD 1981 TO 2010
CLIMATE RECORD PERIOD 9999 TO 9999


WEATHER ITEM   OBSERVED TIME   NORMAL DEPARTURE LAST
                VALUE   (LST)  VALUE  FROM      YEAR
                                      NORMAL
......................................................
TEMPERATURE (F)
 YESTERDAY
  MAXIMUM         84    243 PM  77      7       94
  MINIMUM         54    404 AM  52      2       59
  AVERAGE         69            64      5       77

PRECIPITATION (IN)
  YESTERDAY        0.12          0.08   0.04     0.11
  MONTH TO DATE    0.43          1.17  -0.74     1.49
  SINCE JUN 1      0.43          1.17  -0.74     1.49
  SINCE JAN 1     14.84          7.47   7.37     8.19

DEGREE DAYS
 HEATING
  YESTERDAY        0             3     -3        0
  MONTH TO DATE   54            64    -10       14
  SINCE JUN 1     54            64    -10       14
  SINCE JUL 1   8616          7683    933     8129

 COOLING
  YESTERDAY        4             2      2       12
  MONTH TO DATE   29            21      8       58
  SINCE JUN 1     29            21      8       58
  SINCE JAN 1     31            33     -2      112
......................................................


WIND (MPH)
  HIGHEST WIND SPEED    31   HIGHEST WIND DIRECTION     W (290)
  HIGHEST GUST SPEED    44   HIGHEST GUST DIRECTION     W (290)
  AVERAGE WIND SPEED     9.5




RELATIVE HUMIDITY (PERCENT)
 HIGHEST    97          1000 PM
 LOWEST     34           200 PM
 AVERAGE    66

..........................................................




SUNRISE AND SUNSET
JUNE 15 2019..........SUNRISE   501 AM MDT   SUNSET   837 PM MDT
JUNE 16 2019..........SUNRISE   501 AM MDT   SUNSET   837 PM MDT


-  INDICATES NEGATIVE NUMBERS.
R  INDICATES RECORD WAS SET OR TIED.
MM INDICATES DATA IS MISSING.
T  INDICATES TRACE AMOUNT.




$$
