000
CDUS43 KUNR 210831
CLID07


CLIMATE REPORT
NATIONAL WEATHER SERVICE RAPID CITY SD
231 AM MDT SUN APR 21 2019


...................................

...THE FAITH SD CLIMATE SUMMARY FOR APRIL 20 2019...

CLIMATE NORMAL PERIOD 1981 TO 2010
CLIMATE RECORD PERIOD 9999 TO 9999


WEATHER ITEM   OBSERVED TIME   NORMAL DEPARTURE LAST
                VALUE   (LST)  VALUE  FROM      YEAR
                                      NORMAL
......................................................
TEMPERATURE (F)
 YESTERDAY
  MAXIMUM         82    334 PM  59     23       53
  MINIMUM         46    429 AM  35     11       32
  AVERAGE         64            47     17       43

PRECIPITATION (IN)
  YESTERDAY        0.00          0.06  -0.06     0.00
  MONTH TO DATE    1.91          0.86   1.05     0.97
  SINCE MAR 1      2.70          1.84   0.86     2.24
  SINCE JAN 1      4.63          2.46   2.17     3.34

DEGREE DAYS
 HEATING
  YESTERDAY        1            18    -17       22
  MONTH TO DATE  390           447    -57      696
  SINCE MAR 1   1665          1450    215     1872
  SINCE JUL 1   7865          7138    727     7824

 COOLING
  YESTERDAY        0             0      0        0
  MONTH TO DATE    0             0      0        0
  SINCE MAR 1      0             0      0        0
  SINCE JAN 1      0             0      0        0
......................................................


WIND (MPH)
  HIGHEST WIND SPEED    35   HIGHEST WIND DIRECTION     N (20)
  HIGHEST GUST SPEED    47   HIGHEST GUST DIRECTION     N (10)
  AVERAGE WIND SPEED    14.4




RELATIVE HUMIDITY (PERCENT)
 HIGHEST    83          1100 PM
 LOWEST     26           200 PM
 AVERAGE    55

..........................................................




SUNRISE AND SUNSET
APRIL 21 2019.........SUNRISE   553 AM MDT   SUNSET   741 PM MDT
APRIL 22 2019.........SUNRISE   552 AM MDT   SUNSET   742 PM MDT


-  INDICATES NEGATIVE NUMBERS.
R  INDICATES RECORD WAS SET OR TIED.
MM INDICATES DATA IS MISSING.
T  INDICATES TRACE AMOUNT.




$$
