000
CDUS42 KMLB 220015
CLIDAB


CLIMATE REPORT
NATIONAL WEATHER SERVICE MELBOURNE FL
815 PM EDT SAT APR 21 2018


...................................

...THE DAYTONA BEACH CLIMATE SUMMARY FOR APRIL 21 2018...
VALID TODAY AS OF 0500 PM LOCAL TIME.

CLIMATE NORMAL PERIOD 1981 TO 2010
CLIMATE RECORD PERIOD 1923 TO 2018


WEATHER ITEM   OBSERVED TIME   RECORD YEAR NORMAL DEPARTURE LAST
                VALUE   (LST)  VALUE       VALUE  FROM      YEAR
                                                  NORMAL
..................................................................
TEMPERATURE (F)
 TODAY
  MAXIMUM         77    117 PM  89    2002  80     -3       82
                                      1995
                                      1970
  MINIMUM         69   1200 AM  44    1953  59     10       57
  AVERAGE         73                        70      3       70

PRECIPITATION (IN)
  TODAY            T             3.37 1994   0.06  -0.06     0.00
  MONTH TO DATE    3.43                      1.66   1.77     1.22
  SINCE MAR 1      5.04                      5.90  -0.86     2.29
  SINCE JAN 1     11.84                     11.42   0.42     6.30

SNOWFALL (IN)
  TODAY            0.0
  MONTH TO DATE    T
  SINCE JUL 1      T

DEGREE DAYS
 HEATING
  TODAY            0                         1     -1        0
  MONTH TO DATE    9                        24    -15       13
  SINCE MAR 1    148                       121     27       95
  SINCE JUL 1    645                       803   -158      401

 COOLING
  TODAY            8                         5      3        5
  MONTH TO DATE  101                        89     12      129
  SINCE MAR 1    171                       166      5      250
  SINCE JAN 1    333                       231    102      370
..................................................................


WIND (MPH)
  HIGHEST WIND SPEED    21   HIGHEST WIND DIRECTION     E (80)
  HIGHEST GUST SPEED    26   HIGHEST GUST DIRECTION     E (80)
  AVERAGE WIND SPEED    10.5


SKY COVER
  AVERAGE SKY COVER 0.7


WEATHER CONDITIONS
 THE FOLLOWING WEATHER WAS RECORDED TODAY.
  LIGHT RAIN


RELATIVE HUMIDITY (PERCENT)
 HIGHEST    97          1200 AM
 LOWEST     73           500 PM
 AVERAGE    85

..........................................................


THE DAYTONA BEACH CLIMATE NORMALS FOR TOMORROW
                         NORMAL    RECORD    YEAR
 MAXIMUM TEMPERATURE (F)   80        93      1988
 MINIMUM TEMPERATURE (F)   60        39      1940


SUNRISE AND SUNSET
APRIL 21 2018.........SUNRISE   652 AM EDT   SUNSET   754 PM EDT
APRIL 22 2018.........SUNRISE   651 AM EDT   SUNSET   755 PM EDT


-  INDICATES NEGATIVE NUMBERS.
R  INDICATES RECORD WAS SET OR TIED.
MM INDICATES DATA IS MISSING.
T  INDICATES TRACE AMOUNT.




$$
