000
CDUS42 KMLB 232021
CLIDAB


CLIMATE REPORT
NATIONAL WEATHER SERVICE MELBOURNE FL
418 PM EDT TUE APR 23 2019


...................................

...THE DAYTONA BEACH CLIMATE SUMMARY FOR APRIL 23 2019...
VALID TODAY AS OF 0400 PM LOCAL TIME.

CLIMATE NORMAL PERIOD 1981 TO 2010
CLIMATE RECORD PERIOD 1923 TO 2019


WEATHER ITEM   OBSERVED TIME   RECORD YEAR NORMAL DEPARTURE LAST
                VALUE   (LST)  VALUE       VALUE  FROM      YEAR
                                                  NORMAL
..................................................................
TEMPERATURE (F)
 TODAY
  MAXIMUM         80    232 PM  92    1988  80      0       83
                                      1963
  MINIMUM         55    414 AM  42    1993  60     -5       69
  AVERAGE         68                        70     -2       76

PRECIPITATION (IN)
  TODAY            0.00          1.14 1983   0.06  -0.06     0.23
  MONTH TO DATE    3.71                      1.79   1.92     4.09
  SINCE MAR 1      4.59                      6.03  -1.44     5.70
  SINCE JAN 1      9.39                     11.55  -2.16    12.50

SNOWFALL (IN)
  TODAY            0.0
  MONTH TO DATE    0.0
  SINCE JUL 1      0.0

DEGREE DAYS
 HEATING
  TODAY            0                         1     -1        0
  MONTH TO DATE    5                        26    -21        9
  SINCE MAR 1     67                       123    -56      148
  SINCE JUL 1    541                       805   -264      645

 COOLING
  TODAY            3                         6     -3       11
  MONTH TO DATE  137                       101     36      120
  SINCE MAR 1    232                       178     54      190
  SINCE JAN 1    394                       243    151      352
..................................................................


WIND (MPH)
  HIGHEST WIND SPEED    13   HIGHEST WIND DIRECTION    NE (60)
  HIGHEST GUST SPEED    17   HIGHEST GUST DIRECTION    NE (60)
  AVERAGE WIND SPEED     2.8


SKY COVER
  AVERAGE SKY COVER 0.2


WEATHER CONDITIONS
 THE FOLLOWING WEATHER WAS RECORDED TODAY.
  NO SIGNIFICANT WEATHER WAS OBSERVED.


RELATIVE HUMIDITY (PERCENT)
 HIGHEST   100           200 AM
 LOWEST     42          1200 PM
 AVERAGE    71

..........................................................


THE DAYTONA BEACH CLIMATE NORMALS FOR TOMORROW
                         NORMAL    RECORD    YEAR
 MAXIMUM TEMPERATURE (F)   81        96      1968
 MINIMUM TEMPERATURE (F)   60        41      1986


SUNRISE AND SUNSET
APRIL 23 2019.........SUNRISE   650 AM EDT   SUNSET   755 PM EDT
APRIL 24 2019.........SUNRISE   649 AM EDT   SUNSET   756 PM EDT


-  INDICATES NEGATIVE NUMBERS.
R  INDICATES RECORD WAS SET OR TIED.
MM INDICATES DATA IS MISSING.
T  INDICATES TRACE AMOUNT.




$$
